000
CXUS56 KMTR 010824
CLMWVI
CLIMATE REPORT
NATIONAL WEATHER SERVICE SAN FRANCISCO BAY AREA
1224 AM PST FRI MAR 01 2024
...................................
...THE WATSONVILLE AIRPORT CLIMATE SUMMARY FOR THE MONTH OF FEBRUARY 2024...
CLIMATE NORMAL PERIOD: 1991 TO 2020
CLIMATE RECORD PERIOD: 1998 TO 2024
WEATHER OBSERVED NORMAL DEPART LAST YEAR`S
VALUE DATE(S) VALUE FROM VALUE DATE(S)
NORMAL
................................................................
TEMPERATURE (F)
HIGHEST 74 02/24 MM 69 02/09
LOWEST 35 02/11 MM 30 02/01
02/18
02/19
AVG. MAXIMUM 60.9 58.8
AVG. MINIMUM 42.4 35.8
MEAN 51.7 51.9 47.3
DAYS MAX >= 90 0 0
DAYS MAX <= 32 0 0
DAYS MIN <= 32 0 5
DAYS MIN <= 0 0 0
PRECIPITATION (INCHES)
TOTALS 5.26 4.90
DAILY AVG. 0.20 0.17
DAYS >= .01 13 10
DAYS >= .10 11 9
DAYS >= .50 5 4
DAYS >= 1.00 0 2
GREATEST
24 HR. TOTAL 1.07 01/31 TO 02/01 1.34 02/26 TO 02/27
DEGREE DAYS
HEATING TOTAL 329 489
SINCE 7/1 1653 MM
COOLING TOTAL 0 0
SINCE 1/1 0 MM
................................................................
WIND (MPH)
AVERAGE WIND SPEED 4.3
RESULTANT WIND SPEED/DIRECTION 1/210
HIGHEST WIND SPEED/DIRECTION 36/190 DATE 02/04
HIGHEST GUST SPEED/DIRECTION 55/200 DATE 02/04
SKY COVER
POSSIBLE SUNSHINE (PERCENT) MM
AVERAGE SKY COVER 0.41
NUMBER OF DAYS FAIR 11
NUMBER OF DAYS PC 10
NUMBER OF DAYS CLOUDY 5
AVERAGE RH (PERCENT) 79
WEATHER CONDITIONS. NUMBER OF DAYS WITH
THUNDERSTORM 1 MIXED PRECIP 0
HEAVY RAIN 8 RAIN 12
LIGHT RAIN 14 FREEZING RAIN 0
LT FREEZING RAIN 0 HAIL 0
HEAVY SNOW 0 SNOW 0
LIGHT SNOW 0 SLEET 0
FOG 16 FOG W/VIS <= 1/4 MILE 3
HAZE 2
- INDICATES NEGATIVE NUMBERS.
R INDICATES RECORD WAS SET OR TIED.
MM INDICATES DATA IS MISSING.
T INDICATES TRACE AMOUNT.
$$