000
CXUS51 KCLE 030453 RRB
CLMYNG
CLIMATE REPORT
NATIONAL WEATHER SERVICE CLEVELAND, OH
1255 PM EDT MON OCT 02 2023
....................................
...THE YOUNGSTOWN OH CLIMATE SUMMARY FOR THE MONTH OF SEPTEMBER 2023...
CLIMATE NORMAL PERIOD 1991 TO 2020
CLIMATE RECORD PERIOD 1897 TO 2023
WEATHER OBSERVED NORMAL DEPART LAST YEAR`S
VALUE DATE(S) VALUE FROM VALUE
NORMAL
..............................................................
TEMPERATURE (F)
RECORD
HIGH 99 09/05/1954
LOW 29 09/28/1991
09/27/1957
HIGHEST 90 09/05
LOWEST 39 09/15
AVG. MAXIMUM 75.7 74.3 1.4 73.8
AVG. MINIMUM 54.2 52.1 2.1 54.0
MEAN 64.9 63.2 1.7 63.9
DAYS MAX >= 90 1 0.7 0.3 0
DAYS MAX <= 32 0 0.0 0.0 0
DAYS MIN <= 32 0 0.2 -0.2 0
DAYS MIN <= 0 0 0.0 0.0 0
PRECIPITATION (INCHES)
RECORD
MAXIMUM 7.91 2018
MINIMUM 0.27
TOTALS 0.78 3.84 -3.06 2.82
DAYS >= .01 6 10.0 -4.0 13
DAYS >= .10 3 6.4 -3.4 8
DAYS >= .50 0 2.5 -2.5 2
DAYS >= 1.00 0 1.1 -1.1 0
GREATEST
24 HR. TOTAL 0.42 09/28 TO 09/28 0.82
SNOWFALL (INCHES)
RECORDS
TOTAL T 1998
TOTALS 0.0 0.0 0.0 0.0
SINCE 7/1 0.0 0.0 0.0 0.0
DAYS >= 1.0 0 0.0 0.0 0
GREATEST
24 HR TOTAL 0.0
DEGREE DAYS
HEATING TOTAL 67 119 -52 102
SINCE 7/1 75 145 -70 104
COOLING TOTAL 74 65 9 81
SINCE 1/1 590 624 -34 769
..............................................................
WIND (MPH)
AVERAGE WIND SPEED 6.0
HIGHEST WIND SPEED/DIRECTION 21/320 DATE 09/18
HIGHEST GUST SPEED/DIRECTION 28/240 DATE 09/03
SKY COVER
AVERAGE SKY COVER 0.62
AVERAGE RH (PERCENT) 75
WEATHER CONDITIONS. NUMBER OF DAYS WITH
THUNDERSTORM 1 MIXED PRECIP 0
HEAVY RAIN 0 RAIN 0
LIGHT RAIN 7 FREEZING RAIN 0
LT FREEZING RAIN 0 HAIL 0
HEAVY SNOW 0 SNOW 0
LIGHT SNOW 0 SLEET 0
FOG 15 FOG W/VIS <= 1/4 MILE 4
HAZE 4
- INDICATES NEGATIVE NUMBERS.
R INDICATES RECORD WAS SET OR TIED.
MM INDICATES DATA IS MISSING.
T INDICATES TRACE AMOUNT.
$$