000
CXUS54 KEWX 260910
CF63T5
PRELIMINARY LOCAL CLIMATOLOGICAL DATA (WS FORM: F-6)

                                          STATION:   LA GRANGE
                                          MONTH:     DECEMBER
                                          YEAR:      2014
                                          LATITUDE:   29 54 N
                                          LONGITUDE:  96 57 W

  TEMPERATURE IN F:       :PCPN:    SNOW:  WIND      :SUNSHINE: SKY     :PK WND
================================================================================
1   2   3   4   5  6A  6B    7    8   9   10  11  12  13   14  15   16   17  18
                                     12Z  AVG MX 2MIN
DY MAX MIN AVG DEP HDD CDD  WTR  SNW DPTH SPD SPD DIR MIN PSBL S-S WX    SPD DR
================================================================================

 1  67  44  56   M   9   0 0.01    M    M  7.4 17 340   M    M   9 12     24 340
 2  52  40  46   M  19   0 0.00    M    M  4.9 12 360   M    M  10 1      17 360
 3  72  50  61   M   4   0 0.00    M    M  2.5  9 160   M    M   8 1       M  M
 4  76  57  67   M   0   2 0.00    M    M  3.2 10 180   M    M   8 1       M  M
 5  81  67  74   M   0   9 0.00    M    M  5.8 17 190   M    M   7 1      21 190
 6  71  55  63   M   2   0 0.01    M    M  5.3 14 360   M    M   5 1      17 360
 7  61  54  58   M   7   0 0.00    M    M  3.8  9 350   M    M   9         M  M
 8  65  46  56   M   9   0 0.00    M    M  3.2  8 360   M    M   3 1       M  M
 9  67  42  55   M  10   0 0.00    M    M  0.7  4 100   M    M   0 1       M  M
10  68  43  56   M   9   0 0.00    M    M  1.9  6 160   M    M   6 18      M  M
11  70  59  65   M   0   0 0.05    M    M  3.8  9 190   M    M   7         M  M
12  73  55  64   M   1   0 0.00    M    M  4.1 10 170   M    M   4         M  M
13  75  50  63   M   2   0 0.00    M    M  3.4  9 190   M    M   4 1       M  M
14  77  62  70   M   0   5    M    M    M  8.6 16 160   M    M   7        27 160
15  76  52  64   M   1   0 0.00    M    M  6.3 13 180   M    M   4        21 180
16  63  47  55   M  10   0 0.00    M    M  5.0 14  10   M    M   1        18  20
17  62  48  55   M  10   0 0.00    M    M  3.5  8 120   M    M   8         M  M
18  63  51  57   M   8   0 0.23    M    M  5.0 10 330   M    M  10 13      M  M
19  63  51  57   M   8   0 0.65    M    M  9.5 16 350   M    M   9 13     21 360
20  57  50  54   M  11   0 0.00    M    M  5.7 10  20   M    M  10 1       9  20
21  59  51  55   M  10   0 0.00    M    M  3.0 10 180   M    M  10         M  M
22  70  56  63   M   2   0 0.00    M    M  5.6 13 220   M    M   4 1      21 220
23  59  46  53   M  12   0 0.00    M    M  9.1 21 340   M    M   5        32 340
24  58  39  49   M  16   0 0.00    M    M  7.5 20 320   M    M   1        25 320
25  65  33  49   M  16   0 0.00  0.0    0  7.1 18 180   M    M   1        27 180
================================================================================
SM 1670 1248       176  16  0.95     0.0 125.9          M      150
================================================================================
AV 66.8 49.9                               5.0 FASTST   M    M   6    MAX(MPH)
                                 MISC ---->    21   M                 32    M
================================================================================
NOTES:
# LAST OF SEVERAL OCCURRENCES

COLUMN 17 PEAK WIND IN M.P.H.

PRELIMINARY LOCAL CLIMATOLOGICAL DATA (WS FORM: F-6) , PAGE 2

                                          STATION:  LA GRANGE
                                          MONTH:    DECEMBER
                                          YEAR:     2014
                                          LATITUDE:   29 54 N
                                          LONGITUDE:  96 57 W

[TEMPERATURE DATA]      [PRECIPITATION DATA]       SYMBOLS USED IN COLUMN 16

AVERAGE MONTHLY: 58.4   TOTAL FOR MONTH:   0.95    1 = FOG OR MIST
DPTR FM NORMAL:     M   DPTR FM NORMAL:       M    2 = FOG REDUCING VISIBILITY
HIGHEST:    81 ON  5    GRTST 24HR  0.65 ON 19-19      TO 1/4 MILE OR LESS
LOWEST:     33 ON 25                               3 = THUNDER
                        SNOW, ICE PELLETS, HAIL    4 = ICE PELLETS
                        TOTAL MONTH:   0.0 INCH    5 = HAIL
                        GRTST 24HR     0.0         6 = FREEZING RAIN OR DRIZZLE
                        GRTST DEPTH:   0           7 = DUSTSTORM OR SANDSTORM:
                                                       VSBY 1/2 MILE OR LESS
                                                   8 = SMOKE OR HAZE
[NO. OF DAYS WITH]      [WEATHER - DAYS WITH]      9 = BLOWING SNOW
                                                   X = TORNADO
MAX 32 OR BELOW:   0    0.01 INCH OR MORE:   5
MAX 90 OR ABOVE:   0    0.10 INCH OR MORE:   2
MIN 32 OR BELOW:   0    0.50 INCH OR MORE:   1
MIN  0 OR BELOW:   0    1.00 INCH OR MORE:   0

[HDD (BASE 65) ]
TOTAL THIS MO.   176    CLEAR  (SCALE 0-3)   5
DPTR FM NORMAL     M    PTCLDY (SCALE 4-7)  12
TOTAL FM JUL 1   427    CLOUDY (SCALE 8-10)  8
DPTR FM NORMAL     M

[CDD (BASE 65) ]
TOTAL THIS MO.    16
DPTR FM NORMAL     M    [PRESSURE DATA]
TOTAL FM JAN 1  3238    HIGHEST SLP M ON M
DPTR FM NORMAL     M    LOWEST  SLP M ON M

[REMARKS]
