000
CXUS54 KMAF 251100
CF66R6
PRELIMINARY LOCAL CLIMATOLOGICAL DATA (WS FORM: F-6)

                                          STATION:   Terrell County Airport
                                          MONTH:     MAY
                                          YEAR:      2015
                                          LATITUDE:   30  2 N
                                          LONGITUDE: 102 13 W

  TEMPERATURE IN F:       :PCPN:    SNOW:  WIND      :SUNSHINE: SKY     :PK WND
================================================================================
1   2   3   4   5  6A  6B    7    8   9   10  11  12  13   14  15   16   17  18
                                     12Z  AVG MX 2MIN
DY MAX MIN AVG DEP HDD CDD  WTR  SNW DPTH SPD SPD DIR MIN PSBL S-S WX    SPD DR
================================================================================

 1  86  52  69  -4   0   4 0.00  0.0    0 10.0 17 100   M    M   0        23 110
 2  86  56  71  -2   0   6 0.00  0.0    0 10.9 21 120   M    M   0        27 120
 3  82  61  72  -2   0   7 0.00  0.0    0 12.1 25 100   M    M   0        33 110
 4  86  69  78   4   0  13 0.00  0.0    0 22.8 36 120   M    M   0        48 120
 5  91  68  80   6   0  15 0.00  0.0    0 13.8 29 120   M    M   0        40 120
 6  87  71  79   5   0  14 0.00  0.0    0 13.2 26 120   M    M   0        33 100
 7  98  71  85  11   0  20 0.00  0.0    0 11.8 24 120   M    M   0        32 120
 8  92  75  84   9   0  19 0.00  0.0    0 13.4 24 120   M    M   0        30 110
 9  99  69  84   9   0  19 0.00  0.0    0  8.9 21 160   M    M   0        28 170
10  94  66  80   5   0  15 0.00  0.0    0  8.5 21  10   M    M   0        25 350
11  81  67  74  -2   0   9 0.38  0.0    0 11.4 20  80   M    M   0        25  80
12  76  64  70  -6   0   5 0.14  0.0    0 11.9 21  70   M    M   0        26  70
13  88  67  78   2   0  13 0.06  0.0    0 10.6 25  80   M    M   0        31  80
14  84  68  76   0   0  11 0.00  0.0    0  9.1 17 120   M    M   0        25 130
15  87  67  77   1   0  12 0.02  0.0    0 12.2 25 120   M    M   0        32 120
16  94  70  82   5   0  17 0.00  0.0    0 11.9 23 110   M    M   0        30 110
17  92  61  77   0   0  12 0.00  0.0    0  6.9 17  80   M    M   0        24 350
18  93  72  83   6   0  18 0.00  0.0    0 14.7 26 120   M    M   0        37 130
19  93  74  84   7   0  19 0.26  0.0    0 16.1 26 120   M    M   0        35 110
20  82  67  75  -3   0  10 0.01  0.0    0  9.5 21  20   M    M   0        26  40
21  68  62  65 -13   0   0 0.02  0.0    0 11.2 20  30   M    M   0        24  40
22  83  65  74  -4   0   9 0.00  0.0    0  8.1 18 120   M    M   0        28  80
23  82  66  74  -4   0   9 0.00  0.0    0 11.7 28 200   M    M   0        37 200
24  92  63  78   0   0  13 0.00  0.0    M 10.5 24 210   M    M   0        38 270
================================================================================
SM 2096 1591         0 289  0.89     0.0 281.2          M        0
================================================================================
AV 87.3 66.3                              11.7 FASTST   M    M   0    MAX(MPH)
                                 MISC ---->  # 36 120               # 48  120
================================================================================
NOTES:
# LAST OF SEVERAL OCCURRENCES

COLUMN 17 PEAK WIND IN M.P.H.

PRELIMINARY LOCAL CLIMATOLOGICAL DATA (WS FORM: F-6) , PAGE 2

                                          STATION:  Terrell County Airport
                                          MONTH:    MAY
                                          YEAR:     2015
                                          LATITUDE:   30  2 N
                                          LONGITUDE: 102 13 W

[TEMPERATURE DATA]      [PRECIPITATION DATA]       SYMBOLS USED IN COLUMN 16

AVERAGE MONTHLY: 76.8   TOTAL FOR MONTH:   0.89    1 = FOG OR MIST
DPTR FM NORMAL:   1.0   DPTR FM NORMAL:   -0.36    2 = FOG REDUCING VISIBILITY
HIGHEST:    99 ON  9    GRTST 24HR  0.38 ON 11-11      TO 1/4 MILE OR LESS
LOWEST:     52 ON  1                               3 = THUNDER
                        SNOW, ICE PELLETS, HAIL    4 = ICE PELLETS
                        TOTAL MONTH:   0.0 INCH    5 = HAIL
                        GRTST 24HR     0.0         6 = FREEZING RAIN OR DRIZZLE
                        GRTST DEPTH:   0           7 = DUSTSTORM OR SANDSTORM:
                                                       VSBY 1/2 MILE OR LESS
                                                   8 = SMOKE OR HAZE
[NO. OF DAYS WITH]      [WEATHER - DAYS WITH]      9 = BLOWING SNOW
                                                   X = TORNADO
MAX 32 OR BELOW:   0    0.01 INCH OR MORE:   7
MAX 90 OR ABOVE:  10    0.10 INCH OR MORE:   3
MIN 32 OR BELOW:   0    0.50 INCH OR MORE:   0
MIN  0 OR BELOW:   0    1.00 INCH OR MORE:   0

[HDD (BASE 65) ]
TOTAL THIS MO.     0    CLEAR  (SCALE 0-3)  24
DPTR FM NORMAL     0    PTCLDY (SCALE 4-7)   0
TOTAL FM JUL 1  1729    CLOUDY (SCALE 8-10)  0
DPTR FM NORMAL   -86

[CDD (BASE 65) ]
TOTAL THIS MO.   289
DPTR FM NORMAL    26    [PRESSURE DATA]
TOTAL FM JAN 1   532    HIGHEST SLP M ON M
DPTR FM NORMAL    59    LOWEST  SLP 29.58 ON M

[REMARKS]
