000
CXUS52 KTAE 010800
CF6AAF
PRELIMINARY LOCAL CLIMATOLOGICAL DATA (WS FORM: F-6)

                                          STATION:   APALACHICOLA
                                          MONTH:     AUGUST
                                          YEAR:      2015
                                          LATITUDE:   29 43 N
                                          LONGITUDE:  85  2 W

  TEMPERATURE IN F:       :PCPN:    SNOW:  WIND      :SUNSHINE: SKY     :PK WND
================================================================================
1   2   3   4   5  6A  6B    7    8   9   10  11  12  13   14  15   16   17  18
                                     12Z  AVG MX 2MIN
DY MAX MIN AVG DEP HDD CDD  WTR  SNW DPTH SPD SPD DIR MIN PSBL S-S WX    SPD DR
================================================================================

 1  91  78  85   3   0  20 0.07  0.0    0  5.0 21  30   M    M   4 138    29  40
 2  95  78  87   5   0  22 0.00  0.0    0  5.9 17  50   M    M   6 13     21  40
 3  98  81  90   8   0  25 0.00  0.0    0  9.7 25 260   M    M   2        30 260
 4  94  83  89   7   0  24 0.00  0.0    0  9.3 16 250   M    M   3 3      20 250
 5  91  76  84   2   0  19 0.27  0.0    0  8.0 18 260   M    M   3 138    23 220
 6  92  83  88   6   0  23 0.00  0.0    0 11.0 17 230   M    M   1 3      22 240
 7  95  83  89   7   0  24 0.08  0.0    0 11.9 25 250   M    M   2 3      30 270
 8  93  74  84   2   0  19 0.53  0.0    0  7.5 28 230   M    M   4 13     38 160
 9   M   M   M   M   M   M 0.00  0.0    0  0.0  M   M   M    M   0         M  M
10  93   M   M   M   M   M 0.00  0.0    0  8.3 10 140   M    M   1         M  M
11  94  77  86   4   0  21 0.00  0.0    0  6.3 16 260   M    M   1        20 220
12  93  80  87   5   0  22 0.40  0.0    0  5.1 22 260   M    M   4 13     26 250
13  94  78  86   4   0  21 0.00  0.0    0  5.2 15 240   M    M   2 3      17 240
14  92  78  85   3   0  20 0.09  0.0    0  6.7 17 170   M    M   2 3      25 180
15  88  79  84   2   0  19 0.00  0.0    0  6.0 13 140   M    M   3 3      18 130
16  89  75  82   0   0  17 1.67  0.0    0  4.9 18 180   M    M   2 138    25 160
17  91  75  83   1   0  18 0.08  0.0    0  5.5 13 250   M    M   1 13      M  M
18  92  76  84   2   0  19 0.00  0.0    0  6.0 13 200   M    M   0        18 180
19  92  79  86   4   0  21 0.00  0.0    0  6.0 13 170   M    M   2        17 180
20  92  77  85   3   0  20 1.08  0.0    0  3.1 20 350   M    M   2 13     25 340
21  93  76  85   3   0  20 0.00  0.0    0  3.3 12 270   M    M   1 3      14 210
22  95  77  86   4   0  21 0.00  0.0    0  4.9 14 210   M    M   1        18 210
23  96  77  87   5   0  22    T  0.0    0  5.8 17 250   M    M   2 3      22 250
24  97  77  87   5   0  22 0.00  0.0    0  5.2 14 350   M    M   0        18  10
25  95  77  86   4   0  21 0.07  0.0    0  6.7 16 240   M    M   1 13     20 240
26  90  69  80  -2   0  15 0.00  0.0    0  7.2 15 240   M    M   0        25  90
27  92  64  78  -3   0  13 0.00  0.0    0  5.6 13 160   M    M   0        15 140
28  89  71  80  -1   0  15    T  0.0    0  8.0 17 120   M    M   2 3      28 120
29  81  66  74  -7   0   9 0.34  0.0    0  6.9 21 250   M    M   1 13     24 250
30  91  69  80  -1   0  15 0.00  0.0    0  5.0 12 190   M    M   2        13 190
31  93  69  81   0   0  16 0.00  0.0    0  5.2 15 150   M    M   1        18 140
================================================================================
SM 2771 2202         0 563  4.68     0.0 195.2          M       56
================================================================================
AV 92.4 75.9                               6.3 FASTST   M    M   2    MAX(MPH)
                                 MISC ---->  # 28 230               # 38  160
================================================================================
NOTES:
# LAST OF SEVERAL OCCURRENCES

COLUMN 17 PEAK WIND IN M.P.H.

PRELIMINARY LOCAL CLIMATOLOGICAL DATA (WS FORM: F-6) , PAGE 2

                                          STATION:  APALACHICOLA
                                          MONTH:    AUGUST
                                          YEAR:     2015
                                          LATITUDE:   29 43 N
                                          LONGITUDE:  85  2 W

[TEMPERATURE DATA]      [PRECIPITATION DATA]       SYMBOLS USED IN COLUMN 16

AVERAGE MONTHLY: 84.1   TOTAL FOR MONTH:   4.68    1 = FOG OR MIST
DPTR FM NORMAL:   2.4   DPTR FM NORMAL:   -3.54    2 = FOG REDUCING VISIBILITY
HIGHEST:    98 ON  3    GRTST 24HR  1.67 ON 16-16      TO 1/4 MILE OR LESS
LOWEST:     64 ON 27                               3 = THUNDER
                        SNOW, ICE PELLETS, HAIL    4 = ICE PELLETS
                        TOTAL MONTH:   0.0 INCH    5 = HAIL
                        GRTST 24HR     0.0         6 = FREEZING RAIN OR DRIZZLE
                        GRTST DEPTH:   0           7 = DUSTSTORM OR SANDSTORM:
                                                       VSBY 1/2 MILE OR LESS
                                                   8 = SMOKE OR HAZE
[NO. OF DAYS WITH]      [WEATHER - DAYS WITH]      9 = BLOWING SNOW
                                                   X = TORNADO
MAX 32 OR BELOW:   0    0.01 INCH OR MORE:  11
MAX 90 OR ABOVE:  26    0.10 INCH OR MORE:   6
MIN 32 OR BELOW:   0    0.50 INCH OR MORE:   3
MIN  0 OR BELOW:   0    1.00 INCH OR MORE:   2

[HDD (BASE 65) ]
TOTAL THIS MO.     0    CLEAR  (SCALE 0-3)  27
DPTR FM NORMAL     0    PTCLDY (SCALE 4-7)   4
TOTAL FM JUL 1     0    CLOUDY (SCALE 8-10)  0
DPTR FM NORMAL     0

[CDD (BASE 65) ]
TOTAL THIS MO.   563
DPTR FM NORMAL    45    [PRESSURE DATA]
TOTAL FM JAN 1  2678    HIGHEST SLP 30.13 ON 29
DPTR FM NORMAL   752    LOWEST  SLP 29.79 ON  2

[REMARKS]
#FINAL-08-15#
