000
CXUS56 KMFR 281000
CF6AAT
PRELIMINARY LOCAL CLIMATOLOGICAL DATA (WS FORM: F-6)

                                          STATION:   ALTURAS CA
                                          MONTH:     FEBRUARY
                                          YEAR:      2015
                                          LATITUDE:   41 29 N
                                          LONGITUDE: 120 34 W

  TEMPERATURE IN F:       :PCPN:    SNOW:  WIND      :SUNSHINE: SKY     :PK WND
================================================================================
1   2   3   4   5  6A  6B    7    8   9   10  11  12  13   14  15   16   17  18
                                     12Z  AVG MX 2MIN
DY MAX MIN AVG DEP HDD CDD  WTR  SNW DPTH SPD SPD DIR MIN PSBL S-S WX    SPD DR
================================================================================

 1  60  19  40   8  25   0 0.01    M    M  2.8 16 310   M    M   4 18     19 310
 2  52  35  44  12  21   0 0.28    M    M  3.4 13 200   M    M   9 1      16 250
 3  53  34  44  12  21   0 0.02    M    M  3.1 17 280   M    M   5 1      21 290
 4  53  30  42  10  23   0 0.00    M    M  4.3 16 160   M    M   2 12     20 170
 5  64  40  52  20  13   0 0.00    M    M 17.3 37 200   M    M   0        49 180
 6  58  40  49  17  16   0 0.36    M    M 20.6 49 180   M    M   7 1      68 180
 7  57  39  48  16  17   0 0.03    M    M 16.2 37 220   M    M   2        50 220
 8  55  36  46  13  19   0 0.06    M    M 11.3 24 170   M    M   6        35 160
 9  50  32  41   8  24   0 0.10    M    M 11.1 32 280   M    M   8 1      39 280
10  51  23  37   4  28   0 0.00    M    M  1.5  8 170   M    M   0 18      8 240
11  60  28  44  11  21   0 0.00    M    M  4.1 10 100   M    M   0 1      13 160
12  64  29  47  14  18   0 0.00    M    M  0.5  6  50   M    M   0 18      8  60
13  62  29  46  12  19   0 0.00    M    M  1.8  9  80   M    M   0 18     10  70
14  64  31  48  14  17   0 0.00    M    M  2.9 10 320   M    M   0 18     14 360
15  59  22  41   7  24   0 0.00    M    M  2.1  8  50   M    M   0 8      11  60
16  61  20  41   7  24   0 0.00    M    M  2.9  9  10   M    M   0 18     12  30
17  67  22  45  11  20   0 0.00    M    M  2.5 13 250   M    M   0 8      15 260
18  67  24  46  11  19   0 0.00    M    M  1.1 10 350   M    M   0 18     12 350
19  64  22  43   8  22   0 0.00    M    M  2.4 14 330   M    M   0 18     16 330
20  55  19  37   2  28   0 0.00    M    M  2.5 10 360   M    M   0 18     13  10
21  50  18  34  -1  31   0 0.00    M    M  8.2 22  20   M    M   1 18     30  20
22  43  27  35   0  30   0 0.00    M    M 11.0 22  30   M    M   1        32  60
23  48  26  37   1  28   0 0.00    M    M 11.1 21  40   M    M   0        32  60
24  60  12  36   0  29   0 0.00    M    M  2.3 10 330   M    M   0 8      14 320
25  59  18  39   3  26   0 0.00    M    M  4.8 22 320   M    M   3 8      29 310
26  52  26  39   3  26   0 0.05    M    M  5.8 16  20   M    M   6 1      22  30
27  47  30  39   3  26   0 0.11    M    M  3.4 22 290   M    M   9 12     27 290
================================================================================
SM 1535  731       615   0  1.02    M    161.0          M       63
================================================================================
AV 56.9 27.1                               6.0 FASTST   M    M   2    MAX(MPH)
                                 MISC ---->  # 49 180               # 68  180
================================================================================
NOTES:
# LAST OF SEVERAL OCCURRENCES

COLUMN 17 PEAK WIND IN M.P.H.

PRELIMINARY LOCAL CLIMATOLOGICAL DATA (WS FORM: F-6) , PAGE 2

                                          STATION:  ALTURAS CA
                                          MONTH:    FEBRUARY
                                          YEAR:     2015
                                          LATITUDE:   41 29 N
                                          LONGITUDE: 120 34 W

[TEMPERATURE DATA]      [PRECIPITATION DATA]       SYMBOLS USED IN COLUMN 16

AVERAGE MONTHLY: 42.0   TOTAL FOR MONTH:   1.02    1 = FOG OR MIST
DPTR FM NORMAL:   8.1   DPTR FM NORMAL:   -0.38    2 = FOG REDUCING VISIBILITY
HIGHEST:    67 ON 18,17 GRTST 24HR  0.39 ON  6- 7      TO 1/4 MILE OR LESS
LOWEST:     12 ON 24                               3 = THUNDER
                        SNOW, ICE PELLETS, HAIL    4 = ICE PELLETS
                        TOTAL MONTH:    M          5 = HAIL
                        GRTST 24HR    M  ON   M    6 = FREEZING RAIN OR DRIZZLE
                        GRTST DEPTH:  M  ON   M    7 = DUSTSTORM OR SANDSTORM:
                                                       VSBY 1/2 MILE OR LESS
                                                   8 = SMOKE OR HAZE
[NO. OF DAYS WITH]      [WEATHER - DAYS WITH]      9 = BLOWING SNOW
                                                   X = TORNADO
MAX 32 OR BELOW:   0    0.01 INCH OR MORE:   9
MAX 90 OR ABOVE:   0    0.10 INCH OR MORE:   4
MIN 32 OR BELOW:  21    0.50 INCH OR MORE:   0
MIN  0 OR BELOW:   0    1.00 INCH OR MORE:   0

[HDD (BASE 65) ]
TOTAL THIS MO.   615    CLEAR  (SCALE 0-3)  19
DPTR FM NORMAL  -225    PTCLDY (SCALE 4-7)   5
TOTAL FM JUL 1  3597    CLOUDY (SCALE 8-10)  3
DPTR FM NORMAL -1241

[CDD (BASE 65) ]
TOTAL THIS MO.     0
DPTR FM NORMAL     0    [PRESSURE DATA]
TOTAL FM JAN 1     0    HIGHEST SLP M ON M
DPTR FM NORMAL     0    LOWEST  SLP 29.60 ON M

[REMARKS]
