000
CXUS54 KSJT 191210
CF6ABI
PRELIMINARY LOCAL CLIMATOLOGICAL DATA (WS FORM: F-6)

                                          STATION:   ABILENE
                                          MONTH:     FEBRUARY
                                          YEAR:      2018
                                          LATITUDE:   32 25 N
                                          LONGITUDE:  99 41 W

  TEMPERATURE IN F:       :PCPN:    SNOW:  WIND      :SUNSHINE: SKY     :PK WND
================================================================================
1   2   3   4   5  6A  6B    7    8   9   10  11  12  13   14  15   16   17  18
                                     12Z  AVG MX 2MIN
DY MAX MIN AVG DEP HDD CDD  WTR  SNW DPTH SPD SPD DIR MIN PSBL S-S WX    SPD DR
================================================================================

 1  58  36  47   1  18   0 0.00  0.0    0 15.4 26 210   M    M   0        34 210
 2  53  23  38  -8  27   0 0.00  0.0    0  8.9 17 160   M    M   0        25 130
 3  66  38  52   6  13   0 0.00  0.0    0 16.6 36 200   M    M   0        41 200
 4  63  25  44  -2  21   0 0.00  0.0    0  9.5 24  40   M    M   0        32  40
 5  54  16  35 -12  30   0 0.00  0.0    0  8.8 26 200   M    M   3        32 210
 6  40  25  33 -14  32   0    T    T    0 10.9 17  50   M    M   9        23  50
 7  45  21  33 -14  32   0 0.00  0.0    0 10.4 22 360   M    M   1        27 360
 8  62  19  41  -6  24   0 0.00  0.0    0  8.8 20 170   M    M   0        24 160
 9  72  41  57  10   8   0 0.00  0.0    0 14.3 25 200   M    M   0        31 200
10  55  24  40  -8  25   0 0.00  0.0    0 11.3 23 340   M    M   7        27 350
11  39  22  31 -17  34   0    T  0.0    0 13.2 24 340   M    M   4 6      27 350
12  52  19  36 -12  29   0 0.00  0.0    0  6.9 15 110   M    M   1        21  90
13  62  31  47  -1  18   0 0.00  0.0    0  9.3 16 210   M    M   8 18     19 210
14  80  52  66  18   0   1 0.00  0.0    0 14.4 24 200   M    M   4        30 210
15  82  61  72  24   0   7 0.00  0.0    0 16.1 26 200   M    M   1        37 190
16  64  42  53   4  12   0 0.00  0.0    0 12.7 31 350   M    M   2        41 360
17  67  37  52   3  13   0 0.16  0.0    0  9.1 23 160   M    M   4 1      27 150
18  74  45  60  11   5   0 0.01  0.0    0 13.8 26 180   M    M   2        36 190
================================================================================
SM 1088  577       341   8  0.17    T    210.4          M       46
================================================================================
AV 60.4 32.1                              11.7 FASTST   M    M   3    MAX(MPH)
                                 MISC ---->  # 36 200               # 41  200
================================================================================
NOTES:
# LAST OF SEVERAL OCCURRENCES

COLUMN 17 PEAK WIND IN M.P.H.

PRELIMINARY LOCAL CLIMATOLOGICAL DATA (WS FORM: F-6) , PAGE 2

                                          STATION:  ABILENE
                                          MONTH:    FEBRUARY
                                          YEAR:     2018
                                          LATITUDE:   32 25 N
                                          LONGITUDE:  99 41 W

[TEMPERATURE DATA]      [PRECIPITATION DATA]       SYMBOLS USED IN COLUMN 16

AVERAGE MONTHLY: 46.3   TOTAL FOR MONTH:   0.17    1 = FOG OR MIST
DPTR FM NORMAL:  -1.2   DPTR FM NORMAL:   -0.68    2 = FOG REDUCING VISIBILITY
HIGHEST:    82 ON 15    GRTST 24HR  0.16 ON 17-17      TO 1/4 MILE OR LESS
LOWEST:     16 ON  5                               3 = THUNDER
                        SNOW, ICE PELLETS, HAIL    4 = ICE PELLETS
                        TOTAL MONTH:    T          5 = HAIL
                        GRTST 24HR    T  ON  6- 6  6 = FREEZING RAIN OR DRIZZLE
                        GRTST DEPTH:   0           7 = DUSTSTORM OR SANDSTORM:
                                                       VSBY 1/2 MILE OR LESS
                                                   8 = SMOKE OR HAZE
[NO. OF DAYS WITH]      [WEATHER - DAYS WITH]      9 = BLOWING SNOW
                                                   X = TORNADO
MAX 32 OR BELOW:   0    0.01 INCH OR MORE:   2
MAX 90 OR ABOVE:   0    0.10 INCH OR MORE:   1
MIN 32 OR BELOW:  10    0.50 INCH OR MORE:   0
MIN  0 OR BELOW:   0    1.00 INCH OR MORE:   0

[HDD (BASE 65) ]
TOTAL THIS MO.   341    CLEAR  (SCALE 0-3)  11
DPTR FM NORMAL    24    PTCLDY (SCALE 4-7)   5
TOTAL FM JUL 1  2049    CLOUDY (SCALE 8-10)  2
DPTR FM NORMAL    63

[CDD (BASE 65) ]
TOTAL THIS MO.     8
DPTR FM NORMAL     8    [PRESSURE DATA]
TOTAL FM JAN 1     8    HIGHEST SLP M ON M
DPTR FM NORMAL     7    LOWEST  SLP 29.71 ON  3

[REMARKS]
