000
CXUS55 KABQ 261000
CF6ABQ
PRELIMINARY LOCAL CLIMATOLOGICAL DATA (WS FORM: F-6)

                                          STATION:   ALBUQUERQUE  NM
                                          MONTH:     SEPTEMBER
                                          YEAR:      2016
                                          LATITUDE:   35  2 N
                                          LONGITUDE: 106 37 W

  TEMPERATURE IN F:       :PCPN:    SNOW:  WIND      :SUNSHINE: SKY     :PK WND
================================================================================
1   2   3   4   5  6A  6B    7    8   9   10  11  12  13   14  15   16   17  18
                                     12Z  AVG MX 2MIN
DY MAX MIN AVG DEP HDD CDD  WTR  SNW DPTH SPD SPD DIR MIN PSBL S-S WX    SPD DR
================================================================================

 1  86  63  75   1   0  10 0.00  0.0    0  8.0 20 180   M    M   2        23 180
 2  85  64  75   1   0  10    T  0.0    0  5.8 25 300   M    M   5        37 280
 3  86  66  76   2   0  11    T  0.0    0  5.8 22 280   M    M   5 3      27 270
 4  89  65  77   4   0  12 0.00  0.0    0 13.7 28 170   M    M   5        34 190
 5  92  65  79   6   0  14    T  0.0    0 12.9 28 180   M    M   4 3      39 150
 6  88  65  77   4   0  12 0.05  0.0    0  9.2 32  80   M    M   7 13     40  90
 7  76  64  70  -2   0   5 0.06  0.0    0  6.5 17 150   M    M  10        21 190
 8  87  63  75   3   0  10 0.02  0.0    0  6.0 14 160   M    M   5        18 300
 9  92  57  75   3   0  10 0.00  0.0    0  8.0 35  90   M    M   1        45  80
10  81  58  70  -2   0   5 0.00  0.0    0 16.0 43  90   M    M   2        51  80
11  87  59  73   2   0   8 0.58  0.0    0  8.1 25 320   M    M   5 3      32 310
12  82  60  71   0   0   6 0.04  0.0    0  5.2 31  10   M    M   5 3      35 360
13  81  57  69  -1   0   4 0.00  0.0    0  5.8 21 110   M    M   4        26 110
14  83  62  73   3   0   8 0.00  0.0    0 10.2 28 180   M    M   7        33 190
15  80  57  69  -1   0   4    T  0.0    0  5.6 24 170   M    M   4 3      29 130
16  81  56  69   0   0   4 0.00  0.0    0  9.0 24  90   M    M   2 8      32  50
17  83  61  72   3   0   7 0.00  0.0    0  7.6 23  90   M    M   2        28  90
18  87  53  70   1   0   5 0.00  0.0    0  5.2 12 330   M    M   0        15 320
19  89  54  72   4   0   7 0.00  0.0    0  4.2 10 140   M    M   3        13 260
20  86  60  73   5   0   8 0.00  0.0    0  5.0 15 190   M    M   7        18 190
21  87  64  76   9   0  11 0.07  0.0    0  8.0 31 190   M    M   7 3      38 180
22  88  61  75   8   0  10 0.19  0.0    0 12.8 38 220   M    M   5 38     47 190
23  81  51  66  -1   0   1    T  0.0    0 11.4 30 330   M    M   4        38 330
24  72  42  57  -9   8   0 0.00  0.0    0  7.8 20 340   M    M   1        27 330
25  74  50  62  -4   3   0 0.00  0.0    0 14.4 31  70   M    M   5        39  90
================================================================================
SM 2103 1477        11 182  1.01     0.0 212.2          M      107
================================================================================
AV 84.1 59.1                               8.5 FASTST   M    M   4    MAX(MPH)
                                 MISC ---->  # 43  90               # 51   80
================================================================================
NOTES:
# LAST OF SEVERAL OCCURRENCES

COLUMN 17 PEAK WIND IN M.P.H.

PRELIMINARY LOCAL CLIMATOLOGICAL DATA (WS FORM: F-6) , PAGE 2

                                          STATION:  ALBUQUERQUE  NM
                                          MONTH:    SEPTEMBER
                                          YEAR:     2016
                                          LATITUDE:   35  2 N
                                          LONGITUDE: 106 37 W

[TEMPERATURE DATA]      [PRECIPITATION DATA]       SYMBOLS USED IN COLUMN 16

AVERAGE MONTHLY: 71.6   TOTAL FOR MONTH:   1.01    1 = FOG OR MIST
DPTR FM NORMAL:   1.3   DPTR FM NORMAL:    0.12    2 = FOG REDUCING VISIBILITY
HIGHEST:    92 ON  9, 5 GRTST 24HR  0.58 ON 11-11      TO 1/4 MILE OR LESS
LOWEST:     42 ON 24                               3 = THUNDER
                        SNOW, ICE PELLETS, HAIL    4 = ICE PELLETS
                        TOTAL MONTH:   0.0 INCH    5 = HAIL
                        GRTST 24HR     0.0         6 = FREEZING RAIN OR DRIZZLE
                        GRTST DEPTH:   0           7 = DUSTSTORM OR SANDSTORM:
                                                       VSBY 1/2 MILE OR LESS
                                                   8 = SMOKE OR HAZE
[NO. OF DAYS WITH]      [WEATHER - DAYS WITH]      9 = BLOWING SNOW
                                                   X = TORNADO
MAX 32 OR BELOW:   0    0.01 INCH OR MORE:   7
MAX 90 OR ABOVE:   2    0.10 INCH OR MORE:   2
MIN 32 OR BELOW:   0    0.50 INCH OR MORE:   1
MIN  0 OR BELOW:   0    1.00 INCH OR MORE:   0

[HDD (BASE 65) ]
TOTAL THIS MO.    11    CLEAR  (SCALE 0-3)   7
DPTR FM NORMAL    -3    PTCLDY (SCALE 4-7)  17
TOTAL FM JUL 1    11    CLOUDY (SCALE 8-10)  1
DPTR FM NORMAL    -3

[CDD (BASE 65) ]
TOTAL THIS MO.   182
DPTR FM NORMAL    35    [PRESSURE DATA]
TOTAL FM JAN 1  1494    HIGHEST SLP M ON M
DPTR FM NORMAL   190    LOWEST  SLP 29.64 ON M

[REMARKS]
