000
CXUS55 KABR 261400
CF6ABR
PRELIMINARY LOCAL CLIMATOLOGICAL DATA (WS FORM: F-6)

                                          STATION:   ABERDEEN SD
                                          MONTH:     SEPTEMBER
                                          YEAR:      2016
                                          LATITUDE:   45 27 N
                                          LONGITUDE:  98 26 W

  TEMPERATURE IN F:       :PCPN:    SNOW:  WIND      :SUNSHINE: SKY     :PK WND
================================================================================
1   2   3   4   5  6A  6B    7    8   9   10  11  12  13   14  15   16   17  18
                                     12Z  AVG MX 2MIN
DY MAX MIN AVG DEP HDD CDD  WTR  SNW DPTH SPD SPD DIR MIN PSBL S-S WX    SPD DR
================================================================================

 1  85  58  72   7   0   7 0.00  0.0    0 11.0 20 150   M    M   1        25 140
 2  82  59  71   6   0   6 0.00  0.0    0 18.8 30 160   M    M   0        40 180
 3  85  64  75  11   0  10 0.00  0.0    0 19.4 28 160   M    M   1        35 160
 4  86  65  76  12   0  11 0.34  0.0    0 15.0 26 200   M    M   5 13     33 210
 5  73  60  67   3   0   2 0.01  0.0    0  6.4 13 290   M    M  10 12     18 150
 6  75  57  66   3   0   1 0.03  0.0    0  7.0 14 340   M    M   5        18 340
 7  75  52  64   1   1   0 0.03  0.0    0  9.2 22 200   M    M   4 13     30 200
 8  78  46  62   0   3   0 0.00  0.0    0  7.0 16 170   M    M   2        19 180
 9  70  50  60  -2   5   0    T  0.0    0 10.2 20 300   M    M   6        24 290
10  75  42  59  -2   6   0 0.00  0.0    0  7.9 16 270   M    M   0        26 280
11  84  51  68   7   0   3 0.00  0.0    0 10.4 17 150   M    M   0        22 180
12  71  49  60  -1   5   0    T  0.0    0 15.5 31 350   M    M   4        36 360
13  56  35  46 -14  19   0 0.00  0.0    0  7.5 15 360   M    M   6 8      23  10
14  72  35  54  -6  11   0 0.00  0.0    0  8.2 20 170   M    M   2        24 170
15  78  60  69  10   0   4 0.02  0.0    0  8.8 17 160   M    M   7 3      23 160
16  67  54  61   2   4   0 0.63  0.0    0  7.9 20 330   M    M   7 138    24 320
17  80  42  61   3   4   0 0.00  0.0    0  7.7 14 170   M    M   1        18 180
18  85  53  69  11   0   4 0.00  0.0    0  7.9 16 180   M    M   0        20 170
19  82  51  67  10   0   2 0.04  0.0    0  6.1 20 310   M    M   2        26 300
20  78  50  64   7   1   0 0.02  0.0    0 11.5 25  80   M    M   4        35 100
21  72  55  64   8   1   0 0.00  0.0    0 14.5 25  80   M    M   7        33  80
22  64  55  60   4   5   0 0.05  0.0    0 13.5 23  50   M    M  10 18     30  50
23  73  59  66  10   0   1 0.06  0.0    0 15.2 26 110   M    M   8 1      33 110
24  82  53  68  13   0   3 0.00  0.0    0 15.3 25 160   M    M   3        34 180
25  68  42  55   0  10   0 0.00  0.0    0 18.6 33 330   M    M   5        44 330
================================================================================
SM 1896 1297        75  54  1.23     0.0 280.5          M      100
================================================================================
AV 75.8 51.9                              11.2 FASTST   M    M   4    MAX(MPH)
                                 MISC ---->  # 33 330               # 44  330
================================================================================
NOTES:
# LAST OF SEVERAL OCCURRENCES

COLUMN 17 PEAK WIND IN M.P.H.

PRELIMINARY LOCAL CLIMATOLOGICAL DATA (WS FORM: F-6) , PAGE 2

                                          STATION:  ABERDEEN SD
                                          MONTH:    SEPTEMBER
                                          YEAR:     2016
                                          LATITUDE:   45 27 N
                                          LONGITUDE:  98 26 W

[TEMPERATURE DATA]      [PRECIPITATION DATA]       SYMBOLS USED IN COLUMN 16

AVERAGE MONTHLY: 63.9   TOTAL FOR MONTH:   1.23    1 = FOG OR MIST
DPTR FM NORMAL:   3.8   DPTR FM NORMAL:   -0.60    2 = FOG REDUCING VISIBILITY
HIGHEST:    86 ON  4    GRTST 24HR  0.64 ON 15-16      TO 1/4 MILE OR LESS
LOWEST:     35 ON 14,13                            3 = THUNDER
                        SNOW, ICE PELLETS, HAIL    4 = ICE PELLETS
                        TOTAL MONTH:   0.0 INCH    5 = HAIL
                        GRTST 24HR     0.0         6 = FREEZING RAIN OR DRIZZLE
                        GRTST DEPTH:   0           7 = DUSTSTORM OR SANDSTORM:
                                                       VSBY 1/2 MILE OR LESS
                                                   8 = SMOKE OR HAZE
[NO. OF DAYS WITH]      [WEATHER - DAYS WITH]      9 = BLOWING SNOW
                                                   X = TORNADO
MAX 32 OR BELOW:   0    0.01 INCH OR MORE:  10
MAX 90 OR ABOVE:   0    0.10 INCH OR MORE:   2
MIN 32 OR BELOW:   0    0.50 INCH OR MORE:   1
MIN  0 OR BELOW:   0    1.00 INCH OR MORE:   0

[HDD (BASE 65) ]
TOTAL THIS MO.    75    CLEAR  (SCALE 0-3)  10
DPTR FM NORMAL   -89    PTCLDY (SCALE 4-7)  13
TOTAL FM JUL 1   106    CLOUDY (SCALE 8-10)  2
DPTR FM NORMAL  -109

[CDD (BASE 65) ]
TOTAL THIS MO.    54
DPTR FM NORMAL    15    [PRESSURE DATA]
TOTAL FM JAN 1   715    HIGHEST SLP M ON M
DPTR FM NORMAL   193    LOWEST  SLP 29.55 ON  5

[REMARKS]
