000
CXUS52 KTAE 220800
CF6ABY
PRELIMINARY LOCAL CLIMATOLOGICAL DATA (WS FORM: F-6)

                                          STATION:   ALBANY
                                          MONTH:     MAY
                                          YEAR:      2015
                                          LATITUDE:   31 31 N
                                          LONGITUDE:  84 11 W

  TEMPERATURE IN F:       :PCPN:    SNOW:  WIND      :SUNSHINE: SKY     :PK WND
================================================================================
1   2   3   4   5  6A  6B    7    8   9   10  11  12  13   14  15   16   17  18
                                     12Z  AVG MX 2MIN
DY MAX MIN AVG DEP HDD CDD  WTR  SNW DPTH SPD SPD DIR MIN PSBL S-S WX    SPD DR
================================================================================

 1  76  52  64  -6   1   0 0.00  0.0    0  6.7 17 330   M    M   0        24 320
 2  79  49  64  -7   1   0 0.00  0.0    0  1.6 10 250   M    M   0        13 240
 3  82  52  67  -4   0   2 0.00  0.0    0  1.6 12 150   M    M   1        14 150
 4  84  56  70  -1   0   5 0.00  0.0    0  4.3 17 110   M    M   4        24 140
 5  83  56  70  -2   0   5 0.00    M    M   M   M   M   M    M   M         M  M
 6  85  59  72   0   0   7 0.00  0.0    0  4.4 13  50   M    M   2        18  50
 7  88  56  72   0   0   7 0.00  0.0    0  3.5 16 340   M    M   0        21 340
 8  90  56  73   1   0   8 0.00  0.0    0  3.1 14 340   M    M   1        19  50
 9  92  63  78   5   0  13 0.00  0.0    0  3.5 13 110   M    M   2 18     17 120
10  94  64  79   6   0  14 0.00  0.0    0  3.1 10 110   M    M   1 1      14 100
11  92  66  79   6   0  14 0.00  0.0    0  4.2 14 210   M    M   0 18     18 220
12  92  71  82   8   0  17 0.00  0.0    0  5.9 14 340   M    M   3 18     18 340
13  91  68  80   6   0  15 0.00  0.0    0  3.4 12  50   M    M   0        16  40
14  92  64  78   4   0  13 0.10  0.0    0  5.7 18 200   M    M   2 13     24 200
15  86  70  78   4   0  13 0.01  0.0    0  7.2 15 130   M    M   4 3      19 140
16  89  65  77   2   0  12 0.00  0.0    0  6.5 13 110   M    M   1        21 100
17  92  66  79   4   0  14 0.00  0.0    0  4.2 12 100   M    M   1        14 140
18  91  69  80   5   0  15 0.00  0.0    0  3.9 14 270   M    M   2 3      17 280
19  94  68  81   5   0  16 0.00  0.0    0  4.4 21 290   M    M   2 3      30 300
20  94  68  81   5   0  16 0.00  0.0    0  4.9 14 270   M    M   1 1      20 290
21  91  69  80   4   0  15 0.00  0.0    0  9.2 18 300   M    M   1        26 300
================================================================================
SM 1857 1307         2 221  0.11     0.0  91.3          M       28
================================================================================
AV 88.4 62.2                               4.6 FASTST   M    M   1    MAX(MPH)
                                 MISC ---->  # 21 290               # 30  300
================================================================================
NOTES:
# LAST OF SEVERAL OCCURRENCES

COLUMN 17 PEAK WIND IN M.P.H.

PRELIMINARY LOCAL CLIMATOLOGICAL DATA (WS FORM: F-6) , PAGE 2

                                          STATION:  ALBANY
                                          MONTH:    MAY
                                          YEAR:     2015
                                          LATITUDE:   31 31 N
                                          LONGITUDE:  84 11 W

[TEMPERATURE DATA]      [PRECIPITATION DATA]       SYMBOLS USED IN COLUMN 16

AVERAGE MONTHLY: 75.3   TOTAL FOR MONTH:   0.11    1 = FOG OR MIST
DPTR FM NORMAL:   2.0   DPTR FM NORMAL:   -1.44    2 = FOG REDUCING VISIBILITY
HIGHEST:    94 ON 20,19 GRTST 24HR  0.10 ON 14-14      TO 1/4 MILE OR LESS
LOWEST:     49 ON  2                               3 = THUNDER
                        SNOW, ICE PELLETS, HAIL    4 = ICE PELLETS
                        TOTAL MONTH:   0.0 INCH    5 = HAIL
                        GRTST 24HR     0.0         6 = FREEZING RAIN OR DRIZZLE
                        GRTST DEPTH:   0           7 = DUSTSTORM OR SANDSTORM:
                                                       VSBY 1/2 MILE OR LESS
                                                   8 = SMOKE OR HAZE
[NO. OF DAYS WITH]      [WEATHER - DAYS WITH]      9 = BLOWING SNOW
                                                   X = TORNADO
MAX 32 OR BELOW:   0    0.01 INCH OR MORE:   2
MAX 90 OR ABOVE:  12    0.10 INCH OR MORE:   1
MIN 32 OR BELOW:   0    0.50 INCH OR MORE:   0
MIN  0 OR BELOW:   0    1.00 INCH OR MORE:   0

[HDD (BASE 65) ]
TOTAL THIS MO.     2    CLEAR  (SCALE 0-3)  18
DPTR FM NORMAL     2    PTCLDY (SCALE 4-7)   2
TOTAL FM JUL 1  1849    CLOUDY (SCALE 8-10)  0
DPTR FM NORMAL    15

[CDD (BASE 65) ]
TOTAL THIS MO.   221
DPTR FM NORMAL    43    [PRESSURE DATA]
TOTAL FM JAN 1   469    HIGHEST SLP M ON M
DPTR FM NORMAL   151    LOWEST  SLP 29.94 ON 20

[REMARKS]
