000
CXUS51 KPHI 230800
CF6ACY
PRELIMINARY LOCAL CLIMATOLOGICAL DATA (WS FORM: F-6)

                                          STATION:   ATLANTIC CITY NJ
                                          MONTH:     JULY
                                          YEAR:      2017
                                          LATITUDE:   39 27 N
                                          LONGITUDE:  74 34 W

  TEMPERATURE IN F:       :PCPN:    SNOW:  WIND      :SUNSHINE: SKY     :PK WND
================================================================================
1   2   3   4   5  6A  6B    7    8   9   10  11  12  13   14  15   16   17  18
                                     12Z  AVG MX 2MIN
DY MAX MIN AVG DEP HDD CDD  WTR  SNW DPTH SPD SPD DIR MIN PSBL S-S WX    SPD DR
================================================================================

 1  86  72  79   4   0  14 0.00  0.0    0  9.9 21 200   M    M   3        26 200
 2  94  72  83   8   0  18 0.00  0.0    0  7.6 16 270   M    M   1        21 250
 3  94  71  83   8   0  18 0.00  0.0    0  6.0 15 230   M    M   1        20 260
 4  87  70  79   3   0  14 0.00  0.0    0  6.6 14 110   M    M   1        19  60
 5  85  66  76   0   0  11 0.00  0.0    0  8.6 17  70   M    M   2        22 100
 6  76  68  72  -4   0   7 0.12  0.0    0  8.6 15 100   M    M   8 1      18  90
 7  83  70  77   1   0  12 0.45  0.0    0  5.8 22 320   M    M   7 1      27 300
 8  89  70  80   4   0  15 0.00  0.0    0  8.1 18 260   M    M   0        24 240
 9  85  62  74  -2   0   9 0.00  0.0    0  5.9 18 280   M    M   1        22 280
10  86  59  73  -3   0   8 0.00  0.0    0  8.4 18 180   M    M   4 1      25 190
11  93  75  84   8   0  19    T  0.0    0  8.1 16 200   M    M   2 3      25 200
12  94  76  85   9   0  20 0.00  0.0    0  9.2 21 260   M    M   0        26 260
13  97  73  85   9   0  20 0.41  0.0    0  7.7 15 240   M    M   1 13     25 210
14  84  74  79   3   0  14 1.47  0.0    0  5.4 26 320   M    M   6 138    35 310
15  88  72  80   4   0  15    T    M    0  5.4 13 140   M    M   8 1      16 120
16  87  67  77   1   0  12 0.00  0.0    0  5.6 14 210   M    M   1        20 150
17  84  67  76  -1   0  11 0.00  0.0    0  5.3 15 160   M    M   1 1      20 140
18  87  68  78   1   0  13 0.00  0.0    0  5.8 14 200   M    M   1 1      20 160
19  91  74  83   6   0  18 0.00  0.0    0  6.4 15 200   M    M   1 1      20 200
20  96  77  87  10   0  22 0.00  0.0    0  7.8 15 220   M    M   1        22 210
21  93  76  85   9   0  20 0.00  0.0    0  6.4 14 170   M    M   1 18     17 160
22  92  76  84   8   0  19 0.05  0.0    0  5.4 14 240   M    M   4 18     21 240
================================================================================
SM 1951 1555         0 329  2.50     0.0 154.0          M       55
================================================================================
AV 88.7 70.7                               7.0 FASTST   M    M   3    MAX(MPH)
                                 MISC ---->  # 26 320               # 35  310
================================================================================
NOTES:
# LAST OF SEVERAL OCCURRENCES

COLUMN 17 PEAK WIND IN M.P.H.

PRELIMINARY LOCAL CLIMATOLOGICAL DATA (WS FORM: F-6) , PAGE 2

                                          STATION:  ATLANTIC CITY NJ
                                          MONTH:    JULY
                                          YEAR:     2017
                                          LATITUDE:   39 27 N
                                          LONGITUDE:  74 34 W

[TEMPERATURE DATA]      [PRECIPITATION DATA]       SYMBOLS USED IN COLUMN 16

AVERAGE MONTHLY: 79.7   TOTAL FOR MONTH:   2.50    1 = FOG OR MIST
DPTR FM NORMAL:   3.6   DPTR FM NORMAL:   -0.09    2 = FOG REDUCING VISIBILITY
HIGHEST:    97 ON 13    GRTST 24HR  1.47 ON 14-14      TO 1/4 MILE OR LESS
LOWEST:     59 ON 10                               3 = THUNDER
                        SNOW, ICE PELLETS, HAIL    4 = ICE PELLETS
                        TOTAL MONTH:   0.0 INCH    5 = HAIL
                        GRTST 24HR     0.0         6 = FREEZING RAIN OR DRIZZLE
                        GRTST DEPTH:   0           7 = DUSTSTORM OR SANDSTORM:
                                                       VSBY 1/2 MILE OR LESS
                                                   8 = SMOKE OR HAZE
[NO. OF DAYS WITH]      [WEATHER - DAYS WITH]      9 = BLOWING SNOW
                                                   X = TORNADO
MAX 32 OR BELOW:   0    0.01 INCH OR MORE:   5
MAX 90 OR ABOVE:   9    0.10 INCH OR MORE:   4
MIN 32 OR BELOW:   0    0.50 INCH OR MORE:   1
MIN  0 OR BELOW:   0    1.00 INCH OR MORE:   1

[HDD (BASE 65) ]
TOTAL THIS MO.     0    CLEAR  (SCALE 0-3)  16
DPTR FM NORMAL     0    PTCLDY (SCALE 4-7)   6
TOTAL FM JUL 1     0    CLOUDY (SCALE 8-10)  0
DPTR FM NORMAL     0

[CDD (BASE 65) ]
TOTAL THIS MO.   329
DPTR FM NORMAL    82    [PRESSURE DATA]
TOTAL FM JAN 1   665    HIGHEST SLP M ON M
DPTR FM NORMAL   151    LOWEST  SLP 29.73 ON 22

[REMARKS]
