000
CXUS51 KPHI 260800
CF6ACY
PRELIMINARY LOCAL CLIMATOLOGICAL DATA (WS FORM: F-6)

                                          STATION:   ATLANTIC CITY NJ
                                          MONTH:     SEPTEMBER
                                          YEAR:      2016
                                          LATITUDE:   39 27 N
                                          LONGITUDE:  74 34 W

  TEMPERATURE IN F:       :PCPN:    SNOW:  WIND      :SUNSHINE: SKY     :PK WND
================================================================================
1   2   3   4   5  6A  6B    7    8   9   10  11  12  13   14  15   16   17  18
                                     12Z  AVG MX 2MIN
DY MAX MIN AVG DEP HDD CDD  WTR  SNW DPTH SPD SPD DIR MIN PSBL S-S WX    SPD DR
================================================================================

 1  81  67  74   2   0   9 0.17  0.0    0  3.9 14 350   M    M   5 1      17 340
 2  82  60  71  -1   0   6 0.00  0.0    0  6.9 15  50   M    M   1        20  40
 3  75  66  71   0   0   6 0.00  0.0    0 14.7 29  50   M    M   1        37  50
 4  79  60  70  -1   0   5 0.00  0.0    0  9.5 20  60   M    M   2        26  40
 5  82  59  71   0   0   6 0.00  0.0    0  9.8 18 330   M    M   0        24 310
 6  85  70  78   7   0  13 0.09  0.0    0 14.5 24  10   M    M   8 18     33  10
 7  88  67  78   8   0  13 0.02  0.0    0  8.5 20 350   M    M   5 1      26 360
 8  93  65  79   9   0  14 0.00  0.0    0  5.4 15 270   M    M   2        20 250
 9  97  79  88  18   0  23 0.00  0.0    0  6.9 18 220   M    M   0 8      22 230
10  88  76  82  13   0  17 0.00  0.0    0  8.8 18 200   M    M   0 18     24 190
11  89  64  77   8   0  12 0.00  0.0    0  8.1 21 310   M    M   3        32 310
12  80  57  69   0   0   4 0.00  0.0    0  6.8 16 110   M    M   2        19 120
13  81  54  68   0   0   3 0.00  0.0    0  5.3 15 160   M    M   1        20 180
14  92  67  80  12   0  15 0.00  0.0    0  6.3 15 290   M    M   0        19 290
15  75  57  66  -2   0   1 0.00  0.0    0 11.3 21  50   M    M   2        27  20
16  75  51  63  -4   2   0 0.00  0.0    0  6.6 18  70   M    M   2        24  50
17  79  52  66  -1   0   1 0.00  0.0    0  4.8 12 170   M    M   0        17 130
18  88  71  80  14   0  15 0.00  0.0    0  9.2 17 160   M    M   1        21 190
19  76  69  73   7   0   8 2.46  0.0    0  6.6 25 330   M    M   9 13     30 340
20  79  69  74   8   0   9 0.00  0.0    0  5.0 13  40   M    M   6 1      15  50
21  81  63  72   7   0   7 0.00  0.0    0  5.5 15  70   M    M   2 1      22  30
22  81  59  70   5   0   5 0.00  0.0    0  6.1 16  60   M    M   1 1      20  80
23  87  64  76  12   0  11 0.00  0.0    0  4.9 12 150   M    M   4 18     14 160
24  71  52  62  -2   3   0 0.00  0.0    0  6.6 17  20   M    M   6 18     21  20
25  73  47  60  -4   5   0 0.00  0.0    0  4.4 13 300   M    M   0        16  30
================================================================================
SM 2057 1565        10 203  2.74     0.0 186.4          M       63
================================================================================
AV 82.3 62.6                               7.5 FASTST   M    M   3    MAX(MPH)
                                 MISC ---->  # 29  50               # 37   50
================================================================================
NOTES:
# LAST OF SEVERAL OCCURRENCES

COLUMN 17 PEAK WIND IN M.P.H.

PRELIMINARY LOCAL CLIMATOLOGICAL DATA (WS FORM: F-6) , PAGE 2

                                          STATION:  ATLANTIC CITY NJ
                                          MONTH:    SEPTEMBER
                                          YEAR:     2016
                                          LATITUDE:   39 27 N
                                          LONGITUDE:  74 34 W

[TEMPERATURE DATA]      [PRECIPITATION DATA]       SYMBOLS USED IN COLUMN 16

AVERAGE MONTHLY: 72.4   TOTAL FOR MONTH:   2.74    1 = FOG OR MIST
DPTR FM NORMAL:   4.3   DPTR FM NORMAL:    0.17    2 = FOG REDUCING VISIBILITY
HIGHEST:    97 ON  9    GRTST 24HR  2.46 ON 19-19      TO 1/4 MILE OR LESS
LOWEST:     47 ON 25                               3 = THUNDER
                        SNOW, ICE PELLETS, HAIL    4 = ICE PELLETS
                        TOTAL MONTH:   0.0 INCH    5 = HAIL
                        GRTST 24HR     0.0         6 = FREEZING RAIN OR DRIZZLE
                        GRTST DEPTH:   0           7 = DUSTSTORM OR SANDSTORM:
                                                       VSBY 1/2 MILE OR LESS
                                                   8 = SMOKE OR HAZE
[NO. OF DAYS WITH]      [WEATHER - DAYS WITH]      9 = BLOWING SNOW
                                                   X = TORNADO
MAX 32 OR BELOW:   0    0.01 INCH OR MORE:   4
MAX 90 OR ABOVE:   3    0.10 INCH OR MORE:   2
MIN 32 OR BELOW:   0    0.50 INCH OR MORE:   1
MIN  0 OR BELOW:   0    1.00 INCH OR MORE:   1

[HDD (BASE 65) ]
TOTAL THIS MO.    10    CLEAR  (SCALE 0-3)  18
DPTR FM NORMAL   -28    PTCLDY (SCALE 4-7)   6
TOTAL FM JUL 1    10    CLOUDY (SCALE 8-10)  1
DPTR FM NORMAL   -31

[CDD (BASE 65) ]
TOTAL THIS MO.   203
DPTR FM NORMAL    87    [PRESSURE DATA]
TOTAL FM JAN 1  1306    HIGHEST SLP M ON M
DPTR FM NORMAL   281    LOWEST  SLP 29.83 ON M

[REMARKS]
