000
CXUS54 KLZK 281330
CF6ADF
PRELIMINARY LOCAL CLIMATOLOGICAL DATA (WS FORM: F-6)

                                          STATION:   Arkadelphia Airport
                                          MONTH:     JULY
                                          YEAR:      2014
                                          LATITUDE:   34  9 N
                                          LONGITUDE:  93  4 W

  TEMPERATURE IN F:       :PCPN:    SNOW:  WIND      :SUNSHINE: SKY     :PK WND
================================================================================
1   2   3   4   5  6A  6B    7    8   9   10  11  12  13   14  15   16   17  18
                                     12Z  AVG MX 2MIN
DY MAX MIN AVG DEP HDD CDD  WTR  SNW DPTH SPD SPD DIR MIN PSBL S-S WX    SPD DR
================================================================================

 1  95  71  83   3   0  18 0.00  0.0    0  4.9 13 250   M    M   0 18      M  M
 2  89  71  80   0   0  15 0.28  0.0    0  2.2  8 240   M    M   3 13      M  M
 3  85  67  76  -4   0  11 0.00  0.0    0  3.3 10  30   M    M   0 1       M  M
 4  85  63  74  -6   0   9 0.00  0.0    0  2.5  8  70   M    M   0         M  M
 5  87  62  75  -5   0  10 0.00  0.0    0  1.2  5 180   M    M   0 1       M  M
 6  92  66  79  -1   0  14 0.00  0.0    0  2.4  7 220   M    M   1 1       M  M
 7  95  70  83   3   0  18 0.00  0.0    0  5.3 14 200   M    M   0 1       M  M
 8  94  73  84   4   0  19 0.18  0.0    0  5.6 13 210   M    M   1 13      M  M
 9  83  70  77  -4   0  12 0.96  0.0    0  4.2 15 270   M    M   3 13      M  M
10  88  73  81   0   0  16 0.06  0.0    0  3.6  8  40   M    M   2 13      M  M
11  93  71  82   1   0  17    T  0.0    0  1.0  5 240   M    M   0 1       M  M
12  97  71  84   3   0  19 0.00  0.0    0  2.0  5 270   M    M   1 1       M  M
13  97  71  84   3   0  19 0.00  0.0    0  2.3  7 240   M    M   1 12      M  M
14  98  74  86   5   0  21    T  0.0    0  5.5 14 230   M    M   0 13      M  M
15  85  66  76  -5   0  11 0.00  0.0    0  5.4  9  10   M    M   1         M  M
16  84  59  72  -9   0   7 0.00  0.0    0  1.4  6  99   M    M   0         M  M
17  71  63  67 -14   0   2 1.44  0.0    0  4.6  8  40   M    M   5 1       M  M
18  70  61  66 -15   0   1 0.31  0.0    0  5.6 10  30   M    M   9 1       M  M
19  77  62  70 -11   0   5    T  0.0    0  1.2  7  20   M    M   7 1       M  M
20  83  63  73  -8   0   8 0.00  0.0    0  0.0  0   0   M    M   6 1       M  M
21  88  63  76  -5   0  11 0.00  0.0    0  0.0  0   0   M    M   1 1       M  M
22  91  66  79  -2   0  14 0.00  0.0    0  0.0  0   0   M    M   1 18      M  M
23  92  67  80  -1   0  15 0.95  0.0    0  2.3  8  30   M    M   4 123     M  M
24  86  68  77  -4   0  12 0.00  0.0    0  2.3  6  40   M    M   8 128     M  M
25  91  68  80  -1   0  15 0.00  0.0    0  1.6  6 200   M    M   2 1       M  M
26  95  72  84   3   0  19 0.00  0.0    0  3.5 10 210   M    M   2 12      M  M
27  96  73  85   4   0  20 0.00  0.0    0  4.4 13 250   M    M   1 1       M  M
================================================================================
SM 2387 1824         0 358  4.18     0.0  78.3          M       59
================================================================================
AV 88.4 67.6                               2.9 FASTST   M    M   2    MAX(MPH)
                                 MISC ---->  # 15 270                  M    M
================================================================================
NOTES:
# LAST OF SEVERAL OCCURRENCES

COLUMN 17 PEAK WIND IN M.P.H.

PRELIMINARY LOCAL CLIMATOLOGICAL DATA (WS FORM: F-6) , PAGE 2

                                          STATION:  Arkadelphia Airport
                                          MONTH:    JULY
                                          YEAR:     2014
                                          LATITUDE:   34  9 N
                                          LONGITUDE:  93  4 W

[TEMPERATURE DATA]      [PRECIPITATION DATA]       SYMBOLS USED IN COLUMN 16

AVERAGE MONTHLY: 78.0   TOTAL FOR MONTH:   4.18    1 = FOG OR MIST
DPTR FM NORMAL:  -2.7   DPTR FM NORMAL:    0.36    2 = FOG REDUCING VISIBILITY
HIGHEST:    98 ON 14    GRTST 24HR  1.44 ON 17-17      TO 1/4 MILE OR LESS
LOWEST:     59 ON 16                               3 = THUNDER
                        SNOW, ICE PELLETS, HAIL    4 = ICE PELLETS
                        TOTAL MONTH:   0.0 INCH    5 = HAIL
                        GRTST 24HR     0.0         6 = FREEZING RAIN OR DRIZZLE
                        GRTST DEPTH:   0           7 = DUSTSTORM OR SANDSTORM:
                                                       VSBY 1/2 MILE OR LESS
                                                   8 = SMOKE OR HAZE
[NO. OF DAYS WITH]      [WEATHER - DAYS WITH]      9 = BLOWING SNOW
                                                   X = TORNADO
MAX 32 OR BELOW:   0    0.01 INCH OR MORE:   7
MAX 90 OR ABOVE:  13    0.10 INCH OR MORE:   6
MIN 32 OR BELOW:   0    0.50 INCH OR MORE:   3
MIN  0 OR BELOW:   0    1.00 INCH OR MORE:   1

[HDD (BASE 65) ]
TOTAL THIS MO.     0    CLEAR  (SCALE 0-3)  20
DPTR FM NORMAL     0    PTCLDY (SCALE 4-7)   6
TOTAL FM JUL 1     0    CLOUDY (SCALE 8-10)  1
DPTR FM NORMAL     0

[CDD (BASE 65) ]
TOTAL THIS MO.   358
DPTR FM NORMAL   -67    [PRESSURE DATA]
TOTAL FM JAN 1  1086    HIGHEST SLP M ON M
DPTR FM NORMAL    53    LOWEST  SLP M ON M

[REMARKS]
