000
CXAK56 PADQ 011208
CF6ADQ

PRELIMINARY LOCAL CLIMATOLOGICAL DATA (WS FORM: F-6)

                                          STATION:   KODIAK
                                          MONTH:     07
                                          YEAR:      2015
                                          LATITUDE:   57 45 N
                                          LONGITUDE: 152 30 W

  TEMPERATURE IN F:       :PCPN:    SNOW:  WIND      :SUNSHINE: SKY     :PK WND
================================================================================
1   2   3   4   5  6A  6B    7     8   9   10  11  12  13   14  15   16  17  18
                                      12Z  AVG MX 2MIN
DY MAX MIN AVG DEP HDD CDD  WTR   SNW DPTH SPD SPD DIR MIN PSBL S-S WX   SPD DR
================================================================================

 1  61  49  55   2  10   0     T  0.0   0  6.8 14   50   M    M   M      21  50
 2  74  48  61   8   4   0  0.00  0.0   0  8.2 22  290   M    M   M      27 290
 3  63  49  56   3   9   0  0.10  0.0   0  8.7 17   70   M    M   M      20  60
 4  63  52  58   5   7   0  0.45  0.0   0 13.5 24   50   M    M   M 1    28  50
 5  56  53  55   2  10   0  0.49  0.0   0 11.8 17   60   M    M   M 12   21 100
 6  58  51  55   2  10   0  1.37  0.0   0 11.2 18  110   M    M   M 1    21 110
 7  65  48  57   3   8   0     T  0.0   0  8.1 19  310   M    M   M      34 320
 8  58  51  55   1  10   0  0.02  0.0   0  5.6 10   80   M    M   M 1    14  30
 9  57  52  55   1  10   0  0.05  0.0   0  4.6  9  100   M    M   M 1    11 100
10  59  50  55   1  10   0  0.06  0.0   0  3.8  9  110   M    M   M 1    11 110
11  66  48  57   3   8   0  0.00  0.0   0  5.7 13   40   M    M   M      16  70
12  58  53  56   2   9   0  0.06  0.0   0  7.2 14  100   M    M   M 1    15 100
13  58  52  55   1  10   0  0.06  0.0   0  7.1 16   80   M    M   M 1    19 350
14  58  47  53  -2  12   0  0.00  0.0   0  5.3 12   80   M    M   M      13  40
15  56  52  54  -1  11   0  0.14  0.0   0  9.9 23   70   M    M   M 1    28  80
16  61  53  57   2   8   0  0.30  0.0   0 11.9 21  180   M    M   M 1    27 130
17  66  52  59   4   6   0  0.00  0.0   0  7.7 18  190   M    M   M      23 190
18  61  47  54  -1  11   0  0.00  0.0   0  4.5 10  100   M    M   M      13 290
19  71  47  59   4   6   0  0.00  0.0   0  8.1 21  280   M    M   M      27 290
20  71  54  63   8   2   0  0.00  0.0   0  6.0 14  320   M    M   M      17  30
21  71  56  64   9   1   0  0.01  0.0   0  7.1 20  280   M    M   M      26 260
22  63  54  59   4   6   0  0.01  0.0   0  9.3 24  280   M    M   M 1    30 280
23  71  53  62   7   3   0  0.04  0.0   0 15.6 26  290   M    M   M      36 280
24  72  56  64   9   1   0  0.00  0.0   0  9.7 20  290   M    M   M      25 280
25  65  56  61   5   4   0     T  0.0   0  6.9 14  310   M    M   M      19 290
26  61  54  58   2   7   0  0.00  0.0   0  5.4 14  300   M    M   M      33  90
27  64  54  59   3   6   0  0.01  0.0   0  5.1 13   90   M    M   M      17 320
28  65  55  60   4   5   0  0.00  0.0   0  5.4 12   40   M    M   M      13  40
29  63  54  59   3   6   0  0.00  0.0   0  8.5 20  100   M    M   M      23 100
30  60  50  55  -1  10   0  0.15  0.0   0  4.4  8  110   M    M   M 1    12  80
31  71  45  58   2   7   0  0.00  0.0   0  6.1 10  260   M    M   M      13 300
================================================================================
SM 1966 1595       227   0  3.32  0.0    239.2           M        M
================================================================================
AV 63.4 51.5                              7.7 FASTST  PSBL  %   M    MAX(MPH)
                                 MISC ---->     26  290                 36 280
================================================================================
NOTES:
# LAST OF SEVERAL OCCURRENCES

COLUMN 17 PEAK WIND IN M.P.H.

PRELIMINARY LOCAL CLIMATOLOGICAL DATA (WS FORM: F-6) , PAGE 2

                                          STATION:   KODIAK
                                          MONTH:     07
                                          YEAR:      2015
                                          LATITUDE:  57 45 N
                                          LONGITUDE: 152 30 W

[TEMPERATURE DATA]      [PRECIPITATION DATA]       SYMBOLS USED IN COLUMN 16

AVERAGE MONTHLY:57.4   TOTAL FOR MONTH: 3.32       1 = FOG
DPTR FM NORMAL:  2.8   DPTR FM NORMAL: -1.61       2 = FOG REDUCING VISIBILITY
HIGHEST:    74 ON  2    GRTST 24HR   1.37 ON  6        TO 1/4 MILE OR LESS
LOWEST:     45 ON 31                               3 = THUNDER
                        SNOW, ICE PELLETS, HAIL    4 = ICE PELLETS
                        TOTAL MONTH:  0.0         5 = HAIL
                        GRTST 24HR   0.0           6 = GLAZE OR RIME
                        GRTST DEPTH:    0          7 = BLOWING DUST OR SAND:
                                                       VSBY 1/2 MILE OR LESS
                                                   8 = SMOKE OR HAZE
[NO. OF DAYS WITH]      [WEATHER - DAYS WITH]      9 = BLOWING SNOW
                                                   X = TORNADO
MAX 32 OR BELOW:   0    0.01 INCH OR MORE:  16
MAX 70 OR ABOVE:   7    0.10 INCH OR MORE:   7
MIN 32 OR BELOW:   0    0.50 INCH OR MORE:   1
MIN  0 OR BELOW:   0    1.00 INCH OR MORE:   1

[HDD (BASE 65) ]
TOTAL THIS MO.   227    CLEAR  (SCALE 0-3)   M
DPTR FM NORMAL   -99    PTCLDY (SCALE 4-7)   M
SEASONAL TOTAL   227    CLOUDY (SCALE 8-10)  M
DPTR FM NORMAL   -99

[CDD (BASE 65) ]
TOTAL THIS MO.     0
DPTR FM NORMAL     0    [PRESSURE DATA]
SEASONAL TOTAL     1    HIGHEST SLP     M
DPTR FM NORMAL     1    LOWEST  SLP     M

&&

...JULY WARMER WITH LESS THAN NORMAL PRECIPITATION...

TEMPERATURES...THE MAXIMUM TEMPERATURE FOR JULY WAS NINE DEGREES WARMER THAN
AVERAGE. THE MINIMUM TEMPERATURE WAS SIX DEGREES COOLER THAN AVERAGE. THE MAXIMUM
TEMPERATURE WAS THE SAME AS LAST YEAR. THE MINIMUM TEMPERATURE WAS THE SAME AS LAST
YEAR.

PRECIPITATION...JUNE PRECIPITATION TOTALS OF 3.32 INCHES WERE 1.61 INCHES BELOW
NORMAL...AND 0.74 INCHES HIGHER THAN LAST YEARS TOTAL OF 2.58 INCHES.

RECORDS...NO RECORDS WERE BROKEN IN JULY.

$$
CSB JUL 15
