000
CXUS54 KFWD 170730
CF6AFW
PRELIMINARY LOCAL CLIMATOLOGICAL DATA (WS FORM: F-6)

                                          STATION:   FORT WORTH ALLIANCE
                                          MONTH:     AUGUST
                                          YEAR:      2017
                                          LATITUDE:   32 58 N
                                          LONGITUDE:  97 19 W

  TEMPERATURE IN F:       :PCPN:    SNOW:  WIND      :SUNSHINE: SKY     :PK WND
================================================================================
1   2   3   4   5  6A  6B    7    8   9   10  11  12  13   14  15   16   17  18
                                     12Z  AVG MX 2MIN
DY MAX MIN AVG DEP HDD CDD  WTR  SNW DPTH SPD SPD DIR MIN PSBL S-S WX    SPD DR
================================================================================

 1  89  71  80  -6   0  15 0.13  0.0    0  4.2 15  40   M    M   9 1      23  40
 2  79  70  75 -11   0  10 1.14  0.0    0  4.1 13  20   M    M   8 1      17  30
 3  92  69  81  -5   0  16 0.00  0.0    0  2.9  8  20   M    M   4 18     12  20
 4  94  70  82  -4   0  17 0.00  0.0    0  3.0 14 100   M    M   4 1      21  90
 5  96  73  85  -1   0  20 0.00  0.0    0  9.9 20 150   M    M   5        26 140
 6  98  74  86   0   0  21 0.24  0.0    0  9.3 17 320   M    M   7 13     25 190
 7  92  73  83  -3   0  18    T  0.0    0  7.3 21  30   M    M   6        25  20
 8  90  75  83  -3   0  18 0.00  0.0    0  7.8 18  30   M    M   5        24  30
 9  93  68  81  -5   0  16 0.00  0.0    0  4.4 12 120   M    M   5        16  40
10  97  71  84  -2   0  19 0.00  0.0    0  4.3 13 220   M    M   4        17 220
11  99  77  88   2   0  23 0.00  0.0    0  6.7 21  10   M    M   5        26 350
12  98  74  86   0   0  21 0.63  0.0    0  5.9 22 310   M    M   6 13     30 320
13  90  75  83  -3   0  18 0.07  0.0    0  2.2  9 240   M    M   8 13     14 220
14  93  72  83  -2   0  18 0.11  0.0    0  5.9 23 290   M    M   7 13     33 290
15  92  78  85   0   0  20 0.01  0.0    0  6.6 16 170   M    M   7        23 170
16  93  79  86   1   0  21    T  0.0    0  9.9 17 200   M    M   6        26 210
================================================================================
SM 1485 1169         0 291  2.33     0.0  94.4          M       96
================================================================================
AV 92.8 73.1                               5.9 FASTST   M    M   6    MAX(MPH)
                                 MISC ---->  # 23 290               # 33  290
================================================================================
NOTES:
# LAST OF SEVERAL OCCURRENCES

COLUMN 17 PEAK WIND IN M.P.H.

PRELIMINARY LOCAL CLIMATOLOGICAL DATA (WS FORM: F-6) , PAGE 2

                                          STATION:  FORT WORTH ALLIANCE
                                          MONTH:    AUGUST
                                          YEAR:     2017
                                          LATITUDE:   32 58 N
                                          LONGITUDE:  97 19 W

[TEMPERATURE DATA]      [PRECIPITATION DATA]       SYMBOLS USED IN COLUMN 16

AVERAGE MONTHLY: 82.9   TOTAL FOR MONTH:   2.33    1 = FOG OR MIST
DPTR FM NORMAL:  -2.9   DPTR FM NORMAL:    1.20    2 = FOG REDUCING VISIBILITY
HIGHEST:    99 ON 11    GRTST 24HR  1.27 ON  1- 2      TO 1/4 MILE OR LESS
LOWEST:     68 ON  9                               3 = THUNDER
                        SNOW, ICE PELLETS, HAIL    4 = ICE PELLETS
                        TOTAL MONTH:   0.0 INCH    5 = HAIL
                        GRTST 24HR     0.0         6 = FREEZING RAIN OR DRIZZLE
                        GRTST DEPTH:   0           7 = DUSTSTORM OR SANDSTORM:
                                                       VSBY 1/2 MILE OR LESS
                                                   8 = SMOKE OR HAZE
[NO. OF DAYS WITH]      [WEATHER - DAYS WITH]      9 = BLOWING SNOW
                                                   X = TORNADO
MAX 32 OR BELOW:   0    0.01 INCH OR MORE:   7
MAX 90 OR ABOVE:  14    0.10 INCH OR MORE:   5
MIN 32 OR BELOW:   0    0.50 INCH OR MORE:   2
MIN  0 OR BELOW:   0    1.00 INCH OR MORE:   1

[HDD (BASE 65) ]
TOTAL THIS MO.     0    CLEAR  (SCALE 0-3)   0
DPTR FM NORMAL     0    PTCLDY (SCALE 4-7)  14
TOTAL FM JUL 1     0    CLOUDY (SCALE 8-10)  2
DPTR FM NORMAL     0

[CDD (BASE 65) ]
TOTAL THIS MO.   291
DPTR FM NORMAL   -41    [PRESSURE DATA]
TOTAL FM JAN 1  1902    HIGHEST SLP M ON M
DPTR FM NORMAL   108    LOWEST  SLP 29.70 ON  6

[REMARKS]
