000
CXUS55 KCAE 261400
CF6AGS
PRELIMINARY LOCAL CLIMATOLOGICAL DATA (WS FORM: F-6)

                                          STATION:   AUGUSTA BUSH FIELD GA
                                          MONTH:     DECEMBER
                                          YEAR:      2014
                                          LATITUDE:   33 22 N
                                          LONGITUDE:  81 58 W

  TEMPERATURE IN F:       :PCPN:    SNOW:  WIND      :SUNSHINE: SKY     :PK WND
================================================================================
1   2   3   4   5  6A  6B    7    8   9   10  11  12  13   14  15   16   17  18
                                     12Z  AVG MX 2MIN
DY MAX MIN AVG DEP HDD CDD  WTR  SNW DPTH SPD SPD DIR MIN PSBL S-S WX    SPD DR
================================================================================

 1  75  32  54   3  11   0 0.00  0.0    0  1.8 10 210   M    M   0 128    16 230
 2  76  35  56   6   9   0 0.00  0.0    0  1.7  8 110   M    M   2 12     11 120
 3  73  50  62  12   3   0 0.00  0.0    0  1.8  7 280   M    M   6 12      9 270
 4  73  48  61  11   4   0 0.00  0.0    0  3.7 12  80   M    M   6 128    13  90
 5  63  47  55   5  10   0 0.00  0.0    0  4.4  9 100   M    M   7 18     12 120
 6  61  48  55   6  10   0 0.04  0.0    0  4.0 17 360   M    M   8 18     22 330
 7  62  43  53   4  12   0 0.00  0.0    0 11.1 21  40   M    M   2        27  40
 8  48  42  45  -4  20   0 0.00  0.0    0 10.0 17  30   M    M   9        22  20
 9  57  41  49   1  16   0 0.00  0.0    0  8.6 16 340   M    M   8        21 320
10  57  30  44  -4  21   0 0.00  0.0    0  5.0 16 320   M    M   0 8      23 290
11  56  24  40  -8  25   0 0.00  0.0    0  2.1  9 320   M    M   0 1      13 320
12  62  22  42  -6  23   0 0.00  0.0    0  1.5  8 250   M    M   0 1      13 270
13  68  23  46  -2  19   0 0.00  0.0    0  0.9  8 320   M    M   0        11 320
14  71  25  48   1  17   0 0.00  0.0    0  0.6  6 120   M    M   0 1       8 120
15  64  25  45  -2  20   0 0.00  0.0    0  1.6  9 220   M    M   0 18     13 180
16  70  32  51   4  14   0 0.06  0.0    0  7.7 23 240   M    M   3 1      33 280
17  62  29  46  -1  19   0 0.00  0.0    0  2.3  9 300   M    M   0 1      12 220
18  62  31  47   1  18   0 0.00  0.0    0  1.0  8 340   M    M   0 1       9 340
19  64  31  48   2  17   0 0.00  0.0    0  1.2  7  30   M    M   0 1      11  20
20  55  47  51   5  14   0 0.08  0.0    0  3.6 10  40   M    M  10 18     12  30
21  57  46  52   6  13   0 0.15  0.0    0  6.2 14  70   M    M  10 1      16  60
22  47  45  46   0  19   0 0.47  0.0    0  5.9 10  60   M    M  10 1      14  20
23  56  44  50   4  15   0 0.46    M    0  4.7 15 140   M    M  10 12     20 140
24  67  56  62  16   3   0 2.83  0.0    0  7.8 24 300   M    M   9 13     34 290
25  59  33  46   0  19   0    T  0.0    0  7.4 23 310   M    M   0        30 310
================================================================================
SM 1565  929       371   0  4.09     0.0 106.6          M      100
================================================================================
AV 62.6 37.2                               4.3 FASTST   M    M   4    MAX(MPH)
                                 MISC ---->  # 24 300               # 34  290
================================================================================
NOTES:
# LAST OF SEVERAL OCCURRENCES

COLUMN 17 PEAK WIND IN M.P.H.

PRELIMINARY LOCAL CLIMATOLOGICAL DATA (WS FORM: F-6) , PAGE 2

                                          STATION:  AUGUSTA BUSH FIELD GA
                                          MONTH:    DECEMBER
                                          YEAR:     2014
                                          LATITUDE:   33 22 N
                                          LONGITUDE:  81 58 W

[TEMPERATURE DATA]      [PRECIPITATION DATA]       SYMBOLS USED IN COLUMN 16

AVERAGE MONTHLY: 49.9   TOTAL FOR MONTH:   4.09    1 = FOG OR MIST
DPTR FM NORMAL:   2.1   DPTR FM NORMAL:    1.38    2 = FOG REDUCING VISIBILITY
HIGHEST:    76 ON  2    GRTST 24HR  3.23 ON 23-24      TO 1/4 MILE OR LESS
LOWEST:     22 ON 12                               3 = THUNDER
                        SNOW, ICE PELLETS, HAIL    4 = ICE PELLETS
                        TOTAL MONTH:   0.0 INCH    5 = HAIL
                        GRTST 24HR     0.0         6 = FREEZING RAIN OR DRIZZLE
                        GRTST DEPTH:   0           7 = DUSTSTORM OR SANDSTORM:
                                                       VSBY 1/2 MILE OR LESS
                                                   8 = SMOKE OR HAZE
[NO. OF DAYS WITH]      [WEATHER - DAYS WITH]      9 = BLOWING SNOW
                                                   X = TORNADO
MAX 32 OR BELOW:   0    0.01 INCH OR MORE:   7
MAX 90 OR ABOVE:   0    0.10 INCH OR MORE:   4
MIN 32 OR BELOW:  11    0.50 INCH OR MORE:   1
MIN  0 OR BELOW:   0    1.00 INCH OR MORE:   1

[HDD (BASE 65) ]
TOTAL THIS MO.   371    CLEAR  (SCALE 0-3)  14
DPTR FM NORMAL   -64    PTCLDY (SCALE 4-7)   3
TOTAL FM JUL 1   935    CLOUDY (SCALE 8-10)  8
DPTR FM NORMAL    78

[CDD (BASE 65) ]
TOTAL THIS MO.     0
DPTR FM NORMAL     0    [PRESSURE DATA]
TOTAL FM JAN 1  2099    HIGHEST SLP M ON M
DPTR FM NORMAL    13    LOWEST  SLP 29.67 ON 24

[REMARKS]
