000
CXUS55 KCYS 251000
CF6AIA
PRELIMINARY LOCAL CLIMATOLOGICAL DATA (WS FORM: F-6)

                                          STATION:   ALLIANCE NEBRASKA AIRPORT
                                          MONTH:     JULY
                                          YEAR:      2017
                                          LATITUDE:   42  2 N
                                          LONGITUDE: 102 48 W

  TEMPERATURE IN F:       :PCPN:    SNOW:  WIND      :SUNSHINE: SKY     :PK WND
================================================================================
1   2   3   4   5  6A  6B    7    8   9   10  11  12  13   14  15   16   17  18
                                     12Z  AVG MX 2MIN
DY MAX MIN AVG DEP HDD CDD  WTR  SNW DPTH SPD SPD DIR MIN PSBL S-S WX    SPD DR
================================================================================

 1  89  43  66  -4   0   1 0.00    M    M  4.9 14 260   M    M   0        19 280
 2  94  54  74   4   0   9    T    M    M 10.4 45 100   M    M   1 38     60 110
 3  93  56  75   5   0  10 0.05    M    M 11.7 39 110   M    M   1 3      47 120
 4  94  51  73   3   0   8 0.00    M    M  4.7 14  60   M    M   0        18 120
 5  99  52  76   5   0  11 0.00    M    M  6.9 15 170   M    M   0 1      21 150
 6  97  51  74   3   0   9    T    M    M 10.7 39 340   M    M   0        50 340
 7  90  58  74   3   0   9 0.16    M    M  8.4 26  50   M    M   0 13     33  50
 8  94  55  75   4   0  10 0.00    M    M  9.8 22 180   M    M   0        26 170
 9 102  50  76   4   0  11    T    M    M  7.1 25 210   M    M   0 3      34 220
10  92  62  77   5   0  12 0.00    M    M  8.2 17 170   M    M   0 3      23 120
11  98  58  78   6   0  13 0.05    M    M  9.1 38 310   M    M   0 3      45 310
12  85  58  72   0   0   7 0.00    M    M  9.8 21  30   M    M   1        34 360
13  89  50  70  -2   0   5 0.00    M    M  7.5 17 150   M    M   0        23 160
14  93  51  72   0   0   7 0.00    M    M  9.9 21 160   M    M   1 12     26 150
15  96  57  77   4   0  12 0.00    M    M  7.6 18 160   M    M   0        23 100
16  92  53  73   0   0   8 0.00    M    M 11.4 24 160   M    M   0        30 180
17  96  58  77   4   0  12 0.00    M    M  9.0 21  40   M    M   0        25  40
18  92  67  80   7   0  15    T    M    M  8.1 21 160   M    M   2        25 160
19 104  63  84  11   0  19 0.26    M    M 12.1 36 230   M    M   2 13     45 230
20  92  66  79   6   0  14 0.08    M    M  7.2 30 350   M    M   1        39 350
21  97  62  80   7   0  15 0.00    M    M  8.4 18 310   M    M   0 8      23 330
22  92  58  75   2   0  10 0.00    M    M  7.8 21  90   M    M   0        31 170
23  96  51  74   1   0   9 0.00    M    M  5.2 17 200   M    M   0        22 200
24 103  66  85  12   0  20 0.00    M    M 15.1 25 170   M    M   0        31 170
================================================================================
SM 2269 1350         0 256  0.60    M    211.0          M        9
================================================================================
AV 94.5 56.3                               8.8 FASTST   M    M   0    MAX(MPH)
                                 MISC ---->  # 45 100               # 60  110
================================================================================
NOTES:
# LAST OF SEVERAL OCCURRENCES

COLUMN 17 PEAK WIND IN M.P.H.

PRELIMINARY LOCAL CLIMATOLOGICAL DATA (WS FORM: F-6) , PAGE 2

                                          STATION:  ALLIANCE NEBRASKA AIRPORT
                                          MONTH:    JULY
                                          YEAR:     2017
                                          LATITUDE:   42  2 N
                                          LONGITUDE: 102 48 W

[TEMPERATURE DATA]      [PRECIPITATION DATA]       SYMBOLS USED IN COLUMN 16

AVERAGE MONTHLY: 75.4   TOTAL FOR MONTH:   0.60    1 = FOG OR MIST
DPTR FM NORMAL:   3.5   DPTR FM NORMAL:   -1.30    2 = FOG REDUCING VISIBILITY
HIGHEST:   104 ON 19    GRTST 24HR  0.26 ON 19-19      TO 1/4 MILE OR LESS
LOWEST:     43 ON  1                               3 = THUNDER
                        SNOW, ICE PELLETS, HAIL    4 = ICE PELLETS
                        TOTAL MONTH:    M          5 = HAIL
                        GRTST 24HR    M  ON   M    6 = FREEZING RAIN OR DRIZZLE
                        GRTST DEPTH:  M  ON   M    7 = DUSTSTORM OR SANDSTORM:
                                                       VSBY 1/2 MILE OR LESS
                                                   8 = SMOKE OR HAZE
[NO. OF DAYS WITH]      [WEATHER - DAYS WITH]      9 = BLOWING SNOW
                                                   X = TORNADO
MAX 32 OR BELOW:   0    0.01 INCH OR MORE:   5
MAX 90 OR ABOVE:  21    0.10 INCH OR MORE:   2
MIN 32 OR BELOW:   0    0.50 INCH OR MORE:   0
MIN  0 OR BELOW:   0    1.00 INCH OR MORE:   0

[HDD (BASE 65) ]
TOTAL THIS MO.     0    CLEAR  (SCALE 0-3)  24
DPTR FM NORMAL    -5    PTCLDY (SCALE 4-7)   0
TOTAL FM JUL 1     0    CLOUDY (SCALE 8-10)  0
DPTR FM NORMAL    -5

[CDD (BASE 65) ]
TOTAL THIS MO.   256
DPTR FM NORMAL    81    [PRESSURE DATA]
TOTAL FM JAN 1   324    HIGHEST SLP M ON M
DPTR FM NORMAL    51    LOWEST  SLP 29.73 ON 11

[REMARKS]
