527
CXUS56 KSGX 311545
CF6AJO
PRELIMINARY LOCAL CLIMATOLOGICAL DATA (WS FORM: F-6)

                                          STATION:   CORONA AIRPORT CA
                                          MONTH:     AUGUST
                                          YEAR:      2016
                                          LATITUDE:   33 53 N
                                          LONGITUDE: 117 36 W

  TEMPERATURE IN F:       :PCPN:    SNOW:  WIND      :SUNSHINE: SKY     :PK WND
================================================================================
1   2   3   4   5  6A  6B    7    8   9   10  11  12  13   14  15   16   17  18
                                     12Z  AVG MX 2MIN
DY MAX MIN AVG DEP HDD CDD  WTR  SNW DPTH SPD SPD DIR MIN PSBL S-S WX    SPD DR
================================================================================

 1  93  62  78   M   0  13 0.00  0.0    0  7.2 20 280   M    M   0        27 280
 2  92  64  78   M   0  13 0.00  0.0    0  6.8 16 300   M    M   0        22 280
 3  89  64  77   M   0  12 0.00  0.0    0  6.9 17 290   M    M   0        23 290
 4  90  63  77   M   0  12 0.00  0.0    0  8.3 17 290   M    M   0        23 280
 5  86  60  73   M   0   8 0.00  0.0    0  6.8 15 280   M    M   2        25 290
 6  86  61  74   M   0   9 0.00  0.0    0  7.3 17 290   M    M   2        23 280
 7  88  58  73   M   0   8 0.00  0.0    0  7.1 18 280   M    M   2 1      27 280
 8  85  57  71   M   0   6 0.00  0.0    M  6.6 16 280   M    M   2 1      25 290
 9  86  64  75   M   0  10 0.00  0.0    0  6.4 15 270   M    M   4 8      20 290
10  90  54  72   M   0   7    T  0.0    0  6.3 15 270   M    M   1 18     23 270
11  88  53  71   M   0   6 0.00  0.0    0  6.5 15 290   M    M   0 1      27 290
12  90  59  75   M   0  10 0.00  0.0    0  6.6 17 290   M    M   0        22 300
13  96  61  79   M   0  14 0.00  0.0    0  6.0 16 280   M    M   0        23 280
14  98  64  81   M   0  16 0.00  0.0    M  6.3 16 290   M    M   0        22 290
15 104  62  83   M   0  18 0.00  0.0    0  5.7 15 270   M    M   0        22 280
16 101  50  76   M   0  11 0.00  0.0    0  5.0 13 280   M    M   0        18 290
17  97  50  74   M   0   9 0.00  0.0    0  5.5 17 270   M    M   0        25 270
18  93  60  77   M   0  12 0.00  0.0    0  8.1 21 280   M    M   0        27 280
19  92  56  74   M   0   9 0.00  0.0    0  6.0 18 270   M    M   0        23 270
20  90  55  73   M   0   8 0.00  0.0    0  5.5 14 300   M    M   0        21 290
21  91  59  75   M   0  10 0.00  0.0    0  5.9 16 280   M    M   0         M  M
22  90  58  74   M   0   9 0.00  0.0    M  7.5 16 280   M    M   0        22 280
23  90  58  74   M   0   9 0.00  0.0    0  6.1 16 300   M    M   0        21 290
24  91  58  75   M   0  10 0.00  0.0    0  7.0 15 290   M    M   0        22 280
25  87  63  75   M   0  10 0.00  0.0    0  8.0 18 280   M    M   0        23 280
26  83  57  70   M   0   5 0.00  0.0    0  5.6 15 290   M    M   4        24 290
27  82  54  68   M   0   3 0.00  0.0    0  4.6 14 280   M    M   3 1      18 260
28  92  55  74   M   0   9 0.00  0.0    0  5.7 17 280   M    M   0        23 270
29  95  56  76   M   0  11 0.00  0.0    0  5.6 17 290   M    M   0        23 290
30  98  65  82   M   0  17 0.00  0.0    0  6.3 16 290   M    M   0        22 290
================================================================================
SM 2733 1760         0 304    T      0.0 193.2          M       20
================================================================================
AV 91.1 58.7                               6.4 FASTST   M    M   1    MAX(MPH)
                                 MISC ---->    21   M               # 27  280
================================================================================
NOTES:
# LAST OF SEVERAL OCCURRENCES

COLUMN 17 PEAK WIND IN M.P.H.

PRELIMINARY LOCAL CLIMATOLOGICAL DATA (WS FORM: F-6) , PAGE 2

                                          STATION:  CORONA AIRPORT CA
                                          MONTH:    AUGUST
                                          YEAR:     2016
                                          LATITUDE:   33 53 N
                                          LONGITUDE: 117 36 W

[TEMPERATURE DATA]      [PRECIPITATION DATA]       SYMBOLS USED IN COLUMN 16

AVERAGE MONTHLY: 74.9   TOTAL FOR MONTH:      T    1 = FOG OR MIST
DPTR FM NORMAL:     M   DPTR FM NORMAL:       M    2 = FOG REDUCING VISIBILITY
HIGHEST:   104 ON 15    GRTST 24HR    T  ON 10-10      TO 1/4 MILE OR LESS
LOWEST:     50 ON 17,16                            3 = THUNDER
                        SNOW, ICE PELLETS, HAIL    4 = ICE PELLETS
                        TOTAL MONTH:   0.0 INCH    5 = HAIL
                        GRTST 24HR     0.0         6 = FREEZING RAIN OR DRIZZLE
                        GRTST DEPTH:   0           7 = DUSTSTORM OR SANDSTORM:
                                                       VSBY 1/2 MILE OR LESS
                                                   8 = SMOKE OR HAZE
[NO. OF DAYS WITH]      [WEATHER - DAYS WITH]      9 = BLOWING SNOW
                                                   X = TORNADO
MAX 32 OR BELOW:   0    0.01 INCH OR MORE:   0
MAX 90 OR ABOVE:  20    0.10 INCH OR MORE:   0
MIN 32 OR BELOW:   0    0.50 INCH OR MORE:   0
MIN  0 OR BELOW:   0    1.00 INCH OR MORE:   0

[HDD (BASE 65) ]
TOTAL THIS MO.     0    CLEAR  (SCALE 0-3)  28
DPTR FM NORMAL     M    PTCLDY (SCALE 4-7)   2
TOTAL FM JUL 1     0    CLOUDY (SCALE 8-10)  0
DPTR FM NORMAL     M

[CDD (BASE 65) ]
TOTAL THIS MO.   304
DPTR FM NORMAL     M    [PRESSURE DATA]
TOTAL FM JAN 1   961    HIGHEST SLP M ON M
DPTR FM NORMAL     M    LOWEST  SLP M ON M

[REMARKS]
