000
CXAK56 PAFC 241320
CF6AKN
PRELIMINARY LOCAL CLIMATOLOGICAL DATA (WS FORM: F-6)

                                          STATION:   KING SALMON
                                          MONTH:     JANUARY
                                          YEAR:      2017
                                          LATITUDE:   58 41 N
                                          LONGITUDE: 156 39 W

  TEMPERATURE IN F:       :PCPN:    SNOW:  WIND      :SUNSHINE: SKY     :PK WND
================================================================================
1   2   3   4   5  6A  6B    7    8   9   10  11  12  13   14  15   16   17  18
                                     12Z  AVG MX 2MIN
DY MAX MIN AVG DEP HDD CDD  WTR  SNW DPTH SPD SPD DIR MIN PSBL S-S WX    SPD DR
================================================================================

 1  44  32  38  21  27   0 0.00  0.0    0 16.7 32 150   M    M   4        40 150
 2  39  19  29  12  36   0 0.00  0.0    0  6.6 28 160   M    M   6        34 160
 3  27  18  23   6  42   0 0.00  0.0    0  2.3  8 130   M    M   7        10 330
 4  33  17  25   8  40   0 0.00  0.0    0  4.9 13 360   M    M   9 12     15 360
 5  24  11  18   2  47   0 0.00  0.0    0  4.2  9 360   M    M   1        11 360
 6  19   7  13  -3  52   0 0.00  0.0    0  9.9 20 360   M    M   2        25 360
 7  12   1   7  -9  58   0 0.00  0.0    0  6.1 15 340   M    M   1        18 350
 8  18   0   9  -7  56   0 0.00  0.0    0  3.8 10 360   M    M   3        14  10
 9  17  -1   8  -8  57   0 0.00  0.0    0  2.0  9 360   M    M   1        12 350
10  19  -3   8  -8  57   0    T    T    0  0.5  6  60   M    M   3 1       6  50
11  20   3  12  -4  53   0 0.00  0.0    0  4.9 10 360   M    M   5 1      12 360
12  11   2   7  -9  58   0 0.00  0.0    0 12.2 21  10   M    M   1        28 360
13   8   4   6 -10  59   0 0.01  0.3    0 13.8 25 360   M    M   8 1      33 360
14   7  -8   0 -16  65   0    T  0.2    0  5.4 12 260   M    M   6 1      15 230
15   3 -10  -3 -19  68   0 0.00  0.0    T  8.1 16 360   M    M   6        21  20
16   1 -15  -7 -23  72   0 0.00  0.0    T  3.0  9 360   M    M   6        12  20
17 -10 -19 -14 -30  79   0 0.00  0.0    T 11.9 18 350   M    M   0        23 360
18  -6 -20 -13 -29  78   0 0.00  0.0    T  6.2 16 350   M    M   0        20 350
19  30 -20   5 -11  60   0    T    T    T  6.4 18 200   M    M   6        26 200
20  27   2  15  -1  50   0 0.07  1.4    1  8.9 17 350   M    M  10 1      22 350
21   2 -14  -6 -22  71   0 0.03  0.9    1 10.8 18 350   M    M   7 8      24 330
22  -5 -27 -16 -32  81   0 0.00  0.0    1  5.0 13  20   M    M   3 8      17  10
23  36  -4  16   0  49   0 0.01    T    1 14.9 26  90   M    M   9 1      36  90
================================================================================
SM  376  -25      1315   0  0.12     2.8 168.5          M      104
================================================================================
AV 16.4 -1.1                               7.3 FASTST   M    M   5    MAX(MPH)
                                 MISC ---->  # 32 150               # 40  150
================================================================================
NOTES:
# LAST OF SEVERAL OCCURRENCES

COLUMN 17 PEAK WIND IN M.P.H.

PRELIMINARY LOCAL CLIMATOLOGICAL DATA (WS FORM: F-6) , PAGE 2

                                          STATION:  KING SALMON
                                          MONTH:    JANUARY
                                          YEAR:     2017
                                          LATITUDE:   58 41 N
                                          LONGITUDE: 156 39 W

[TEMPERATURE DATA]      [PRECIPITATION DATA]       SYMBOLS USED IN COLUMN 16

AVERAGE MONTHLY:  7.6   TOTAL FOR MONTH:   0.12    1 = FOG OR MIST
DPTR FM NORMAL:  -8.5   DPTR FM NORMAL:   -0.63    2 = FOG REDUCING VISIBILITY
HIGHEST:    44 ON  1    GRTST 24HR  0.07 ON 20-20      TO 1/4 MILE OR LESS
LOWEST:    -27 ON 22                               3 = THUNDER
                        SNOW, ICE PELLETS, HAIL    4 = ICE PELLETS
                        TOTAL MONTH:   2.8 INCHES  5 = HAIL
                        GRTST 24HR   1.4 ON   M    6 = FREEZING RAIN OR DRIZZLE
                        GRTST DEPTH:   1 ON 23,22  7 = DUSTSTORM OR SANDSTORM:
                                                       VSBY 1/2 MILE OR LESS
                                                   8 = SMOKE OR HAZE
[NO. OF DAYS WITH]      [WEATHER - DAYS WITH]      9 = BLOWING SNOW
                                                   X = TORNADO
MAX 32 OR BELOW:  19    0.01 INCH OR MORE:   4
MAX 90 OR ABOVE:   0    0.10 INCH OR MORE:   0
MIN 32 OR BELOW:  23    0.50 INCH OR MORE:   0
MIN  0 OR BELOW:  12    1.00 INCH OR MORE:   0

[HDD (BASE 65) ]
TOTAL THIS MO.  1315    CLEAR  (SCALE 0-3)   9
DPTR FM NORMAL   192    PTCLDY (SCALE 4-7)  10
TOTAL FM JUL 1  5463    CLOUDY (SCALE 8-10)  4
DPTR FM NORMAL  -475

[CDD (BASE 65) ]
TOTAL THIS MO.     0
DPTR FM NORMAL     0    [PRESSURE DATA]
TOTAL FM JAN 1     0    HIGHEST SLP M ON M
DPTR FM NORMAL     0    LOWEST  SLP 28.90 ON 23

[REMARKS]
