000
CXAK56 PAFC 241320
CF6AKN
PRELIMINARY LOCAL CLIMATOLOGICAL DATA (WS FORM: F-6)

                                          STATION:   KING SALMON
                                          MONTH:     NOVEMBER
                                          YEAR:      2017
                                          LATITUDE:   58 41 N
                                          LONGITUDE: 156 39 W

  TEMPERATURE IN F:       :PCPN:    SNOW:  WIND      :SUNSHINE: SKY     :PK WND
================================================================================
1   2   3   4   5  6A  6B    7    8   9   10  11  12  13   14  15   16   17  18
                                     12Z  AVG MX 2MIN
DY MAX MIN AVG DEP HDD CDD  WTR  SNW DPTH SPD SPD DIR MIN PSBL S-S WX    SPD DR
================================================================================

 1  34  25  30   3  35   0 0.00  0.0    0  2.3  9 360   M    M   9 12      M  M
 2  34  23  29   3  36   0 0.00  0.0    0  0.9  5 140   M    M   8 12      M  M
 3  39  32  36  10  29   0 0.00  0.0    0  6.3 12 360   M    M   5 12      M  M
 4  43  30  37  11  28   0    T  0.0    0  3.4  8 260   M    M   8 1       M  M
 5  38  28  33   8  32   0 0.01  0.0    0 11.0 25 350   M    M   6 1      36 340
 6  34  19  27   2  38   0 0.00  0.0    0 11.2 16 350   M    M   2        27  10
 7  36  13  25   0  40   0    T  0.0    0  2.5  9  70   M    M   4         M  M
 8  43  27  35  11  30   0    T  0.0    0  5.2 10 250   M    M   4 2      13 250
 9  39  28  34  10  31   0 0.10    T    0 12.3 21 280   M    M   4 1      27 270
10  33  16  25   1  40   0 0.00  0.0    0  3.7  8 340   M    M   7         M  M
11  32  19  26   2  39   0 0.00  0.0    0  6.6 14 350   M    M   5         M  M
12  42  23  33  10  32   0 0.00  0.0    0  6.2 14 310   M    M   3 1       M  M
13  32  22  27   4  38   0 0.00  0.0    0 11.8 26 350   M    M   3        31 360
14  26  11  19  -4  46   0 0.00  0.0    0  6.6 14 360   M    M   0        17 340
15  27  10  19  -4  46   0 0.06  0.6    1  3.4 10 330   M    M   6 1      14 330
16  38  15  27   5  38   0    T    T    0  8.3 28 270   M    M   8 12     36 280
17  35  22  29   7  36   0 0.00  0.0    T 12.8 26 330   M    M   5        37 330
18  35  10  23   1  42   0 0.32    T    0  5.2 22 170   M    M   5 16     28 160
19  38  23  31   9  34   0 0.25    T    T 12.4 23 270   M    M   6 1      36 270
20  27   5  16  -6  49   0    T    T    T 16.0 29 360   M    M   4 1      47 350
21  30   7  19  -3  46   0 0.04  0.4    1  5.6 13 120   M    M   7 12     16 130
22  37   4  21   0  44   0 0.15  1.2    1  7.0 18 100   M    M   7 16     23 110
23  36  20  28   7  37   0 0.02  0.2    1 17.6 30 340   M    M   5 1      44  10
================================================================================
SM  808  432       866   0  0.95     2.4 178.3          M      121
================================================================================
AV 35.1 18.8                               7.8 FASTST   M    M   5    MAX(MPH)
                                 MISC ---->  # 30 340               # 47  350
================================================================================
NOTES:
# LAST OF SEVERAL OCCURRENCES

COLUMN 17 PEAK WIND IN M.P.H.

PRELIMINARY LOCAL CLIMATOLOGICAL DATA (WS FORM: F-6) , PAGE 2

                                          STATION:  KING SALMON
                                          MONTH:    NOVEMBER
                                          YEAR:     2017
                                          LATITUDE:   58 41 N
                                          LONGITUDE: 156 39 W

[TEMPERATURE DATA]      [PRECIPITATION DATA]       SYMBOLS USED IN COLUMN 16

AVERAGE MONTHLY: 27.0   TOTAL FOR MONTH:   0.95    1 = FOG OR MIST
DPTR FM NORMAL:   3.4   DPTR FM NORMAL:   -0.14    2 = FOG REDUCING VISIBILITY
HIGHEST:    43 ON  8, 4 GRTST 24HR  0.32 ON 18-18      TO 1/4 MILE OR LESS
LOWEST:      4 ON 22                               3 = THUNDER
                        SNOW, ICE PELLETS, HAIL    4 = ICE PELLETS
                        TOTAL MONTH:   2.4 INCHES  5 = HAIL
                        GRTST 24HR   1.2 ON 22-22  6 = FREEZING RAIN OR DRIZZLE
                        GRTST DEPTH:   1 ON 23,22  7 = DUSTSTORM OR SANDSTORM:
                                                       VSBY 1/2 MILE OR LESS
                                                   8 = SMOKE OR HAZE
[NO. OF DAYS WITH]      [WEATHER - DAYS WITH]      9 = BLOWING SNOW
                                                   X = TORNADO
MAX 32 OR BELOW:   6    0.01 INCH OR MORE:   8
MAX 90 OR ABOVE:   0    0.10 INCH OR MORE:   4
MIN 32 OR BELOW:  23    0.50 INCH OR MORE:   0
MIN  0 OR BELOW:   0    1.00 INCH OR MORE:   0

[HDD (BASE 65) ]
TOTAL THIS MO.   866    CLEAR  (SCALE 0-3)   3
DPTR FM NORMAL   -87    PTCLDY (SCALE 4-7)  17
TOTAL FM JUL 1  2659    CLOUDY (SCALE 8-10)  3
DPTR FM NORMAL  -408

[CDD (BASE 65) ]
TOTAL THIS MO.     0
DPTR FM NORMAL     0    [PRESSURE DATA]
TOTAL FM JAN 1     1    HIGHEST SLP M ON M
DPTR FM NORMAL     0    LOWEST  SLP 29.14 ON 22

[REMARKS]
