000
CXUS55 KBOU 220900
CF6AKO
PRELIMINARY LOCAL CLIMATOLOGICAL DATA (WS FORM: F-6)

                                          STATION:   AKRON CO
                                          MONTH:     NOVEMBER
                                          YEAR:      2017
                                          LATITUDE:   40 10 N
                                          LONGITUDE: 103 13 W

  TEMPERATURE IN F:       :PCPN:    SNOW:  WIND      :SUNSHINE: SKY     :PK WND
================================================================================
1   2   3   4   5  6A  6B    7    8   9   10  11  12  13   14  15   16   17  18
                                     12Z  AVG MX 2MIN
DY MAX MIN AVG DEP HDD CDD  WTR  SNW DPTH SPD SPD DIR MIN PSBL S-S WX    SPD DR
================================================================================

 1  74  34  54  10  11   0 0.00    M    M 11.5 26 270   M    M   0        33 240
 2  39  29  34 -10  31   0    T    M    M 10.3 20 150   M    M   7 1      24  20
 3  50  24  37  -7  28   0 0.00    M    M 14.4 28 150   M    M   5 1      34 150
 4  73  23  48   5  17   0 0.00    M    M 11.2 23 260   M    M   1 1      28  10
 5  45  26  36  -7  29   0 0.00    M    M  9.8 23 170   M    M   7 12     31 150
 6  48  29  39  -3  26   0 0.00    M    M  7.2 22 170   M    M   7        29 180
 7  34  22  28 -14  37   0    T    M    M  7.0 20  30   M    M  10 1      24  30
 8  58  24  41   0  24   0 0.00    M    M  9.4 20 240   M    M   2        23 240
 9  42  21  32  -9  33   0 0.00    M    M 13.3 23 140   M    M   0        28 140
10  52  20  36  -4  29   0 0.00    M    M 10.3 18 140   M    M   2 1      22 140
11  61  21  41   1  24   0 0.00    M    M  9.7 17 280   M    M   2 12     22 270
12  59  22  41   2  24   0 0.00    M    M 11.1 22 170   M    M   0        27 190
13  71  33  52  13  13   0 0.00    M    M  8.6 20 280   M    M   0        22 280
14  70  33  52  14  13   0 0.00    M    M 12.3 30 350   M    M   0 8      38 360
15  52  21  37  -1  28   0 0.00    M    M 11.0 18 160   M    M   0        22 170
16  74  25  50  13  15   0 0.00    M    M 10.3 20 230   M    M   0        27 230
17  65  35  50  13  15   0 0.07    M    M 13.8 29 330   M    M   3        33 330
18  44  22  33  -3  32   0 0.00    M    M 15.7 33 350   M    M   2        41 340
19  61  20  41   5  24   0 0.00    M    M 10.5 17 240   M    M   0        20 240
20  66  35  51  16  14   0 0.00    M    M 12.5 32 330   M    M   1        40 320
21  50  31  41   6  24   0 0.00    M    M 10.5 24 360   M    M   2        31 350
================================================================================
SM 1188  550       491   0  0.07    M    230.4          M       51
================================================================================
AV 56.6 26.2                              11.0 FASTST   M    M   2    MAX(MPH)
                                 MISC ---->  # 33 350               # 41  340
================================================================================
NOTES:
# LAST OF SEVERAL OCCURRENCES

COLUMN 17 PEAK WIND IN M.P.H.

PRELIMINARY LOCAL CLIMATOLOGICAL DATA (WS FORM: F-6) , PAGE 2

                                          STATION:  AKRON CO
                                          MONTH:    NOVEMBER
                                          YEAR:     2017
                                          LATITUDE:   40 10 N
                                          LONGITUDE: 103 13 W

[TEMPERATURE DATA]      [PRECIPITATION DATA]       SYMBOLS USED IN COLUMN 16

AVERAGE MONTHLY: 41.4   TOTAL FOR MONTH:   0.07    1 = FOG OR MIST
DPTR FM NORMAL:   1.7   DPTR FM NORMAL:   -0.35    2 = FOG REDUCING VISIBILITY
HIGHEST:    74 ON 16, 1 GRTST 24HR  0.07 ON 17-17      TO 1/4 MILE OR LESS
LOWEST:     20 ON 19,10                            3 = THUNDER
                        SNOW, ICE PELLETS, HAIL    4 = ICE PELLETS
                        TOTAL MONTH:    M          5 = HAIL
                        GRTST 24HR    M  ON   M    6 = FREEZING RAIN OR DRIZZLE
                        GRTST DEPTH:  M  ON   M    7 = DUSTSTORM OR SANDSTORM:
                                                       VSBY 1/2 MILE OR LESS
                                                   8 = SMOKE OR HAZE
[NO. OF DAYS WITH]      [WEATHER - DAYS WITH]      9 = BLOWING SNOW
                                                   X = TORNADO
MAX 32 OR BELOW:   0    0.01 INCH OR MORE:   1
MAX 90 OR ABOVE:   0    0.10 INCH OR MORE:   0
MIN 32 OR BELOW:  16    0.50 INCH OR MORE:   0
MIN  0 OR BELOW:   0    1.00 INCH OR MORE:   0

[HDD (BASE 65) ]
TOTAL THIS MO.   491    CLEAR  (SCALE 0-3)  16
DPTR FM NORMAL   -40    PTCLDY (SCALE 4-7)   4
TOTAL FM JUL 1  1105    CLOUDY (SCALE 8-10)  1
DPTR FM NORMAL   -47

[CDD (BASE 65) ]
TOTAL THIS MO.     0
DPTR FM NORMAL     0    [PRESSURE DATA]
TOTAL FM JAN 1   875    HIGHEST SLP M ON M
DPTR FM NORMAL   119    LOWEST  SLP 29.35 ON  1

[REMARKS]
