000
CXUS55 KBOU 160800
CF6AKO
PRELIMINARY LOCAL CLIMATOLOGICAL DATA (WS FORM: F-6)

                                          STATION:   AKRON CO
                                          MONTH:     JANUARY
                                          YEAR:      2017
                                          LATITUDE:   40 10 N
                                          LONGITUDE: 103 13 W

  TEMPERATURE IN F:       :PCPN:    SNOW:  WIND      :SUNSHINE: SKY     :PK WND
================================================================================
1   2   3   4   5  6A  6B    7    8   9   10  11  12  13   14  15   16   17  18
                                     12Z  AVG MX 2MIN
DY MAX MIN AVG DEP HDD CDD  WTR  SNW DPTH SPD SPD DIR MIN PSBL S-S WX    SPD DR
================================================================================

 1  40  18  29   1  36   0 0.00    M    M  6.8 15 220   M    M   0        19 220
 2  34   8  21  -7  44   0 0.00    M    M 11.8 31 350   M    M   2 128    36 350
 3  16   5  11 -17  54   0    T    M    M  9.4 16 340   M    M   7 1      19 350
 4   9   1   5 -23  60   0    T    M    M 10.8 18 130   M    M   6 18     22 150
 5   7  -5   1 -27  64   0    T    M    M 10.5 20 340   M    M   4 1      25 330
 6  12 -11   1 -27  64   0 0.00    M    M 12.0 21 270   M    M   0 18     26 280
 7  24   0  12 -16  53   0 0.00    M    M 10.6 17 170   M    M   1        21 170
 8  41   9  25  -3  40   0 0.00    M    M 10.9 22 160   M    M   4        28 150
 9  58  30  44  16  21   0 0.00    M    M  9.6 22 300   M    M   1        29 300
10  52  28  40  12  25   0 0.00    M    M 16.1 35 300   M    M   1        45 300
11  47  13  30   1  35   0 0.00    M    M 11.4 21  70   M    M   1        25  70
12  31  14  23  -6  42   0 0.00    M    M 11.5 18  90   M    M   4        23  90
13  31  13  22  -7  43   0 0.00    M    M  5.2 14 170   M    M   2        17 160
14  39  20  30   1  35   0 0.00    M    M  6.8 13 280   M    M   4 18     14 270
15  31  21  26  -3  39   0 0.01    M    M  4.2 12 340   M    M   8 1268   13 350
================================================================================
SM  472  164       655   0  0.01    M    147.6          M       45
================================================================================
AV 31.5 10.9                               9.8 FASTST   M    M   3    MAX(MPH)
                                 MISC ---->  # 35 300               # 45  300
================================================================================
NOTES:
# LAST OF SEVERAL OCCURRENCES

COLUMN 17 PEAK WIND IN M.P.H.

PRELIMINARY LOCAL CLIMATOLOGICAL DATA (WS FORM: F-6) , PAGE 2

                                          STATION:  AKRON CO
                                          MONTH:    JANUARY
                                          YEAR:     2017
                                          LATITUDE:   40 10 N
                                          LONGITUDE: 103 13 W

[TEMPERATURE DATA]      [PRECIPITATION DATA]       SYMBOLS USED IN COLUMN 16

AVERAGE MONTHLY: 21.2   TOTAL FOR MONTH:   0.01    1 = FOG OR MIST
DPTR FM NORMAL:  -7.1   DPTR FM NORMAL:   -0.11    2 = FOG REDUCING VISIBILITY
HIGHEST:    58 ON  9    GRTST 24HR  0.01 ON 15-15      TO 1/4 MILE OR LESS
LOWEST:    -11 ON  6                               3 = THUNDER
                        SNOW, ICE PELLETS, HAIL    4 = ICE PELLETS
                        TOTAL MONTH:    M          5 = HAIL
                        GRTST 24HR    M  ON   M    6 = FREEZING RAIN OR DRIZZLE
                        GRTST DEPTH:  M  ON   M    7 = DUSTSTORM OR SANDSTORM:
                                                       VSBY 1/2 MILE OR LESS
                                                   8 = SMOKE OR HAZE
[NO. OF DAYS WITH]      [WEATHER - DAYS WITH]      9 = BLOWING SNOW
                                                   X = TORNADO
MAX 32 OR BELOW:   8    0.01 INCH OR MORE:   1
MAX 90 OR ABOVE:   0    0.10 INCH OR MORE:   0
MIN 32 OR BELOW:  15    0.50 INCH OR MORE:   0
MIN  0 OR BELOW:   3    1.00 INCH OR MORE:   0

[HDD (BASE 65) ]
TOTAL THIS MO.   655    CLEAR  (SCALE 0-3)   8
DPTR FM NORMAL   106    PTCLDY (SCALE 4-7)   7
TOTAL FM JUL 1  2800    CLOUDY (SCALE 8-10)  0
DPTR FM NORMAL  -329

[CDD (BASE 65) ]
TOTAL THIS MO.     0
DPTR FM NORMAL     0    [PRESSURE DATA]
TOTAL FM JAN 1     0    HIGHEST SLP M ON M
DPTR FM NORMAL     0    LOWEST  SLP 29.35 ON 11

[REMARKS]
