000
CXUS55 KALY 010710
CF6ALB
PRELIMINARY LOCAL CLIMATOLOGICAL DATA (WS FORM: F-6)

                                          STATION:   ALBANY NY
                                          MONTH:     JUNE
                                          YEAR:      2015
                                          LATITUDE:   42 45 N
                                          LONGITUDE:  73 48 W

  TEMPERATURE IN F:       :PCPN:    SNOW:  WIND      :SUNSHINE: SKY     :PK WND
================================================================================
1   2   3   4   5  6A  6B    7    8   9   10  11  12  13   14  15   16   17  18
                                     12Z  AVG MX 2MIN
DY MAX MIN AVG DEP HDD CDD  WTR  SNW DPTH SPD SPD DIR MIN PSBL S-S WX    SPD DR
================================================================================

 1  55  50  53 -10  12   0 0.64  0.0    0  2.9  8  50   M    M  10 18     10  50
 2  63  49  56  -7   9   0 0.01  0.0    0  2.8 13  20   M    M  10 1      16 360
 3  70  49  60  -4   5   0 0.00  0.0    0  6.0 14  20   M    M   4        18 360
 4  71  47  59  -5   6   0 0.00  0.0    0  8.0 14 190   M    M   7        21 190
 5  77  57  67   3   0   2 0.02  0.0    0  6.9 14 170   M    M   8        19 160
 6  71  48  60  -5   5   0 0.48    M    0 10.3 24  20   M    M   6 13     30  20
 7  77  40  59  -6   6   0 0.00  0.0    0  9.3 24 180   M    M   6 1      33 170
 8  76  60  68   3   0   3 0.79  0.0    0 15.0 26 170   M    M   9 1      36 200
 9  79  59  69   3   0   4 0.50  0.0    0 10.9 24 260   M    M   9 13     33 250
10  81  55  68   2   0   3    T  0.0    0  8.8 16 160   M    M   5        22 170
11  82  64  73   7   0   8    T  0.0    0  8.2 17 300   M    M   8        24 170
12  85  61  73   7   0   8 1.62  0.0    0  5.3 32 330   M    M   8 138    41 330
13  83  63  73   6   0   8 0.01  0.0    0  4.6 18  40   M    M   6        25  20
14  83  61  72   5   0   7    T  0.0    0  3.1 16 170   M    M   8 1      22 170
15  73  65  69   2   0   4 0.64  0.0    0  7.6 20 180   M    M   9 1      26 170
16  79  64  72   4   0   7 0.41  0.0    0  8.8 15 280   M    M   9 13     20 330
17  75  61  68   0   0   3 0.00  0.0    0  4.6 18  30   M    M   7        24  10
18  74  61  68   0   0   3    T  0.0    0 11.5 16 170   M    M   9        21 150
19  79  57  68   0   0   3 0.14  0.0    0  8.1 15  40   M    M   8 18     20 170
20  78  49  64  -5   1   0 0.04  0.0    0  7.4 20 180   M    M   8 1      25 170
21  86  65  76   7   0  11 0.23  0.0    0  6.8 18 280   M    M   8 1      23 300
22  84  66  75   6   0  10 0.00  0.0    0  9.0 20 300   M    M   4        25 290
23  89  66  78   9   0  13 0.07  0.0    0 12.2 25 300   M    M   8 3      37 280
24  79  61  70   0   0   5 0.00  0.0    0 11.1 23 290   M    M   3        28 270
25  82  56  69  -1   0   4    T  0.0    0  6.5 16 260   M    M   7        21 270
26  78  59  69  -1   0   4 0.01  0.0    0  5.7 14  50   M    M   7        20  40
27  73  54  64  -6   1   0 0.22  0.0    0  4.4 21 180   M    M  10 1      29 190
28  64  55  60 -10   5   0 0.79  0.0    0  5.8 12 340   M    M  10 1      16  10
29  74  58  66  -4   0   1 0.01    M    M  5.9 17 230   M    M   7 1      22 230
30  71  57  64  -7   1   0 0.07  0.0    0  2.4  9 130   M    M   8 1      13 160
================================================================================
SM 2291 1717        51 111  6.70     0.0 219.9          M      226
================================================================================
AV 76.4 57.2                               7.3 FASTST   M    M   8    MAX(MPH)
                                 MISC ---->  # 32 330               # 41  330
================================================================================
NOTES:
# LAST OF SEVERAL OCCURRENCES

COLUMN 17 PEAK WIND IN M.P.H.

PRELIMINARY LOCAL CLIMATOLOGICAL DATA (WS FORM: F-6) , PAGE 2

                                          STATION:  ALBANY NY
                                          MONTH:    JUNE
                                          YEAR:     2015
                                          LATITUDE:   42 45 N
                                          LONGITUDE:  73 48 W

[TEMPERATURE DATA]      [PRECIPITATION DATA]       SYMBOLS USED IN COLUMN 16

AVERAGE MONTHLY: 66.8   TOTAL FOR MONTH:   6.70    1 = FOG OR MIST
DPTR FM NORMAL:  -0.4   DPTR FM NORMAL:    2.91    2 = FOG REDUCING VISIBILITY
HIGHEST:    89 ON 23    GRTST 24HR  1.63 ON 12-13      TO 1/4 MILE OR LESS
LOWEST:     40 ON  7                               3 = THUNDER
                        SNOW, ICE PELLETS, HAIL    4 = ICE PELLETS
                        TOTAL MONTH:   0.0 INCH    5 = HAIL
                        GRTST 24HR     0.0         6 = FREEZING RAIN OR DRIZZLE
                        GRTST DEPTH:   0           7 = DUSTSTORM OR SANDSTORM:
                                                       VSBY 1/2 MILE OR LESS
                                                   8 = SMOKE OR HAZE
[NO. OF DAYS WITH]      [WEATHER - DAYS WITH]      9 = BLOWING SNOW
                                                   X = TORNADO
MAX 32 OR BELOW:   0    0.01 INCH OR MORE:  19
MAX 90 OR ABOVE:   0    0.10 INCH OR MORE:  11
MIN 32 OR BELOW:   0    0.50 INCH OR MORE:   6
MIN  0 OR BELOW:   0    1.00 INCH OR MORE:   1

[HDD (BASE 65) ]
TOTAL THIS MO.    51    CLEAR  (SCALE 0-3)   0
DPTR FM NORMAL    -1    PTCLDY (SCALE 4-7)  18
TOTAL FM JUL 1  6873    CLOUDY (SCALE 8-10) 12
DPTR FM NORMAL   193

[CDD (BASE 65) ]
TOTAL THIS MO.   111
DPTR FM NORMAL    -7    [PRESSURE DATA]
TOTAL FM JAN 1   234    HIGHEST SLP M ON M
DPTR FM NORMAL    86    LOWEST  SLP 29.53 ON  9

[REMARKS]
#FINAL-06-15#
