000
CXUS55 KPUB 241059
CF6ALS
PRELIMINARY LOCAL CLIMATOLOGICAL DATA (WS FORM: F-6)

                                          STATION:   ALAMOSA CO
                                          MONTH:     MARCH
                                          YEAR:      2017
                                          LATITUDE:   37 27 N
                                          LONGITUDE: 105 52 W

  TEMPERATURE IN F:       :PCPN:    SNOW:  WIND      :SUNSHINE: SKY     :PK WND
================================================================================
1   2   3   4   5  6A  6B    7    8   9   10  11  12  13   14  15   16   17  18
                                     12Z  AVG MX 2MIN
DY MAX MIN AVG DEP HDD CDD  WTR  SNW DPTH SPD SPD DIR MIN PSBL S-S WX    SPD DR
================================================================================

 1  37  11  24  -4  41   0 0.00  0.0    T  5.7 17 340   M    M   0        22 340
 2  46   9  28  -1  37   0 0.00  0.0    0  3.2 10  40   M    M   0        13  10
 3  53  11  32   3  33   0 0.00  0.0    0  5.6 17 200   M    M   0        21 210
 4  58  14  36   6  29   0 0.00  0.0    0  9.3 25 240   M    M   0        31 230
 5  57  28  43  13  22   0 0.02    T    0 19.3 37 240   M    M   1 8      47 230
 6  41  16  29  -1  36   0    T    T    0 24.2 41 230   M    M   1        51 230
 7  46   8  27  -4  38   0 0.00  0.0    0  5.6 13 200   M    M   0        17 200
 8  58  14  36   5  29   0 0.00  0.0    0  5.1 15  20   M    M   0        18  20
 9  63  15  39   7  26   0 0.00  0.0    0  3.8 12  10   M    M   0        15 360
10  66  18  42  10  23   0 0.00  0.0    0  6.1 22 260   M    M   0        29 270
11  62  26  44  12  21   0 0.00  0.0    0  4.9 15 130   M    M   1        20  20
12  61  24  43  11  22   0 0.00  0.0    0  8.0 29 340   M    M   1        38 340
13  63  20  42   9  23   0 0.00  0.0    0  8.4 28 340   M    M   1        33 350
14  67  22  45  12  20   0 0.00  0.0    0  7.2 18 350   M    M   0        25 350
15  68  19  44  10  21   0 0.00  0.0    0  5.1 13 200   M    M   0        16 150
16  70  21  46  12  19   0 0.00  0.0    0  5.4 17 360   M    M   0        23  10
17  70  24  47  13  18   0 0.00  0.0    0  5.2 18 210   M    M   1        22 240
18  73  26  50  16  15   0 0.00  0.0    0  6.9 23 230   M    M   0        32 220
19  71  30  51  16  14   0 0.00  0.0    0  7.5 20 280   M    M   0        27 240
20  71  23  47  12  18   0 0.00  0.0    0  8.3 23 240   M    M   0        30 230
21  70  26  48  13  17   0 0.00  0.0    0  9.6 25 220   M    M   1        36 220
22  72  25  49  14  16   0 0.00  0.0    0 10.1 32 250   M    M   0        40 250
23  63  33  48  12  17   0 0.05    T    0 14.6 36 200   M    M   3 1      46 200
================================================================================
SM 1406  463       555   0  0.07    T    189.1          M       10
================================================================================
AV 61.1 20.1                               8.2 FASTST   M    M   0    MAX(MPH)
                                 MISC ---->  # 41 230               # 51  230
================================================================================
NOTES:
# LAST OF SEVERAL OCCURRENCES

COLUMN 17 PEAK WIND IN M.P.H.

PRELIMINARY LOCAL CLIMATOLOGICAL DATA (WS FORM: F-6) , PAGE 2

                                          STATION:  ALAMOSA CO
                                          MONTH:    MARCH
                                          YEAR:     2017
                                          LATITUDE:   37 27 N
                                          LONGITUDE: 105 52 W

[TEMPERATURE DATA]      [PRECIPITATION DATA]       SYMBOLS USED IN COLUMN 16

AVERAGE MONTHLY: 40.6   TOTAL FOR MONTH:   0.07    1 = FOG OR MIST
DPTR FM NORMAL:   8.3   DPTR FM NORMAL:   -0.31    2 = FOG REDUCING VISIBILITY
HIGHEST:    73 ON 18    GRTST 24HR  0.05 ON 23-23      TO 1/4 MILE OR LESS
LOWEST:      8 ON  7                               3 = THUNDER
                        SNOW, ICE PELLETS, HAIL    4 = ICE PELLETS
                        TOTAL MONTH:    T          5 = HAIL
                        GRTST 24HR    T  ON 23-23  6 = FREEZING RAIN OR DRIZZLE
                        GRTST DEPTH:   T           7 = DUSTSTORM OR SANDSTORM:
                                                       VSBY 1/2 MILE OR LESS
                                                   8 = SMOKE OR HAZE
[NO. OF DAYS WITH]      [WEATHER - DAYS WITH]      9 = BLOWING SNOW
                                                   X = TORNADO
MAX 32 OR BELOW:   0    0.01 INCH OR MORE:   2
MAX 90 OR ABOVE:   0    0.10 INCH OR MORE:   0
MIN 32 OR BELOW:  22    0.50 INCH OR MORE:   0
MIN  0 OR BELOW:   0    1.00 INCH OR MORE:   0

[HDD (BASE 65) ]
TOTAL THIS MO.   555    CLEAR  (SCALE 0-3)  22
DPTR FM NORMAL  -195    PTCLDY (SCALE 4-7)   1
TOTAL FM JUL 1  6344    CLOUDY (SCALE 8-10)  0
DPTR FM NORMAL  -735

[CDD (BASE 65) ]
TOTAL THIS MO.     0
DPTR FM NORMAL     0    [PRESSURE DATA]
TOTAL FM JAN 1     0    HIGHEST SLP M ON M
DPTR FM NORMAL     0    LOWEST  SLP 29.43 ON 23

[REMARKS]
