000
CXUS53 KDMX 270920
CF6AMW
PRELIMINARY LOCAL CLIMATOLOGICAL DATA (WS FORM: F-6)

                                          STATION:   AMES IA
                                          MONTH:     APRIL
                                          YEAR:      2017
                                          LATITUDE:   41 59 N
                                          LONGITUDE:  93 37 W

  TEMPERATURE IN F:       :PCPN:    SNOW:  WIND      :SUNSHINE: SKY     :PK WND
================================================================================
1   2   3   4   5  6A  6B    7    8   9   10  11  12  13   14  15   16   17  18
                                     12Z  AVG MX 2MIN
DY MAX MIN AVG DEP HDD CDD  WTR  SNW DPTH SPD SPD DIR MIN PSBL S-S WX    SPD DR
================================================================================

 1  54  32  43  -1  22   0 0.00  0.0    0  2.4  7 180   M    M   4 1      10  10
 2  50  45  48   4  17   0 0.03    M    0  6.9 17 150   M    M  10 1      21 150
 3  50  47  49   4  16   0 0.63  0.0    0  7.7 14 340   M    M  10 1      17 340
 4  58  46  52   7  13   0 0.00  0.0    0  9.6 21 340   M    M   7 1      25 340
 5  53  43  48   2  17   0 0.03    M    0 10.3 23 350   M    M   8        30 360
 6  55  36  46   0  19   0 0.00  0.0    0 13.6 25 340   M    M   2        34 340
 7  61  28  45  -1  20   0 0.00  0.0    0  6.9 17 150   M    M   0        23 180
 8  75  42  59  12   6   0 0.00  0.0    0 13.0 25 190   M    M   0        31 190
 9  78  56  67  20   0   2 0.00  0.0    0 12.6 23 200   M    M   2        30 200
10  59  40  50   2  15   0    T    M    0 12.2 23 300   M    M   6 1      28 300
11  61  39  50   2  15   0 0.00  0.0    0  8.2 18 310   M    M   4        22 310
12  68  37  53   5  12   0    T    M    0  7.6 18 190   M    M   4 3      25 200
13  74  51  63  14   2   0    T  0.0    0  9.7 20 350   M    M   5 138    22 350
14  71  52  62  13   3   0 0.52  0.0    0 11.5 23 170   M    M   7 138    29 160
15  72  59  66  17   0   1 0.56  0.0    0 12.1 29 300   M    M   6 13     36 300
16  69  46  58   8   7   0 0.00  0.0    0  9.6 22 320   M    M   0        29 340
17  72  42  57   7   8   0 0.00  0.0    0  4.7 13 230   M    M   2        19 260
18  69  51  60  10   5   0 0.13  0.0    0 10.2 28 180   M    M   6 1      35 190
19  75  47  61  10   4   0 0.18  0.0    0 12.5 24 190   M    M   5 13     30 190
20  56  42  49  -2  16   0    T  0.0    0 16.5 25 300   M    M   8        33 300
21  59  38  49  -3  16   0 0.00  0.0    0 10.6 20  30   M    M   0        26  30
22  67  39  53   1  12   0 0.00  0.0    0  6.1 15  20   M    M   0        19  20
23  72  36  54   2  11   0 0.00  0.0    0  6.6 17 180   M    M   0 18     24 210
24  74  41  58   5   7   0    T    M    0 14.6 31 150   M    M   1 8      42 150
25  73  49  61   8   4   0    T  0.0    0  8.4 21 340   M    M   5 8      24 330
26  49  38  44  -9  21   0 0.00  0.0    0 16.0 25 310   M    M  10        30 310
================================================================================
SM 1674 1122       288   3  2.08     0.0 260.1          M      112
================================================================================
AV 64.4 43.2                              10.0 FASTST   M    M   4    MAX(MPH)
                                 MISC ---->  # 31 150               # 42  150
================================================================================
NOTES:
# LAST OF SEVERAL OCCURRENCES

COLUMN 17 PEAK WIND IN M.P.H.

PRELIMINARY LOCAL CLIMATOLOGICAL DATA (WS FORM: F-6) , PAGE 2

                                          STATION:  AMES IA
                                          MONTH:    APRIL
                                          YEAR:     2017
                                          LATITUDE:   41 59 N
                                          LONGITUDE:  93 37 W

[TEMPERATURE DATA]      [PRECIPITATION DATA]       SYMBOLS USED IN COLUMN 16

AVERAGE MONTHLY: 53.8   TOTAL FOR MONTH:   2.08    1 = FOG OR MIST
DPTR FM NORMAL:   5.0   DPTR FM NORMAL:   -0.73    2 = FOG REDUCING VISIBILITY
HIGHEST:    78 ON  9    GRTST 24HR  0.63 ON  3- 3      TO 1/4 MILE OR LESS
LOWEST:     28 ON  7                               3 = THUNDER
                        SNOW, ICE PELLETS, HAIL    4 = ICE PELLETS
                        TOTAL MONTH:   0.0 INCH    5 = HAIL
                        GRTST 24HR     0.0         6 = FREEZING RAIN OR DRIZZLE
                        GRTST DEPTH:   0           7 = DUSTSTORM OR SANDSTORM:
                                                       VSBY 1/2 MILE OR LESS
                                                   8 = SMOKE OR HAZE
[NO. OF DAYS WITH]      [WEATHER - DAYS WITH]      9 = BLOWING SNOW
                                                   X = TORNADO
MAX 32 OR BELOW:   0    0.01 INCH OR MORE:   7
MAX 90 OR ABOVE:   0    0.10 INCH OR MORE:   5
MIN 32 OR BELOW:   2    0.50 INCH OR MORE:   3
MIN  0 OR BELOW:   0    1.00 INCH OR MORE:   0

[HDD (BASE 65) ]
TOTAL THIS MO.   288    CLEAR  (SCALE 0-3)  10
DPTR FM NORMAL  -136    PTCLDY (SCALE 4-7)  13
TOTAL FM JUL 1  5333    CLOUDY (SCALE 8-10)  3
DPTR FM NORMAL -1247

[CDD (BASE 65) ]
TOTAL THIS MO.     3
DPTR FM NORMAL     3    [PRESSURE DATA]
TOTAL FM JAN 1     3    HIGHEST SLP M ON M
DPTR FM NORMAL     3    LOWEST  SLP 29.39 ON 25

[REMARKS]
