000
CXUS54 KBMX 301216
CF6ANB
PRELIMINARY LOCAL CLIMATOLOGICAL DATA (WS FORM: F-6)

                                          STATION:   ANNISTON
                                          MONTH:     SEPTEMBER
                                          YEAR:      2014
                                          LATITUDE:   33 35 N
                                          LONGITUDE:  85 51 W

  TEMPERATURE IN F:       :PCPN:    SNOW:  WIND      :SUNSHINE: SKY     :PK WND
================================================================================
1   2   3   4   5  6A  6B    7    8   9   10  11  12  13   14  15   16   17  18
                                     12Z  AVG MX 2MIN
DY MAX MIN AVG DEP HDD CDD  WTR  SNW DPTH SPD SPD DIR MIN PSBL S-S WX    SPD DR
================================================================================

 1  91  71  81   3   0  16 0.01  0.0    0  2.8 17 180   M    M   0 3      24 170
 2  93  70  82   4   0  17    T  0.0    0  3.8 13 230   M    M   1        16 210
 3  92  72  82   5   0  17 1.00  0.0    0  3.5 21  60   M    M   2 13     26  60
 4  88  71  80   3   0  15 0.00  0.0    0  3.1  9 100   M    M   2        12 100
 5  88  73  81   4   0  16    T  0.0    0  2.5 10 360   M    M   2 3      12  10
 6  91  71  81   4   0  16    T  0.0    0  2.0 10  60   M    M   2 13     13 240
 7  92  70  81   5   0  16 0.00  0.0    0  3.6 14  70   M    M   1 1      18  70
 8  91  70  81   5   0  16 0.00  0.0    0  3.8 10  70   M    M   1        13  40
 9  86  72  79   3   0  14 0.00  0.0    0  5.4 12 130   M    M   4        17 110
10  88  71  80   4   0  15 0.00  0.0    0  4.6 12 130   M    M   4        18 150
11  91  73  82   7   0  17    T  0.0    0  3.8 14 220   M    M   5 3      17 200
12  93  73  83   8   0  18 0.06  0.0    0  4.2 17 140   M    M   5 13     23 140
13  82  68  75   0   0  10 0.00  0.0    0  6.3 13 360   M    M   7 1      16 360
14  89  65  77   3   0  12 0.00  0.0    0  4.8 10  70   M    M   5        15  80
15  83  70  77   3   0  12 0.32  0.0    0  4.5 10  70   M    M   8 13     14  90
16  87  70  79   5   0  14    T  0.0    0  1.6  8 360   M    M   6 12     12 360
17  86  63  75   2   0  10 0.00  0.0    0  5.3 15 270   M    M   2 18     18 270
18  84  62  73   0   0   8    T  0.0    0  3.2  7 210   M    M   2         9 110
19  85  68  77   5   0  12 0.09  0.0    0  4.8 13 360   M    M   4 3      18  70
20  84  64  74   2   0   9 0.00  0.0    0  5.8 14  80   M    M   3        19  60
21  89  61  75   3   0  10    T  0.0    0  4.5 16 240   M    M   2        20 240
22  82  57  70  -1   0   5 0.02  0.0    0  6.7 16 360   M    M   1 3      22 360
23  82  54  68  -3   0   3 0.00  0.0    0  6.6 15  50   M    M   1        22  90
24  81  57  69  -2   0   4 0.00  0.0    0  5.5 12  50   M    M   0        17  80
25  82  57  70   0   0   5 0.00  0.0    0  3.7 12  80   M    M   4        15  20
26  81  60  71   1   0   6 0.00  0.0    0  5.5 13 110   M    M   4        17  90
27  81  63  72   2   0   7 0.00  0.0    0  5.5 12  80   M    M   5        17 110
28  75  66  71   2   0   6 0.00  0.0    0  5.1 12 100   M    M   7        15  70
29  79  65  72   3   0   7 0.00  0.0    0  4.2 10  70   M    M   8        15  80
================================================================================
SM 2496 1927         0 333  1.50     0.0 126.7          M       98
================================================================================
AV 86.1 66.4                               4.4 FASTST   M    M   3    MAX(MPH)
                                 MISC ---->  # 21  60               # 26   60
================================================================================
NOTES:
# LAST OF SEVERAL OCCURRENCES

COLUMN 17 PEAK WIND IN M.P.H.

PRELIMINARY LOCAL CLIMATOLOGICAL DATA (WS FORM: F-6) , PAGE 2

                                          STATION:  ANNISTON
                                          MONTH:    SEPTEMBER
                                          YEAR:     2014
                                          LATITUDE:   33 35 N
                                          LONGITUDE:  85 51 W

[TEMPERATURE DATA]      [PRECIPITATION DATA]       SYMBOLS USED IN COLUMN 16

AVERAGE MONTHLY: 76.3   TOTAL FOR MONTH:   1.50    1 = FOG OR MIST
DPTR FM NORMAL:   2.5   DPTR FM NORMAL:   -1.33    2 = FOG REDUCING VISIBILITY
HIGHEST:    93 ON 12, 2 GRTST 24HR  1.00 ON  3- 3      TO 1/4 MILE OR LESS
LOWEST:     54 ON 23                               3 = THUNDER
                        SNOW, ICE PELLETS, HAIL    4 = ICE PELLETS
                        TOTAL MONTH:   0.0 INCH    5 = HAIL
                        GRTST 24HR     0.0         6 = FREEZING RAIN OR DRIZZLE
                        GRTST DEPTH:   0           7 = DUSTSTORM OR SANDSTORM:
                                                       VSBY 1/2 MILE OR LESS
                                                   8 = SMOKE OR HAZE
[NO. OF DAYS WITH]      [WEATHER - DAYS WITH]      9 = BLOWING SNOW
                                                   X = TORNADO
MAX 32 OR BELOW:   0    0.01 INCH OR MORE:   6
MAX 90 OR ABOVE:   8    0.10 INCH OR MORE:   2
MIN 32 OR BELOW:   0    0.50 INCH OR MORE:   1
MIN  0 OR BELOW:   0    1.00 INCH OR MORE:   1

[HDD (BASE 65) ]
TOTAL THIS MO.     0    CLEAR  (SCALE 0-3)  15
DPTR FM NORMAL    -9    PTCLDY (SCALE 4-7)  14
TOTAL FM JUL 1     0    CLOUDY (SCALE 8-10)  0
DPTR FM NORMAL    -9

[CDD (BASE 65) ]
TOTAL THIS MO.   333
DPTR FM NORMAL    71    [PRESSURE DATA]
TOTAL FM JAN 1  1840    HIGHEST SLP M ON M
DPTR FM NORMAL    61    LOWEST  SLP 29.90 ON 29

[REMARKS]
