000
CXUS54 KBMX 231216
CF6ANB
PRELIMINARY LOCAL CLIMATOLOGICAL DATA (WS FORM: F-6)

                                          STATION:   ANNISTON
                                          MONTH:     OCTOBER
                                          YEAR:      2017
                                          LATITUDE:   33 35 N
                                          LONGITUDE:  85 51 W

  TEMPERATURE IN F:       :PCPN:    SNOW:  WIND      :SUNSHINE: SKY     :PK WND
================================================================================
1   2   3   4   5  6A  6B    7    8   9   10  11  12  13   14  15   16   17  18
                                     12Z  AVG MX 2MIN
DY MAX MIN AVG DEP HDD CDD  WTR  SNW DPTH SPD SPD DIR MIN PSBL S-S WX    SPD DR
================================================================================

 1  76  60  68   0   0   3    T  0.0    0  9.6 18  80   M    M   1        26 100
 2  75  63  69   1   0   4    T  0.0    0  6.7 15  90   M    M   9        24 100
 3  82  60  71   4   0   6 0.00  0.0    0  6.3 16  80   M    M   1        21  90
 4  82  58  70   3   0   5 0.00  0.0    0  5.7 15  60   M    M   0        19  60
 5  83  56  70   3   0   5 0.00  0.0    0  4.3 10  70   M    M   0        14  70
 6  84  58  71   5   0   6 0.00  0.0    0  4.8 13  60   M    M   0        17  90
 7  84  67  76  10   0  11 0.10  0.0    0  6.0 13 150   M    M   7 1      15 100
 8  78  73  76  10   0  11 2.09  0.0    0  8.8 28 140   M    M  10 1      45 120
 9  85  72  79  14   0  14 0.00  0.0    0  2.3  8  80   M    M   5 1      10 110
10  86  70  78  13   0  13 0.00  0.0    0  3.2 13 210   M    M   3        16 200
11  88  67  78  13   0  13 0.00  0.0    0  1.2  8 290   M    M   5 12     13 290
12  85  62  74  10   0   9 0.00  0.0    0  1.9  9  30   M    M   3 12     12  40
13  88  60  74  10   0   9 0.00  0.0    0  4.8 10  60   M    M   1        13  60
14  75  66  71   7   0   6 0.00  0.0    0  5.1 10 100   M    M   7        14  90
15  84  66  75  12   0  10 2.33  0.0    0  4.8 20 360   M    M   6 13     24  10
16  69  52  61  -2   4   0 0.52  0.0    0  7.4 17 360   M    M   4 1      24  30
17  71  47  59  -4   6   0 0.00  0.0    0  4.8 14  70   M    M   0        20  70
18  73  47  60  -2   5   0 0.00  0.0    0  5.3 12  80   M    M   0        15  90
19  77  47  62   0   3   0 0.00  0.0    0  4.0 10  40   M    M   0        12  50
20  79  45  62   0   3   0 0.00  0.0    0  3.0  8  70   M    M   0        11  90
21  79  52  66   5   0   1 0.00  0.0    0  6.0 12 120   M    M   0        15 150
22  79  58  69   8   0   4 0.17  0.0    0  5.8 17 150   M    M   4 1      24 170
================================================================================
SM 1762 1306        21 130  5.21     0.0 111.8          M       66
================================================================================
AV 80.1 59.4                               5.1 FASTST   M    M   3    MAX(MPH)
                                 MISC ---->  # 28 140               # 45  120
================================================================================
NOTES:
# LAST OF SEVERAL OCCURRENCES

COLUMN 17 PEAK WIND IN M.P.H.

PRELIMINARY LOCAL CLIMATOLOGICAL DATA (WS FORM: F-6) , PAGE 2

                                          STATION:  ANNISTON
                                          MONTH:    OCTOBER
                                          YEAR:     2017
                                          LATITUDE:   33 35 N
                                          LONGITUDE:  85 51 W

[TEMPERATURE DATA]      [PRECIPITATION DATA]       SYMBOLS USED IN COLUMN 16

AVERAGE MONTHLY: 69.7   TOTAL FOR MONTH:   5.21    1 = FOG OR MIST
DPTR FM NORMAL:   5.2   DPTR FM NORMAL:    3.05    2 = FOG REDUCING VISIBILITY
HIGHEST:    88 ON 13,11 GRTST 24HR  2.85 ON 15-16      TO 1/4 MILE OR LESS
LOWEST:     45 ON 20                               3 = THUNDER
                        SNOW, ICE PELLETS, HAIL    4 = ICE PELLETS
                        TOTAL MONTH:   0.0 INCH    5 = HAIL
                        GRTST 24HR     0.0         6 = FREEZING RAIN OR DRIZZLE
                        GRTST DEPTH:   0           7 = DUSTSTORM OR SANDSTORM:
                                                       VSBY 1/2 MILE OR LESS
                                                   8 = SMOKE OR HAZE
[NO. OF DAYS WITH]      [WEATHER - DAYS WITH]      9 = BLOWING SNOW
                                                   X = TORNADO
MAX 32 OR BELOW:   0    0.01 INCH OR MORE:   5
MAX 90 OR ABOVE:   0    0.10 INCH OR MORE:   5
MIN 32 OR BELOW:   0    0.50 INCH OR MORE:   3
MIN  0 OR BELOW:   0    1.00 INCH OR MORE:   2

[HDD (BASE 65) ]
TOTAL THIS MO.    21    CLEAR  (SCALE 0-3)  12
DPTR FM NORMAL   -50    PTCLDY (SCALE 4-7)   8
TOTAL FM JUL 1    30    CLOUDY (SCALE 8-10)  2
DPTR FM NORMAL   -52

[CDD (BASE 65) ]
TOTAL THIS MO.   130
DPTR FM NORMAL    68    [PRESSURE DATA]
TOTAL FM JAN 1  1943    HIGHEST SLP M ON M
DPTR FM NORMAL    98    LOWEST  SLP 29.51 ON  8

[REMARKS]
