000
CXAK56 PAFC 181320
CF6ANC
PRELIMINARY LOCAL CLIMATOLOGICAL DATA (WS FORM: F-6)

                                          STATION:   ANCHORAGE AK
                                          MONTH:     SEPTEMBER
                                          YEAR:      2017
                                          LATITUDE:   61 10 N
                                          LONGITUDE: 150  2 W

  TEMPERATURE IN F:       :PCPN:    SNOW:  WIND      :SUNSHINE: SKY     :PK WND
================================================================================
1   2   3   4   5  6A  6B    7    8   9   10  11  12  13   14  15   16   17  18
                                     12Z  AVG MX 2MIN
DY MAX MIN AVG DEP HDD CDD  WTR  SNW DPTH SPD SPD DIR MIN PSBL S-S WX    SPD DR
================================================================================

 1  58  49  54   1  11   0 0.56  0.0    0  8.9 15 140   M    M   8 1      31 180
 2  59  47  53   0  12   0    T    M    0 12.0 21 160   M    M   7        35 150
 3  53  44  49  -4  16   0    T  0.0    0  3.6  8 230   M    M   8         M  M
 4  66  47  57   5   8   0    T  0.0    0  9.2 16 150   M    M   7        33 150
 5  53  46  50  -2  15   0 0.53  0.0    0  6.9 17 360   M    M   8 1      31 130
 6  63  51  57   5   8   0    T  0.0    0 18.9 28 120   M    M   8        50 160
 7  54  46  50  -2  15   0 0.05  0.0    0  3.8 16 150   M    M   8 1      22 150
 8  63  44  54   3  11   0 0.00  0.0    0  5.8 10 160   M    M   7 12      M  M
 9  63  47  55   4  10   0 0.00  0.0    0  4.4 15 170   M    M   8        21 150
10  59  50  55   4  10   0    T  0.0    0  6.1 14 160   M    M   8        25 170
11  59  45  52   2  13   0    T    M    0  6.0 13 220   M    M   7        20 180
12  59  45  52   2  13   0    T    M    0 12.1 20 140   M    M   8        36 140
13  61  55  58   8   7   0    T  0.0    0 16.7 22 150   M    M   8        35 130
14  56  51  54   5  11   0 0.04  0.0    0  9.6 18 150   M    M  10        33 160
15  60  47  54   5  11   0    T    M    0  8.8 18 140   M    M   8        30 140
16  55  47  51   2  14   0    T    M    0  4.5 10 340   M    M   9        13 330
17  58  47  53   5  12   0    T  0.0    0  4.2  8 170   M    M   8         M  M
================================================================================
SM  999  808       197   0  1.18     0.0 141.5          M      135
================================================================================
AV 58.8 47.5                               8.3 FASTST   M    M   8    MAX(MPH)
                                 MISC ---->  # 28 120               # 50  160
================================================================================
NOTES:
# LAST OF SEVERAL OCCURRENCES

COLUMN 17 PEAK WIND IN M.P.H.

PRELIMINARY LOCAL CLIMATOLOGICAL DATA (WS FORM: F-6) , PAGE 2

                                          STATION:  ANCHORAGE AK
                                          MONTH:    SEPTEMBER
                                          YEAR:     2017
                                          LATITUDE:   61 10 N
                                          LONGITUDE: 150  2 W

[TEMPERATURE DATA]      [PRECIPITATION DATA]       SYMBOLS USED IN COLUMN 16

AVERAGE MONTHLY: 53.2   TOTAL FOR MONTH:   1.18    1 = FOG OR MIST
DPTR FM NORMAL:   2.3   DPTR FM NORMAL:   -0.53    2 = FOG REDUCING VISIBILITY
HIGHEST:    66 ON  4    GRTST 24HR  0.56 ON  1- 1      TO 1/4 MILE OR LESS
LOWEST:     44 ON  8, 3                            3 = THUNDER
                        SNOW, ICE PELLETS, HAIL    4 = ICE PELLETS
                        TOTAL MONTH:   0.0 INCH    5 = HAIL
                        GRTST 24HR     0.0         6 = FREEZING RAIN OR DRIZZLE
                        GRTST DEPTH:   0           7 = DUSTSTORM OR SANDSTORM:
                                                       VSBY 1/2 MILE OR LESS
                                                   8 = SMOKE OR HAZE
[NO. OF DAYS WITH]      [WEATHER - DAYS WITH]      9 = BLOWING SNOW
                                                   X = TORNADO
MAX 32 OR BELOW:   0    0.01 INCH OR MORE:   4
MAX 90 OR ABOVE:   0    0.10 INCH OR MORE:   2
MIN 32 OR BELOW:   0    0.50 INCH OR MORE:   2
MIN  0 OR BELOW:   0    1.00 INCH OR MORE:   0

[HDD (BASE 65) ]
TOTAL THIS MO.   197    CLEAR  (SCALE 0-3)   0
DPTR FM NORMAL   -43    PTCLDY (SCALE 4-7)  12
TOTAL FM JUL 1   565    CLOUDY (SCALE 8-10)  5
DPTR FM NORMAL  -125

[CDD (BASE 65) ]
TOTAL THIS MO.     0
DPTR FM NORMAL     0    [PRESSURE DATA]
TOTAL FM JAN 1     3    HIGHEST SLP M ON M
DPTR FM NORMAL     1    LOWEST  SLP 29.25 ON 16

[REMARKS]
