000
CXUS52 KGSP 300817
CF6AND
PRELIMINARY LOCAL CLIMATOLOGICAL DATA (WS FORM: F-6)

                                          STATION:   ANDERSON SC
                                          MONTH:     SEPTEMBER
                                          YEAR:      2014
                                          LATITUDE:   34 30 N
                                          LONGITUDE:  82 43 W

  TEMPERATURE IN F:       :PCPN:    SNOW:  WIND      :SUNSHINE: SKY     :PK WND
================================================================================
1   2   3   4   5  6A  6B    7    8   9   10  11  12  13   14  15   16   17  18
                                     12Z  AVG MX 2MIN
DY MAX MIN AVG DEP HDD CDD  WTR  SNW DPTH SPD SPD DIR MIN PSBL S-S WX    SPD DR
================================================================================

 1  92  69  81   5   0  16 0.00    M    M  2.1 12 240   M    M   0 1      16 260
 2  94  71  83   7   0  18 0.00    M    M  5.7 20 170   M    M   1 3      26 150
 3  93  70  82   6   0  17 0.39    M    M  3.4 23 150   M    M   2 13     31 160
 4  85  71  78   2   0  13 0.05    M    M  2.0 12 120   M    M   6 13     16 130
 5  89  70  80   4   0  15 0.00    M    M  2.6  9 130   M    M   3        12 130
 6  90  70  80   5   0  15 0.00    M    M  2.5  9 330   M    M   3 3      17 130
 7  90  72  81   6   0  16 0.35    M    M  6.4 17 140   M    M   5 13     22 160
 8  78  71  75   0   0  10 0.04    M    M  7.8 16  80   M    M   9 1      20  60
 9  78  70  74   0   0   9 0.00    M    M  3.5 10  70   M    M  10        12  70
10  84  66  75   1   0  10 0.00    M    M  3.2  8 100   M    M   6        11 100
11  89  68  79   5   0  14 0.32    M    M  5.0 22 310   M    M   5 1      29 310
12  90  71  81   8   0  16 0.17    M    M  3.6 16 180   M    M   2 1      20 190
13  88  71  80   7   0  15 0.25    M    M  1.9 16 340   M    M   6 13     21 340
14  72  63  68  -5   0   3 0.06    M    M  8.5 16  60   M    M  10 1      23  70
15  75  65  70  -2   0   5    T    M    M  2.8  8 180   M    M  10 1      10 120
16  88  67  78   6   0  13 0.02    M    M  3.5 12 250   M    M   4 1      16 320
17  79  66  73   1   0   8 0.00    M    M  4.8 12  80   M    M   5        15 100
18  82  62  72   1   0   7 0.00    M    M  3.3  8 150   M    M   5 1      11 160
19  77  67  72   1   0   7 0.24    M    M  8.1 15 100   M    M   8 1      18  90
20  82  63  73   2   0   8 0.00    M    M  6.9 15 100   M    M   1        22  90
21  87  57  72   2   0   7    T    M    M  6.6 18 250   M    M   2        23 250
22  79  60  70   0   0   5 0.00    M    M  3.9 12 150   M    M   4        14 160
23  69  57  63  -7   2   0 0.00    M    M  9.3 18  60   M    M   3        25  50
24  73  53  63  -6   2   0 0.00    M    M 10.5 21  60   M    M   7        27  50
25  74  61  68  -1   0   3 0.00    M    M  8.3 16  60   M    M  10 1      20  70
26  72  64  68   0   0   3 0.00    M    M  9.0 18  60   M    M  10        26  60
27  79  64  72   4   0   7 0.00    M    M  8.1 16  60   M    M   9        20  60
28  75  64  70   2   0   5    T    M    M  5.4 10  90   M    M   9        14  30
29  70  63  67   0   0   2 0.37    M    M  4.6 10  80   M    M   9 1      13  80
================================================================================
SM 2373 1906         4 267  2.26    M    153.3          M      164
================================================================================
AV 81.8 65.7                               5.3 FASTST   M    M   6    MAX(MPH)
                                 MISC ---->  # 23 150               # 31  160
================================================================================
NOTES:
# LAST OF SEVERAL OCCURRENCES

COLUMN 17 PEAK WIND IN M.P.H.

PRELIMINARY LOCAL CLIMATOLOGICAL DATA (WS FORM: F-6) , PAGE 2

                                          STATION:  ANDERSON SC
                                          MONTH:    SEPTEMBER
                                          YEAR:     2014
                                          LATITUDE:   34 30 N
                                          LONGITUDE:  82 43 W

[TEMPERATURE DATA]      [PRECIPITATION DATA]       SYMBOLS USED IN COLUMN 16

AVERAGE MONTHLY: 73.8   TOTAL FOR MONTH:   2.26    1 = FOG OR MIST
DPTR FM NORMAL:   1.6   DPTR FM NORMAL:   -1.45    2 = FOG REDUCING VISIBILITY
HIGHEST:    94 ON  2    GRTST 24HR  0.65 ON 31- 1      TO 1/4 MILE OR LESS
LOWEST:     53 ON 24                               3 = THUNDER
                        SNOW, ICE PELLETS, HAIL    4 = ICE PELLETS
                        TOTAL MONTH:    M          5 = HAIL
                        GRTST 24HR    M  ON   M    6 = FREEZING RAIN OR DRIZZLE
                        GRTST DEPTH:  M  ON   M    7 = DUSTSTORM OR SANDSTORM:
                                                       VSBY 1/2 MILE OR LESS
                                                   8 = SMOKE OR HAZE
[NO. OF DAYS WITH]      [WEATHER - DAYS WITH]      9 = BLOWING SNOW
                                                   X = TORNADO
MAX 32 OR BELOW:   0    0.01 INCH OR MORE:  11
MAX 90 OR ABOVE:   6    0.10 INCH OR MORE:   7
MIN 32 OR BELOW:   0    0.50 INCH OR MORE:   0
MIN  0 OR BELOW:   0    1.00 INCH OR MORE:   0

[HDD (BASE 65) ]
TOTAL THIS MO.     4    CLEAR  (SCALE 0-3)   8
DPTR FM NORMAL    -9    PTCLDY (SCALE 4-7)  11
TOTAL FM JUL 1     4    CLOUDY (SCALE 8-10) 10
DPTR FM NORMAL    -9

[CDD (BASE 65) ]
TOTAL THIS MO.   267
DPTR FM NORMAL    46    [PRESSURE DATA]
TOTAL FM JAN 1  1716    HIGHEST SLP M ON M
DPTR FM NORMAL   101    LOWEST  SLP 29.82 ON 21

[REMARKS]
