000
CXUS52 KGSP 290817
CF6AND
PRELIMINARY LOCAL CLIMATOLOGICAL DATA (WS FORM: F-6)

                                          STATION:   ANDERSON SC
                                          MONTH:     AUGUST
                                          YEAR:      2014
                                          LATITUDE:   34 30 N
                                          LONGITUDE:  82 43 W

  TEMPERATURE IN F:       :PCPN:    SNOW:  WIND      :SUNSHINE: SKY     :PK WND
================================================================================
1   2   3   4   5  6A  6B    7    8   9   10  11  12  13   14  15   16   17  18
                                     12Z  AVG MX 2MIN
DY MAX MIN AVG DEP HDD CDD  WTR  SNW DPTH SPD SPD DIR MIN PSBL S-S WX    SPD DR
================================================================================

 1  75  65  70  -9   0   5 0.38    M    M  9.1 18  50   M    M   9 1      24  60
 2  80  67  74  -5   0   9 0.00    M    M  6.8 12  70   M    M   7         M  M
 3  87  66  77  -2   0  12 0.00    M    M  4.2 10  80   M    M   4 1      14  50
 4  87  68  78  -1   0  13 0.00    M    M  5.3 15 100   M    M   1        19 360
 5  89  66  78  -1   0  13 0.00    M    M  3.1 10 210   M    M   1 1      16 230
 6  91  65  78  -1   0  13 0.00    M    M  4.0 14 240   M    M   1        16 250
 7  92  68  80   1   0  15 0.00    M    M  3.1  8 100   M    M   1 1      12 180
 8  78  69  74  -5   0   9 1.28    M    M  4.6 16 260   M    M   7 13     18 260
 9  86  68  77  -2   0  12    T    M    M  2.4 10 270   M    M   6 13     13 240
10  77  67  72  -7   0   7 0.11    M    M  7.9 15  70   M    M  10 3      20  40
11  85  70  78  -1   0  13 0.00    M    M  3.4 10 230   M    M   7        12 240
12  89  71  80   1   0  15    T    M    M  6.1 20 290   M    M   2 138    25 290
13  86  67  77  -2   0  12 0.00    M    M  4.3 10  50   M    M   1        14  40
14  84  63  74  -5   0   9 0.00    M    M  2.9 13  90   M    M   1        16 100
15  88  62  75  -4   0  10 0.00    M    M  2.0  9 260   M    M   1        12 260
16  88  64  76  -3   0  11 0.00    M    M  3.1 10 260   M    M   0        14 240
17  92  66  79   0   0  14 0.00    M    M  4.4 14 240   M    M   0        19 280
18  88  70  79   0   0  14 0.00    M    M  8.1 22 290   M    M   0 1      27 310
19  90  71  81   3   0  16 0.04    M    M  7.4 15 270   M    M   1 1      20 220
20  93  67  80   2   0  15    T    M    M  3.5 22 330   M    M   0 3      27 350
21  95  65  80   2   0  15    T    M    M  2.6 23 310   M    M   0 3      33 310
22  96  70  83   5   0  18 0.00    M    M  4.8 13 280   M    M   1        17 320
23  95  70  83   5   0  18 0.00    M    M  2.5 20 320   M    M   1        24 330
24  84  72  78   0   0  13 0.03    M    M 10.5 18  60   M    M   5 1      25  40
25  84  67  76  -2   0  11 0.00    M    M  9.7 18  70   M    M   2        23  70
26  85  64  75  -3   0  10 0.00    M    M  7.4 14  80   M    M   1        18  70
27  90  62  76  -1   0  11 0.00    M    M  3.3 12  40   M    M   0        23  60
28  94  62  78   1   0  13 0.00    M    M  2.3  9 290   M    M   1 12     13 250
================================================================================
SM 2448 1872         0 346  1.84    M    138.8          M       71
================================================================================
AV 87.4 66.9                               5.0 FASTST   M    M   3    MAX(MPH)
                                 MISC ---->  # 23 310               # 33  310
================================================================================
NOTES:
# LAST OF SEVERAL OCCURRENCES

COLUMN 17 PEAK WIND IN M.P.H.

PRELIMINARY LOCAL CLIMATOLOGICAL DATA (WS FORM: F-6) , PAGE 2

                                          STATION:  ANDERSON SC
                                          MONTH:    AUGUST
                                          YEAR:     2014
                                          LATITUDE:   34 30 N
                                          LONGITUDE:  82 43 W

[TEMPERATURE DATA]      [PRECIPITATION DATA]       SYMBOLS USED IN COLUMN 16

AVERAGE MONTHLY: 77.1   TOTAL FOR MONTH:   1.84    1 = FOG OR MIST
DPTR FM NORMAL:  -1.4   DPTR FM NORMAL:   -1.58    2 = FOG REDUCING VISIBILITY
HIGHEST:    96 ON 22    GRTST 24HR  1.69 ON 31- 1      TO 1/4 MILE OR LESS
LOWEST:     62 ON 28,27                            3 = THUNDER
                        SNOW, ICE PELLETS, HAIL    4 = ICE PELLETS
                        TOTAL MONTH:    M          5 = HAIL
                        GRTST 24HR    M  ON   M    6 = FREEZING RAIN OR DRIZZLE
                        GRTST DEPTH:  M  ON   M    7 = DUSTSTORM OR SANDSTORM:
                                                       VSBY 1/2 MILE OR LESS
                                                   8 = SMOKE OR HAZE
[NO. OF DAYS WITH]      [WEATHER - DAYS WITH]      9 = BLOWING SNOW
                                                   X = TORNADO
MAX 32 OR BELOW:   0    0.01 INCH OR MORE:   5
MAX 90 OR ABOVE:  10    0.10 INCH OR MORE:   3
MIN 32 OR BELOW:   0    0.50 INCH OR MORE:   1
MIN  0 OR BELOW:   0    1.00 INCH OR MORE:   1

[HDD (BASE 65) ]
TOTAL THIS MO.     0    CLEAR  (SCALE 0-3)  20
DPTR FM NORMAL     0    PTCLDY (SCALE 4-7)   6
TOTAL FM JUL 1     0    CLOUDY (SCALE 8-10)  2
DPTR FM NORMAL     0

[CDD (BASE 65) ]
TOTAL THIS MO.   346
DPTR FM NORMAL   -34    [PRESSURE DATA]
TOTAL FM JAN 1  1402    HIGHEST SLP M ON M
DPTR FM NORMAL    47    LOWEST  SLP 29.76 ON 12

[REMARKS]
