000
CXUS55 KBOU 291229
CF6APA
PRELIMINARY LOCAL CLIMATOLOGICAL DATA (WS FORM: F-6)

                                          STATION:   CENTENNIAL CO
                                          MONTH:     MAY
                                          YEAR:      2015
                                          LATITUDE:   39 33 N
                                          LONGITUDE: 104 51 W

  TEMPERATURE IN F:       :PCPN:    SNOW:  WIND      :SUNSHINE: SKY     :PK WND
================================================================================
1   2   3   4   5  6A  6B    7    8   9   10  11  12  13   14  15   16   17  18
                                     12Z  AVG MX 2MIN
DY MAX MIN AVG DEP HDD CDD  WTR  SNW DPTH SPD SPD DIR MIN PSBL S-S WX    SPD DR
================================================================================

 1  66  47  57   6   8   0 0.04    M    M  5.0 18 200   M    M   8 35     22 170
 2  74  48  61  10   4   0 0.00    M    M  7.7 23 350   M    M   7        26 350
 3  74  46  60   9   5   0    T    M    M  9.2 29  10   M    M   7        35  10
 4  62  49  56   4   9   0 0.27    M    M  5.9 16 150   M    M   9 13     19 150
 5  53  47  50  -2  15   0 0.34    M    M  6.0 14 120   M    M  10 1      16 100
 6  62  47  55   3  10   0 0.02    M    M  3.5 14 170   M    M   9 13     16  50
 7  59  43  51  -2  14   0 0.11    M    M  6.7 18  10   M    M   9 123    22 360
 8  54  44  49  -4  16   0 0.78    M    M  6.9 30 180   M    M   9 138    38 180
 9  46  26  36 -18  29   0 1.09    M    M 11.3 30 350   M    M  10 123    36 360
10  40  25  33 -21  32   0 0.05    M    M  5.2 15  20   M    M   9 1      19  20
11  56  30  43 -11  22   0 0.00    M    M  8.4 18 180   M    M   5        28 180
12  70  37  54   0  11   0    T    M    M 11.7 29 170   M    M   7 3      36 160
13  63  45  54  -1  11   0    T    M    M  8.8 21 360   M    M   7        26 350
14  71  40  56   1   9   0    T    M    M  8.1 33 200   M    M   6 38     44 200
15  64  43  54  -2  11   0 0.02    M    M  6.6 24 260   M    M   8 3      29 260
16  62  44  53  -3  12   0 0.05    M    M  6.2 25 310   M    M   6 35     33 310
17  64  39  52  -4  13   0    T    M    M  6.5 23 350   M    M   7        29 350
18  54  41  48  -8  17   0 0.18    M    M  6.4 14 160   M    M  10 1      18 160
19  49  40  45 -12  20   0 0.53    M    M 11.1 20 150   M    M  10 1      27 140
20  45  36  41 -16  24   0 0.01    M    M  5.9 13  20   M    M  10 18     17  20
21  55  39  47 -10  18   0    T    M    M  5.7 16 160   M    M  10        21 140
22  60  45  53  -5  12   0 0.33    M    M  7.3 16  10   M    M   7 13     19  10
23  62  41  52  -6  13   0 0.14    M    M  6.3 25 220   M    M   7 13     32 120
24  60  37  49  -9  16   0    T    M    M  5.8 15 350   M    M   6 3      21 100
25  66  40  53  -6  12   0 0.37    M    M  6.8 17  50   M    M   7 13     22  40
26  69  42  56  -3   9   0 0.02    M    M  6.6 18 360   M    M   7 3      23 330
27  75  45  60   1   5   0    T    M    M  6.4 16 120   M    M   6 3      20 110
28  71  -3  34 -26  31   0 0.02    M    M  6.1 21  30   M    M   7 3      27  30
================================================================================
SM 1706 1103       408   0  4.37    M    198.1          M      220
================================================================================
AV 60.9 39.4                               7.1 FASTST   M    M   8    MAX(MPH)
                                 MISC ---->  # 33 200               # 44  200
================================================================================
NOTES:
# LAST OF SEVERAL OCCURRENCES

COLUMN 17 PEAK WIND IN M.P.H.

PRELIMINARY LOCAL CLIMATOLOGICAL DATA (WS FORM: F-6) , PAGE 2

                                          STATION:  CENTENNIAL CO
                                          MONTH:    MAY
                                          YEAR:     2015
                                          LATITUDE:   39 33 N
                                          LONGITUDE: 104 51 W

[TEMPERATURE DATA]      [PRECIPITATION DATA]       SYMBOLS USED IN COLUMN 16

AVERAGE MONTHLY: 50.2   TOTAL FOR MONTH:   4.37    1 = FOG OR MIST
DPTR FM NORMAL:  -5.1   DPTR FM NORMAL:    2.23    2 = FOG REDUCING VISIBILITY
HIGHEST:    75 ON 27    GRTST 24HR  1.31 ON  8- 9      TO 1/4 MILE OR LESS
LOWEST:     -3 ON 28                               3 = THUNDER
                        SNOW, ICE PELLETS, HAIL    4 = ICE PELLETS
                        TOTAL MONTH:    M          5 = HAIL
                        GRTST 24HR    M  ON   M    6 = FREEZING RAIN OR DRIZZLE
                        GRTST DEPTH:  M  ON   M    7 = DUSTSTORM OR SANDSTORM:
                                                       VSBY 1/2 MILE OR LESS
                                                   8 = SMOKE OR HAZE
[NO. OF DAYS WITH]      [WEATHER - DAYS WITH]      9 = BLOWING SNOW
                                                   X = TORNADO
MAX 32 OR BELOW:   0    0.01 INCH OR MORE:  18
MAX 90 OR ABOVE:   0    0.10 INCH OR MORE:  10
MIN 32 OR BELOW:   4    0.50 INCH OR MORE:   3
MIN  0 OR BELOW:   1    1.00 INCH OR MORE:   1

[HDD (BASE 65) ]
TOTAL THIS MO.   408    CLEAR  (SCALE 0-3)   0
DPTR FM NORMAL   129    PTCLDY (SCALE 4-7)  17
TOTAL FM JUL 1  5770    CLOUDY (SCALE 8-10) 11
DPTR FM NORMAL  -326

[CDD (BASE 65) ]
TOTAL THIS MO.     0
DPTR FM NORMAL    -4    [PRESSURE DATA]
TOTAL FM JAN 1     0    HIGHEST SLP M ON M
DPTR FM NORMAL    -4    LOWEST  SLP 29.51 ON 15

[REMARKS]
