000
CXUS55 KBOU 280756
CF6APA
PRELIMINARY LOCAL CLIMATOLOGICAL DATA (WS FORM: F-6)

                                          STATION:   CENTENNIAL CO
                                          MONTH:     JUNE
                                          YEAR:      2017
                                          LATITUDE:   39 33 N
                                          LONGITUDE: 104 51 W

  TEMPERATURE IN F:       :PCPN:    SNOW:  WIND      :SUNSHINE: SKY     :PK WND
================================================================================
1   2   3   4   5  6A  6B    7    8   9   10  11  12  13   14  15   16   17  18
                                     12Z  AVG MX 2MIN
DY MAX MIN AVG DEP HDD CDD  WTR  SNW DPTH SPD SPD DIR MIN PSBL S-S WX    SPD DR
================================================================================

 1  79  48  64   3   1   0    T    M    M  6.4 20 220   M    M   5 3      29 120
 2  75  52  64   3   1   0 0.42    M    M 10.1 26 340   M    M   5 38     32 340
 3  74  47  61  -1   4   0 0.00    M    M  6.6 15  40   M    M   3        19  40
 4  80  48  64   2   1   0 0.00    M    M  5.4 15 170   M    M   3        18 160
 5  81  52  67   5   0   2    T    M    M  8.1 22 300   M    M   4 3      30 320
 6  75  53  64   2   1   0 0.00    M    M  5.4 13 340   M    M   5 3      16 340
 7  83  51  67   4   0   2 0.36    M    M  7.9 22 330   M    M   5 3      31 330
 8  83  53  68   5   0   3 0.00    M    M  8.5 18 190   M    M   4        23 190
 9  88  56  72   9   0   7 0.00    M    M 10.4 23 200   M    M   3        31 170
10  94  61  78  14   0  13 0.00    M    M 13.1 28 220   M    M   5        35 200
11  76  60  68   4   0   3    T    M    M  6.6 18  20   M    M   6 3      23  10
12  89  54  72   8   0   7 0.00    M    M 11.1 31 170   M    M   2        40 160
13  80  49  65   0   0   0 0.00    M    M  8.0 26 240   M    M   2        33 260
14  86  51  69   4   0   4    T    M    M  8.6 18 220   M    M   3        27 250
15  86  49  68   3   0   3 0.00    M    M  4.0 13  70   M    M   4        16  60
16  91  54  73   7   0   8 0.00    M    M  5.5 13  20   M    M   5 8      18 350
17  85  59  72   6   0   7    T    M    M  8.3 21  40   M    M   8        31  50
18  84  59  72   6   0   7 0.00    M    M  6.9 22 360   M    M   6        26 350
19  85  55  70   3   0   5 0.00    M    M  7.5 18 170   M    M   5        24 170
20  94  59  77  10   0  12 0.06    M    M  6.1 22 290   M    M   4 3      27 290
21  94  65  80  13   0  15 0.00    M    M  8.9 39 260   M    M   5        50 250
22  92  63  78  10   0  13    T    M    M  7.0 25  10   M    M   7 3      29  10
23  65  45  55 -13  10   0 0.09    M    M  6.9 29  10   M    M   8 1      37  20
24  75  47  61  -7   4   0 0.00    M    M  7.5 17 340   M    M   5        24  10
25  74  50  62  -7   3   0 0.00    M    M  7.6 15  30   M    M   4        20  30
26  88  56  72   3   0   7 0.00    M    M  8.2 22 160   M    M   2        29 150
27  94  61  78   9   0  13    T    M    M 11.3 24 240   M    M   5        32 240
================================================================================
SM 2250 1457        25 131  0.93    M    211.9          M      123
================================================================================
AV 83.3 54.0                               7.8 FASTST   M    M   5    MAX(MPH)
                                 MISC ---->  # 39 260               # 50  250
================================================================================
NOTES:
# LAST OF SEVERAL OCCURRENCES

COLUMN 17 PEAK WIND IN M.P.H.

PRELIMINARY LOCAL CLIMATOLOGICAL DATA (WS FORM: F-6) , PAGE 2

                                          STATION:  CENTENNIAL CO
                                          MONTH:    JUNE
                                          YEAR:     2017
                                          LATITUDE:   39 33 N
                                          LONGITUDE: 104 51 W

[TEMPERATURE DATA]      [PRECIPITATION DATA]       SYMBOLS USED IN COLUMN 16

AVERAGE MONTHLY: 68.7   TOTAL FOR MONTH:   0.93    1 = FOG OR MIST
DPTR FM NORMAL:   3.6   DPTR FM NORMAL:   -1.02    2 = FOG REDUCING VISIBILITY
HIGHEST:    94 ON 27,21 GRTST 24HR  0.42 ON  2- 2      TO 1/4 MILE OR LESS
LOWEST:     45 ON 23                               3 = THUNDER
                        SNOW, ICE PELLETS, HAIL    4 = ICE PELLETS
                        TOTAL MONTH:    M          5 = HAIL
                        GRTST 24HR    M  ON   M    6 = FREEZING RAIN OR DRIZZLE
                        GRTST DEPTH:  M  ON   M    7 = DUSTSTORM OR SANDSTORM:
                                                       VSBY 1/2 MILE OR LESS
                                                   8 = SMOKE OR HAZE
[NO. OF DAYS WITH]      [WEATHER - DAYS WITH]      9 = BLOWING SNOW
                                                   X = TORNADO
MAX 32 OR BELOW:   0    0.01 INCH OR MORE:   4
MAX 90 OR ABOVE:   6    0.10 INCH OR MORE:   2
MIN 32 OR BELOW:   0    0.50 INCH OR MORE:   0
MIN  0 OR BELOW:   0    1.00 INCH OR MORE:   0

[HDD (BASE 65) ]
TOTAL THIS MO.    25    CLEAR  (SCALE 0-3)   7
DPTR FM NORMAL   -51    PTCLDY (SCALE 4-7)  20
TOTAL FM JUL 1  5127    CLOUDY (SCALE 8-10)  0
DPTR FM NORMAL -1063

[CDD (BASE 65) ]
TOTAL THIS MO.   131
DPTR FM NORMAL    52    [PRESSURE DATA]
TOTAL FM JAN 1   134    HIGHEST SLP M ON M
DPTR FM NORMAL    44    LOWEST  SLP 29.40 ON 10

[REMARKS]
