000
CXUS54 KEWX 300910
CF6AQO
PRELIMINARY LOCAL CLIMATOLOGICAL DATA (WS FORM: F-6)

                                          STATION:   Llano Municipal Airport
                                          MONTH:     MAY
                                          YEAR:      2015
                                          LATITUDE:   30 47 N
                                          LONGITUDE:  98 40 W

  TEMPERATURE IN F:       :PCPN:    SNOW:  WIND      :SUNSHINE: SKY     :PK WND
================================================================================
1   2   3   4   5  6A  6B    7    8   9   10  11  12  13   14  15   16   17  18
                                     12Z  AVG MX 2MIN
DY MAX MIN AVG DEP HDD CDD  WTR  SNW DPTH SPD SPD DIR MIN PSBL S-S WX    SPD DR
================================================================================

 1  82  46  64   M   1   0 0.00    M    0  1.5  6 120   M    M   0         M  M
 2  82  52  67   M   0   2 0.00  0.0    0  4.3 12 150   M    M   0        17 150
 3  82  54  68   M   0   3 0.00  0.0    0  6.0 12 190   M    M   0        18 170
 4  82  63  73   M   0   8 0.00  0.0    0  7.5 15 160   M    M   4        21 160
 5  81  66  74   M   0   9 0.00  0.0    0  7.5 15 180   M    M   7 13     27 160
 6  88  70  79   M   0  14 0.00  0.0    0  7.6 13 170   M    M   6 1      22 200
 7  88  70  79   M   0  14 0.00    M    0  9.2 15 180   M    M   6        22 180
 8  82  73  78   M   0  13 0.00  0.0    0  7.0 10 140   M    M   8 13     16 140
 9  90  72  81   M   0  16 0.00  0.0    0  9.2 16 190   M    M   7 1      21 190
10  86  70  78   M   0  13 0.00    M    0  7.2 17 200   M    M   5 3      24 180
11  75  66  71   M   0   6 0.23  0.0    0  4.6 12  60   M    M   8 13     17  60
12  70  63  67   M   0   2 0.00  0.0    0  6.4 10  80   M    M  10 1       M  M
13  72  63  68   M   0   3 0.92  0.0    0  5.4 15 360   M    M   6 13     17 190
14  86  64  75   M   0  10 0.01    M    0  3.7 13 140   M    M   5 1      16 140
15  79  66  73   M   0   8 0.08  0.0    0  5.4 14 170   M    M   2 13     16 180
16  84  66  75   M   0  10 0.00    M    M  6.8 13 170   M    M   8        18 170
17  86  66  76   M   0  11 0.24  0.0    0  4.7 10 130   M    M   4 13      M  M
18  91  70  81   M   0  16 0.13  0.0    0  3.0 13 130   M    M   5 138    16 130
19  90  72  81   M   0  16 0.00  0.0    0  7.9 14 180   M    M   3 13     23 180
20  88  68  78   M   0  13 0.71  0.0    0  3.7  9  40   M    M   5 13     17  40
21  68  61  65   M   0   0 0.07  0.0    0  7.1 13  10   M    M   9 13     21  10
22  77  61  69   M   0   4 0.00  0.0    0  6.1 10 130   M    M  10 1       M  M
23  81  66  74   M   0   9 0.59  0.0    0  6.0 12 170   M    M   7 13      M  M
24  82  64  73   M   0   8 0.30  0.0    0  4.8 10  80   M    M   4 13      M  M
25  75  64  70   M   0   5 0.88    M    0  3.7  9 200   M    M   7 123    16 200
26  90  64  77   M   0  12 0.00    M    0  6.2 14 190   M    M   6 12     17 180
27  84  68  76   M   0  11 0.00    M    0  6.5 13 140   M    M   3 13     20 190
28  90  64  77   M   0  12 0.99  0.0    0  8.2 43 360   M    M   4 13     61 330
29  88  63  76   M   0  11 0.25  0.0    0  5.2 12 190   M    M   2 13      M  M
================================================================================
SM 2399 1875         1 259  5.40     0.0 172.4          M      151
================================================================================
AV 82.7 64.7                               5.9 FASTST   M    M   5    MAX(MPH)
                                 MISC ---->  # 43 360               # 61  330
================================================================================
NOTES:
# LAST OF SEVERAL OCCURRENCES

COLUMN 17 PEAK WIND IN M.P.H.

PRELIMINARY LOCAL CLIMATOLOGICAL DATA (WS FORM: F-6) , PAGE 2

                                          STATION:  Llano Municipal Airport
                                          MONTH:    MAY
                                          YEAR:     2015
                                          LATITUDE:   30 47 N
                                          LONGITUDE:  98 40 W

[TEMPERATURE DATA]      [PRECIPITATION DATA]       SYMBOLS USED IN COLUMN 16

AVERAGE MONTHLY: 73.7   TOTAL FOR MONTH:   5.40    1 = FOG OR MIST
DPTR FM NORMAL:     M   DPTR FM NORMAL:       M    2 = FOG REDUCING VISIBILITY
HIGHEST:    91 ON 18    GRTST 24HR  0.99 ON 28-28      TO 1/4 MILE OR LESS
LOWEST:     46 ON  1                               3 = THUNDER
                        SNOW, ICE PELLETS, HAIL    4 = ICE PELLETS
                        TOTAL MONTH:   0.0 INCH    5 = HAIL
                        GRTST 24HR     0.0         6 = FREEZING RAIN OR DRIZZLE
                        GRTST DEPTH:   0           7 = DUSTSTORM OR SANDSTORM:
                                                       VSBY 1/2 MILE OR LESS
                                                   8 = SMOKE OR HAZE
[NO. OF DAYS WITH]      [WEATHER - DAYS WITH]      9 = BLOWING SNOW
                                                   X = TORNADO
MAX 32 OR BELOW:   0    0.01 INCH OR MORE:  13
MAX 90 OR ABOVE:   5    0.10 INCH OR MORE:  10
MIN 32 OR BELOW:   0    0.50 INCH OR MORE:   5
MIN  0 OR BELOW:   0    1.00 INCH OR MORE:   0

[HDD (BASE 65) ]
TOTAL THIS MO.     1    CLEAR  (SCALE 0-3)   5
DPTR FM NORMAL     M    PTCLDY (SCALE 4-7)  20
TOTAL FM JUL 1  2090    CLOUDY (SCALE 8-10)  4
DPTR FM NORMAL     M

[CDD (BASE 65) ]
TOTAL THIS MO.   259
DPTR FM NORMAL     M    [PRESSURE DATA]
TOTAL FM JAN 1   447    HIGHEST SLP M ON M
DPTR FM NORMAL     M    LOWEST  SLP M ON M

[REMARKS]
