000
CXUS54 KLCH 202310
CF6ARA
PRELIMINARY LOCAL CLIMATOLOGICAL DATA (WS FORM: F-6)

                                          STATION:   NEW IBERIA
                                          MONTH:     DECEMBER
                                          YEAR:      2014
                                          LATITUDE:   30  1 N
                                          LONGITUDE:  91 53 W

  TEMPERATURE IN F:       :PCPN:    SNOW:  WIND      :SUNSHINE: SKY     :PK WND
================================================================================
1   2   3   4   5  6A  6B    7    8   9   10  11  12  13   14  15   16   17  18
                                     12Z  AVG MX 2MIN
DY MAX MIN AVG DEP HDD CDD  WTR  SNW DPTH SPD SPD DIR MIN PSBL S-S WX    SPD DR
================================================================================

 1  81  54  68  11   0   3 0.00  0.0    0  5.0 14 190   M    M   5 12     20 140
 2  69  51  60   3   5   0 0.00  0.0    0  6.9 13 360   M    M   5 128    15  10
 3  76  47  62   6   3   0 0.00  0.0    0  5.0  9  30   M    M   1 1      14  50
 4  74  57  66  10   0   1 0.00  0.0    0  4.5  9  40   M    M   8 128    11  30
 5  80  62  71  15   0   6 0.00  0.0    0  9.1 18 190   M    M   7 12     25 190
 6  81  59  70  14   0   5 0.04  0.0    0  8.2 21  20   M    M   7 12     26 230
 7  64  49  57   1   8   0 0.00  0.0    0 10.4 20  30   M    M   3 8      24  70
 8  66  41  54  -1  11   0 0.00  0.0    0  5.8 14 360   M    M   0 18     19  30
 9  71  41  56   1   9   0 0.00  0.0    0  3.7 15 330   M    M   1 128    18 320
10  65  42  54  -1  11   0 0.00  0.0    0  5.6 15  50   M    M   0 1      18  50
11  67  44  56   1   9   0 0.00  0.0    0  3.2 10  70   M    M   2 18     12  30
12  71  45  58   3   7   0 0.00  0.0    0  2.9  9 100   M    M   5 18     12 110
13  73  48  61   7   4   0 0.00  0.0    0  4.3 12 210   M    M   4 128    14 210
14  74  47  61   7   4   0 0.00  0.0    0  8.3 15 180   M    M   2 12     20 160
15  78  60  69  15   0   4 0.03  0.0    0 10.6 20 190   M    M   8 1      25 210
16  67  45  56   2   9   0 0.00  0.0    0  8.6 17 330   M    M   3        22 330
17  63  39  51  -3  14   0 0.00  0.0    0  5.3 14 100   M    M   1 8      16 100
18  69  47  58   4   7   0    T    M    0  6.7 12 140   M    M   8 8      15 160
19  61  51  56   2   9   0 0.87  0.0    0 10.3 18  30   M    M  10 13     23  60
================================================================================
SM 1350  929       110  19  0.94     0.0 124.4          M       80
================================================================================
AV 71.1 48.9                               6.5 FASTST   M    M   4    MAX(MPH)
                                 MISC ---->  # 21  20               # 26  230
================================================================================
NOTES:
# LAST OF SEVERAL OCCURRENCES

COLUMN 17 PEAK WIND IN M.P.H.

PRELIMINARY LOCAL CLIMATOLOGICAL DATA (WS FORM: F-6) , PAGE 2

                                          STATION:  NEW IBERIA
                                          MONTH:    DECEMBER
                                          YEAR:     2014
                                          LATITUDE:   30  1 N
                                          LONGITUDE:  91 53 W

[TEMPERATURE DATA]      [PRECIPITATION DATA]       SYMBOLS USED IN COLUMN 16

AVERAGE MONTHLY: 60.0   TOTAL FOR MONTH:   0.94    1 = FOG OR MIST
DPTR FM NORMAL:   4.9   DPTR FM NORMAL:   -2.41    2 = FOG REDUCING VISIBILITY
HIGHEST:    81 ON  6, 1 GRTST 24HR  0.87 ON 19-19      TO 1/4 MILE OR LESS
LOWEST:     39 ON 17                               3 = THUNDER
                        SNOW, ICE PELLETS, HAIL    4 = ICE PELLETS
                        TOTAL MONTH:   0.0 INCH    5 = HAIL
                        GRTST 24HR     0.0         6 = FREEZING RAIN OR DRIZZLE
                        GRTST DEPTH:   0           7 = DUSTSTORM OR SANDSTORM:
                                                       VSBY 1/2 MILE OR LESS
                                                   8 = SMOKE OR HAZE
[NO. OF DAYS WITH]      [WEATHER - DAYS WITH]      9 = BLOWING SNOW
                                                   X = TORNADO
MAX 32 OR BELOW:   0    0.01 INCH OR MORE:   3
MAX 90 OR ABOVE:   0    0.10 INCH OR MORE:   1
MIN 32 OR BELOW:   0    0.50 INCH OR MORE:   1
MIN  0 OR BELOW:   0    1.00 INCH OR MORE:   0

[HDD (BASE 65) ]
TOTAL THIS MO.   110    CLEAR  (SCALE 0-3)   8
DPTR FM NORMAL   -93    PTCLDY (SCALE 4-7)   9
TOTAL FM JUL 1   397    CLOUDY (SCALE 8-10)  2
DPTR FM NORMAL    -1

[CDD (BASE 65) ]
TOTAL THIS MO.    19
DPTR FM NORMAL     0    [PRESSURE DATA]
TOTAL FM JAN 1  2848    HIGHEST SLP M ON M
DPTR FM NORMAL    37    LOWEST  SLP 29.94 ON 15

[REMARKS]
