000
CXUS54 KHGX 211415
CF6ARM
PRELIMINARY LOCAL CLIMATOLOGICAL DATA (WS FORM: F-6)

                                          STATION:   Wharton
                                          MONTH:     JULY
                                          YEAR:      2014
                                          LATITUDE:   29 15 N
                                          LONGITUDE:  96  9 W

  TEMPERATURE IN F:       :PCPN:    SNOW:  WIND      :SUNSHINE: SKY     :PK WND
================================================================================
1   2   3   4   5  6A  6B    7    8   9   10  11  12  13   14  15   16   17  18
                                     12Z  AVG MX 2MIN
DY MAX MIN AVG DEP HDD CDD  WTR  SNW DPTH SPD SPD DIR MIN PSBL S-S WX    SPD DR
================================================================================

 1  94  73  84   M   0  19 0.00  0.0    0  7.0 14 170   M    M   2 1      16 180
 2  94  69  82   M   0  17 0.00  0.0    0  3.3 14 140   M    M   4 12     16 160
 3  95  69  82   M   0  17 0.00  0.0    0  2.7  9  20   M    M   4 123     M  M
 4  91  69  80   M   0  15 0.01  0.0    0  4.3 14 170   M    M   3 3      20 170
 5  89  71  80   M   0  15    M  0.0    0  2.1  7 110   M    M   2 138     M  M
 6  91  70  81   M   0  16 0.00  0.0    0  4.0 12 170   M    M   2 13      M  M
 7  93  70  82   M   0  17 0.00  0.0    0  5.1 14 160   M    M   0         M  M
 8  94  72  83   M   0  18 0.00  0.0    0  6.0 12 180   M    M   0 13     18 190
 9  93  69  81   M   0  16 0.00  0.0    0  6.0 13 160   M    M   0 1      16 160
10  92  70  81   M   0  16 0.03  0.0    0  5.2 20 200   M    M   1 1      24 200
11  93  70  82   M   0  17 0.00  0.0    0  6.5 15 170   M    M   2 8      18 170
12  94  68  81   M   0  16 0.00  0.0    0  3.1  9 140   M    M   3 12      M  M
13  94  70  82   M   0  17 0.00  0.0    0  3.0 12 180   M    M   1 1       M  M
14  95  73  84   M   0  19 0.01  0.0    0  4.3 12 160   M    M   2 3       M  M
15  90  73  82   M   0  17 0.00  0.0    0  3.9 14 340   M    M   1        17 340
16  91  72  82   M   0  17 0.00  0.0    0  3.6 15 120   M    M   1 3      18  90
17  91  74  83   M   0  18 0.06  0.0    0  9.6 21 160   M    M   2        28 190
18  87  75  81   M   0  16 0.01  0.0    0  4.0 10 160   M    M   4 13      M  M
19  91  73  82   M   0  17 0.00  0.0    0  5.2  9  20   M    M   5 18      M  M
20  93  75  84   M   0  19 0.49  0.0    0  4.2  9 110   M    M   4 13      M  M
================================================================================
SM 1845 1425         0 339  0.61     0.0  93.1          M       43
================================================================================
AV 92.2 71.2                               4.7 FASTST   M    M   2    MAX(MPH)
                                 MISC ---->    21   M                 28    M
================================================================================
NOTES:
# LAST OF SEVERAL OCCURRENCES

COLUMN 17 PEAK WIND IN M.P.H.

PRELIMINARY LOCAL CLIMATOLOGICAL DATA (WS FORM: F-6) , PAGE 2

                                          STATION:  Wharton
                                          MONTH:    JULY
                                          YEAR:     2014
                                          LATITUDE:   29 15 N
                                          LONGITUDE:  96  9 W

[TEMPERATURE DATA]      [PRECIPITATION DATA]       SYMBOLS USED IN COLUMN 16

AVERAGE MONTHLY: 81.8   TOTAL FOR MONTH:   0.61    1 = FOG OR MIST
DPTR FM NORMAL:     M   DPTR FM NORMAL:       M    2 = FOG REDUCING VISIBILITY
HIGHEST:    95 ON 14, 3 GRTST 24HR  0.49 ON 20-20      TO 1/4 MILE OR LESS
LOWEST:     68 ON 12                               3 = THUNDER
                        SNOW, ICE PELLETS, HAIL    4 = ICE PELLETS
                        TOTAL MONTH:   0.0 INCH    5 = HAIL
                        GRTST 24HR     0.0         6 = FREEZING RAIN OR DRIZZLE
                        GRTST DEPTH:   0           7 = DUSTSTORM OR SANDSTORM:
                                                       VSBY 1/2 MILE OR LESS
                                                   8 = SMOKE OR HAZE
[NO. OF DAYS WITH]      [WEATHER - DAYS WITH]      9 = BLOWING SNOW
                                                   X = TORNADO
MAX 32 OR BELOW:   0    0.01 INCH OR MORE:   6
MAX 90 OR ABOVE:  18    0.10 INCH OR MORE:   1
MIN 32 OR BELOW:   0    0.50 INCH OR MORE:   0
MIN  0 OR BELOW:   0    1.00 INCH OR MORE:   0

[HDD (BASE 65) ]
TOTAL THIS MO.     0    CLEAR  (SCALE 0-3)  15
DPTR FM NORMAL     M    PTCLDY (SCALE 4-7)   5
TOTAL FM JUL 1     0    CLOUDY (SCALE 8-10)  0
DPTR FM NORMAL     M

[CDD (BASE 65) ]
TOTAL THIS MO.   339
DPTR FM NORMAL     M    [PRESSURE DATA]
TOTAL FM JAN 1  1309    HIGHEST SLP M ON M
DPTR FM NORMAL     M    LOWEST  SLP M ON M

[REMARKS]
