000
CXUS55 KGJT 201000
CF6ASE
PRELIMINARY LOCAL CLIMATOLOGICAL DATA (WS FORM: F-6)

                                          STATION:   ASPEN CO
                                          MONTH:     DECEMBER
                                          YEAR:      2014
                                          LATITUDE:   39 13 N
                                          LONGITUDE: 106 52 W

  TEMPERATURE IN F:       :PCPN:    SNOW:  WIND      :SUNSHINE: SKY     :PK WND
================================================================================
1   2   3   4   5  6A  6B    7    8   9   10  11  12  13   14  15   16   17  18
                                     12Z  AVG MX 2MIN
DY MAX MIN AVG DEP HDD CDD  WTR  SNW DPTH SPD SPD DIR MIN PSBL S-S WX    SPD DR
================================================================================

 1  46  20  33  10  32   0    T    M    M  4.8 12 130   M    M   5        14 130
 2  49  18  34  12  31   0 0.00    M    M  5.3 10 360   M    M   0        17 360
 3  46  26  36  14  29   0 0.00    M    M  4.6 12 320   M    M   6        15 360
 4  43  29  36  14  29   0 0.03    M    M  2.7 12 320   M    M   7 1      14 310
 5  46  25  36  15  29   0 0.01    M    M  3.5 10 220   M    M   5 1      13 210
 6  43  22  33  12  32   0 0.00    M    M  4.6  8 210   M    M   3        10 350
 7  46  23  35  14  30   0 0.00    M    M  5.0 10 220   M    M   5        12 210
 8  43  18  31  10  34   0 0.00    M    M  4.9 10 210   M    M   0        12 200
 9  49  13  31  11  34   0 0.00    M    M  5.4 10 210   M    M   0        12 180
10  47  15  31  11  34   0 0.00    M    M  5.3 10 210   M    M   0        13 250
11  48  17  33  13  32   0 0.00    M    M  6.1 10 210   M    M   0        13 210
12  44  18  31  11  34   0 0.00    M    M  5.1 10 200   M    M   0        13 190
13  50  25  38  18  27   0 0.40    M    M  4.6 16 160   M    M   3 1      22 360
14  31  24  28   8  37   0 0.13    M    M  5.1 13 350   M    M  10 18     20 340
15  29   4  17  -3  48   0 0.04    M    M  4.3 13 330   M    M   5 18     17 330
16  31   6  19   0  46   0    T    M    M  3.3  9 180   M    M   7        11 170
17  35  15  25   6  40   0 0.05    M    M  2.2  9  20   M    M   8 1      11  20
18  32  23  28   9  37   0 0.04    M    M  3.2  9 330   M    M   9 18     11 330
19  31   7  19   0  46   0 0.01    M    M  2.6  8 200   M    M   5 18     13 240
================================================================================
SM  789  348       661   0  0.71    M     82.6          M       78
================================================================================
AV 41.5 18.3                               4.3 FASTST   M    M   4    MAX(MPH)
                                 MISC ---->  # 16 160               # 22  360
================================================================================
NOTES:
# LAST OF SEVERAL OCCURRENCES

COLUMN 17 PEAK WIND IN M.P.H.

PRELIMINARY LOCAL CLIMATOLOGICAL DATA (WS FORM: F-6) , PAGE 2

                                          STATION:  ASPEN CO
                                          MONTH:    DECEMBER
                                          YEAR:     2014
                                          LATITUDE:   39 13 N
                                          LONGITUDE: 106 52 W

[TEMPERATURE DATA]      [PRECIPITATION DATA]       SYMBOLS USED IN COLUMN 16

AVERAGE MONTHLY: 29.9   TOTAL FOR MONTH:   0.71    1 = FOG OR MIST
DPTR FM NORMAL:   9.4   DPTR FM NORMAL:    0.05    2 = FOG REDUCING VISIBILITY
HIGHEST:    50 ON 13    GRTST 24HR  0.52 ON 13-14      TO 1/4 MILE OR LESS
LOWEST:      4 ON 15                               3 = THUNDER
                        SNOW, ICE PELLETS, HAIL    4 = ICE PELLETS
                        TOTAL MONTH:    M          5 = HAIL
                        GRTST 24HR    M  ON   M    6 = FREEZING RAIN OR DRIZZLE
                        GRTST DEPTH:  M  ON   M    7 = DUSTSTORM OR SANDSTORM:
                                                       VSBY 1/2 MILE OR LESS
                                                   8 = SMOKE OR HAZE
[NO. OF DAYS WITH]      [WEATHER - DAYS WITH]      9 = BLOWING SNOW
                                                   X = TORNADO
MAX 32 OR BELOW:   5    0.01 INCH OR MORE:   8
MAX 90 OR ABOVE:   0    0.10 INCH OR MORE:   2
MIN 32 OR BELOW:  19    0.50 INCH OR MORE:   0
MIN  0 OR BELOW:   0    1.00 INCH OR MORE:   0

[HDD (BASE 65) ]
TOTAL THIS MO.   661    CLEAR  (SCALE 0-3)   8
DPTR FM NORMAL  -185    PTCLDY (SCALE 4-7)   8
TOTAL FM JUL 1  2647    CLOUDY (SCALE 8-10)  3
DPTR FM NORMAL  -525

[CDD (BASE 65) ]
TOTAL THIS MO.     0
DPTR FM NORMAL     0    [PRESSURE DATA]
TOTAL FM JAN 1    56    HIGHEST SLP M ON M
DPTR FM NORMAL    17    LOWEST  SLP 29.62 ON 14

[REMARKS]
