000
CXUS54 KMAF 181100
CF6ATS
PRELIMINARY LOCAL CLIMATOLOGICAL DATA (WS FORM: F-6)

                                          STATION:   Artesia
                                          MONTH:     DECEMBER
                                          YEAR:      2017
                                          LATITUDE:   32 54 N
                                          LONGITUDE: 104 30 W

  TEMPERATURE IN F:       :PCPN:    SNOW:  WIND      :SUNSHINE: SKY     :PK WND
================================================================================
1   2   3   4   5  6A  6B    7    8   9   10  11  12  13   14  15   16   17  18
                                     12Z  AVG MX 2MIN
DY MAX MIN AVG DEP HDD CDD  WTR  SNW DPTH SPD SPD DIR MIN PSBL S-S WX    SPD DR
================================================================================

 1  64  39  52   M  13   0 0.00  0.0    0  4.0 10 150   M    M   0         M  M
 2  66  39  53   M  12   0 0.00  0.0    0  4.8  9 270   M    M   0         M  M
 3  79  43  61   M   4   0 0.00  0.0    0  9.1 23 220   M    M   0        31 220
 4  75  45  60   M   5   0 0.00  0.0    0 10.8 21  10   M    M   0        28  10
 5  52  39  46   M  19   0 0.00  0.0    0  8.3 21  20   M    M   0        27  20
 6  45  34  40   M  25   0 0.00  0.0    0  5.8 12 130   M    M   6        15  10
 7  37  25  31   M  34   0 0.00  0.0    0  7.9 15  40   M    M   4         M  M
 8  59  19  39   M  26   0 0.00  0.0    0  8.2 22  10   M    M   1        28  10
 9  63  25  44   M  21   0 0.00  0.0    0  6.2 14 260   M    M   0         M  M
10  64  25  45   M  20   0 0.00  0.0    0  6.7 13 260   M    M   0        13  40
11  63  27  45   M  20   0 0.00  0.0    0  5.4 12 280   M    M   0         M  M
12  57  27  42   M  23   0 0.00  0.0    0  7.9 15 160   M    M   0        18 160
13  66  23  45   M  20   0 0.00  0.0    0  5.6 13 300   M    M   0         M  M
14  55  27  41   M  24   0 0.00  0.0    0  8.6 12  20   M    M   1        14  70
15  54  25  40   M  25   0 0.00  0.0    0  8.6 15 170   M    M   0        18 180
16  59  23  41   M  24   0 0.00  0.0    0 11.8 20 240   M    M   0        27 190
17  64  34  49   M  16   0 0.00  0.0    0  9.1 23 260   M    M   0        33 260
================================================================================
SM 1022  519       331   0  0.00     0.0 128.8          M       12
================================================================================
AV 60.1 30.5                               7.6 FASTST   M    M   1    MAX(MPH)
                                 MISC ---->  # 23 220               # 33  260
================================================================================
NOTES:
# LAST OF SEVERAL OCCURRENCES

COLUMN 17 PEAK WIND IN M.P.H.

PRELIMINARY LOCAL CLIMATOLOGICAL DATA (WS FORM: F-6) , PAGE 2

                                          STATION:  Artesia
                                          MONTH:    DECEMBER
                                          YEAR:     2017
                                          LATITUDE:   32 54 N
                                          LONGITUDE: 104 30 W

[TEMPERATURE DATA]      [PRECIPITATION DATA]       SYMBOLS USED IN COLUMN 16

AVERAGE MONTHLY: 45.3   TOTAL FOR MONTH:   0.00    1 = FOG OR MIST
DPTR FM NORMAL:     M   DPTR FM NORMAL:       M    2 = FOG REDUCING VISIBILITY
HIGHEST:    79 ON  3    GRTST 24HR  0.00 ON 17-17      TO 1/4 MILE OR LESS
LOWEST:     19 ON  8                               3 = THUNDER
                        SNOW, ICE PELLETS, HAIL    4 = ICE PELLETS
                        TOTAL MONTH:   0.0 INCH    5 = HAIL
                        GRTST 24HR     0.0         6 = FREEZING RAIN OR DRIZZLE
                        GRTST DEPTH:   0           7 = DUSTSTORM OR SANDSTORM:
                                                       VSBY 1/2 MILE OR LESS
                                                   8 = SMOKE OR HAZE
[NO. OF DAYS WITH]      [WEATHER - DAYS WITH]      9 = BLOWING SNOW
                                                   X = TORNADO
MAX 32 OR BELOW:   0    0.01 INCH OR MORE:   0
MAX 90 OR ABOVE:   0    0.10 INCH OR MORE:   0
MIN 32 OR BELOW:  10    0.50 INCH OR MORE:   0
MIN  0 OR BELOW:   0    1.00 INCH OR MORE:   0

[HDD (BASE 65) ]
TOTAL THIS MO.   331    CLEAR  (SCALE 0-3)  15
DPTR FM NORMAL     M    PTCLDY (SCALE 4-7)   2
TOTAL FM JUL 1   746    CLOUDY (SCALE 8-10)  0
DPTR FM NORMAL     M

[CDD (BASE 65) ]
TOTAL THIS MO.     0
DPTR FM NORMAL     M    [PRESSURE DATA]
TOTAL FM JAN 1  2170    HIGHEST SLP M ON M
DPTR FM NORMAL     M    LOWEST  SLP M ON M

[REMARKS]
