000
CXUS55 KABR 211400
CF6ATY
PRELIMINARY LOCAL CLIMATOLOGICAL DATA (WS FORM: F-6)

                                          STATION:   WATERTOWN SD
                                          MONTH:     JANUARY
                                          YEAR:      2018
                                          LATITUDE:   44 55 N
                                          LONGITUDE:  97  9 W

  TEMPERATURE IN F:       :PCPN:    SNOW:  WIND      :SUNSHINE: SKY     :PK WND
================================================================================
1   2   3   4   5  6A  6B    7    8   9   10  11  12  13   14  15   16   17  18
                                     12Z  AVG MX 2MIN
DY MAX MIN AVG DEP HDD CDD  WTR  SNW DPTH SPD SPD DIR MIN PSBL S-S WX    SPD DR
================================================================================

 1  -6 -25 -15 -28  80   0 0.00  0.0    3  4.7 12 300   M    M   0        14 290
 2  17 -23  -3 -16  68   0    T    T    3 15.3 29 350   M    M   5 18     33 360
 3   5  -8  -1 -14  66   0 0.00  0.0    3  8.9 21 340   M    M   2        26 330
 4  11  -1   5  -8  60   0 0.00  0.0    3  6.9 13 140   M    M  10        15 140
 5   6  -7   0 -13  65   0 0.00  0.0    3  6.2 12  60   M    M   5        14 170
 6  17  -2   8  -5  57   0    T    T    2 20.7 32 170   M    M   7        38 170
 7  34  14  24  12  41   0 0.00  0.0    1 10.5 21 310   M    M   3        26 310
 8  37  15  26  14  39   0 0.00  0.0    1  6.3 15 270   M    M   2 1      19 280
 9  40  25  33  21  32   0 0.00  0.0    1 10.1 21 170   M    M   0 1      27 170
10  40   8  24  12  41   0 0.02  0.3    1 13.1 31 330   M    M   4 1      38 340
11   8  -8   0 -12  65   0    T  0.1    1 24.7 36 330   M    M   7 18     44 330
12   3 -13  -5 -17  70   0 0.00  0.0    1  7.8 15 360   M    M   5        18 350
13   7 -16  -4 -16  69   0 0.00  0.0    1  6.5 14 170   M    M   1        16 170
14  22  -2  10  -2  55   0 0.02  0.4    1 17.5 30 340   M    M   9 18     35 340
15  -1 -11  -6 -18  71   0    T    M    0 21.1 28 330   M    M   7 18     33 340
16   9 -13  -2 -14  67   0 0.00  0.0    2  9.6 21 330   M    M   3        24 340
17  30   1  16   4  49   0 0.00  0.0    2 10.5 22 230   M    M   0        26 230
18  39  13  26  14  39   0 0.00  0.0    2  5.9 14 220   M    M   0        15 220
19  48  24  36  24  29   0 0.00  0.0    1  7.6 18 340   M    M   0        21 340
20  43  23  33  21  32   0 0.00  0.0    0  3.1  9 330   M    M   8        11 330
================================================================================
SM  409   -6      1095   0  0.04     0.8 217.0          M       78
================================================================================
AV 20.5 -0.3                              10.9 FASTST   M    M   4    MAX(MPH)
                                 MISC ---->  # 36 330               # 44  330
================================================================================
NOTES:
# LAST OF SEVERAL OCCURRENCES

COLUMN 17 PEAK WIND IN M.P.H.

PRELIMINARY LOCAL CLIMATOLOGICAL DATA (WS FORM: F-6) , PAGE 2

                                          STATION:  WATERTOWN SD
                                          MONTH:    JANUARY
                                          YEAR:     2018
                                          LATITUDE:   44 55 N
                                          LONGITUDE:  97  9 W

[TEMPERATURE DATA]      [PRECIPITATION DATA]       SYMBOLS USED IN COLUMN 16

AVERAGE MONTHLY: 10.1   TOTAL FOR MONTH:   0.04    1 = FOG OR MIST
DPTR FM NORMAL:  -2.2   DPTR FM NORMAL:   -0.30    2 = FOG REDUCING VISIBILITY
HIGHEST:    48 ON 19    GRTST 24HR  0.02 ON 14-14      TO 1/4 MILE OR LESS
LOWEST:    -25 ON  1                               3 = THUNDER
                        SNOW, ICE PELLETS, HAIL    4 = ICE PELLETS
                        TOTAL MONTH:   0.8 INCH    5 = HAIL
                        GRTST 24HR   0.4 ON 14-14  6 = FREEZING RAIN OR DRIZZLE
                        GRTST DEPTH:   3 ON  5, 4  7 = DUSTSTORM OR SANDSTORM:
                                                       VSBY 1/2 MILE OR LESS
                                                   8 = SMOKE OR HAZE
[NO. OF DAYS WITH]      [WEATHER - DAYS WITH]      9 = BLOWING SNOW
                                                   X = TORNADO
MAX 32 OR BELOW:  13    0.01 INCH OR MORE:   2
MAX 90 OR ABOVE:   0    0.10 INCH OR MORE:   0
MIN 32 OR BELOW:  20    0.50 INCH OR MORE:   0
MIN  0 OR BELOW:  12    1.00 INCH OR MORE:   0

[HDD (BASE 65) ]
TOTAL THIS MO.  1095    CLEAR  (SCALE 0-3)   9
DPTR FM NORMAL    42    PTCLDY (SCALE 4-7)   9
TOTAL FM JUL 1  4313    CLOUDY (SCALE 8-10)  2
DPTR FM NORMAL  -199

[CDD (BASE 65) ]
TOTAL THIS MO.     0
DPTR FM NORMAL     0    [PRESSURE DATA]
TOTAL FM JAN 1     0    HIGHEST SLP M ON M
DPTR FM NORMAL     0    LOWEST  SLP 29.44 ON 10

[REMARKS]
