000
CXUS53 KGID 310730
CF6AUH
PRELIMINARY LOCAL CLIMATOLOGICAL DATA (WS FORM: F-6)

                                          STATION:   AURORA
                                          MONTH:     AUGUST
                                          YEAR:      2016
                                          LATITUDE:   40 54 N
                                          LONGITUDE:  97 59 W

  TEMPERATURE IN F:       :PCPN:    SNOW:  WIND      :SUNSHINE: SKY     :PK WND
================================================================================
1   2   3   4   5  6A  6B    7    8   9   10  11  12  13   14  15   16   17  18
                                     12Z  AVG MX 2MIN
DY MAX MIN AVG DEP HDD CDD  WTR  SNW DPTH SPD SPD DIR MIN PSBL S-S WX    SPD DR
================================================================================

 1  87  70  79   4   0  14 0.00    M    M  9.9 21 150   M    M   3 1      25 140
 2  87  68  78   3   0  13 0.05    M    M  7.2 17  80   M    M   3 3      23  80
 3  89  67  78   3   0  13 0.00    M    M  7.0 12 150   M    M   5 12     18 140
 4  87  65  76   1   0  11 0.23    M    M  9.5 18  10   M    M   3 3      23 360
 5  78  63  71  -4   0   6 0.00    M    M  5.2 12  30   M    M   4         M  M
 6  76  64  70  -5   0   5 0.00    M    M  4.8  9 100   M    M   9         M  M
 7  76  62  69  -6   0   4 0.01    M    M  6.0 12 110   M    M   6        16 110
 8  81  59  70  -4   0   5 0.00    M    M  5.5  9 150   M    M   7 1       M  M
 9  90  68  79   5   0  14 0.00    M    M  7.5 13 140   M    M   3 1       M  M
10  92  72  82   8   0  17 0.00    M    M 10.4 17 170   M    M   0        25 170
11  90  71  81   7   0  16 0.00    M    M  7.0 15 170   M    M   2 1      18 170
12  82  64  73  -1   0   8 0.58    M    M  8.1 24 360   M    M   4        33 360
13  84  60  72  -2   0   7 0.00    M    M  3.5  9  20   M    M   0         M  M
14  83  64  74   0   0   9 0.02    M    M  3.4  7 120   M    M   2         M  M
15  83  60  72  -2   0   7 0.00    M    M  8.6 16 170   M    M   1        22 170
16  83  64  74   0   0   9    T    M    M  5.2 14 190   M    M   2        23 190
17  88  62  75   1   0  10 0.00    M    M  4.5  9 120   M    M   2 12      M  M
18  92  68  80   6   0  15 0.23    M    M 10.1 16 180   M    M   1 3      22 160
19  75  61  68  -5   0   3 0.33    M    M  7.3 13 340   M    M   3 3      16 340
20  74  54  64  -9   1   0 0.00    M    M  8.9 14  10   M    M   4        21 340
21  82  49  66  -7   0   1 0.00    M    M  7.0 15 170   M    M   0        20 180
22  85  62  74   1   0   9 0.00    M    M 15.5 23 180   M    M   0        31 180
23  90  67  79   6   0  14 0.00    M    M 11.9 20 170   M    M   5 3      29 190
24  74  57  66  -6   0   1 0.00    M    M  6.0 12  20   M    M   2        16  20
25  77  57  67  -5   0   2 0.00    M    M  5.5 10  40   M    M   0         M  M
26  72  55  64  -8   1   0 0.01    M    M  5.0 13 100   M    M   7 1       M  M
27  83  59  71  -1   0   6 0.02    M    M  3.6 10 170   M    M   4 12      M  M
28  89  65  77   5   0  12    T    M    M  7.7 15 160   M    M   1 38     18 170
29  85  64  75   4   0  10 0.17    M    M  4.9 10 220   M    M   3 1       M  M
30  77  65  71   0   0   6 0.14    M    M  1.8  7 220   M    M   5 1       M  M
================================================================================
SM 2491 1886         2 247  1.79    M    208.5          M       91
================================================================================
AV 83.0 62.9                               6.9 FASTST   M    M   3    MAX(MPH)
                                 MISC ---->    24   M                 33    M
================================================================================
NOTES:
# LAST OF SEVERAL OCCURRENCES

COLUMN 17 PEAK WIND IN M.P.H.

PRELIMINARY LOCAL CLIMATOLOGICAL DATA (WS FORM: F-6) , PAGE 2

                                          STATION:  AURORA
                                          MONTH:    AUGUST
                                          YEAR:     2016
                                          LATITUDE:   40 54 N
                                          LONGITUDE:  97 59 W

[TEMPERATURE DATA]      [PRECIPITATION DATA]       SYMBOLS USED IN COLUMN 16

AVERAGE MONTHLY: 72.9   TOTAL FOR MONTH:   1.79    1 = FOG OR MIST
DPTR FM NORMAL:  -0.6   DPTR FM NORMAL:   -1.72    2 = FOG REDUCING VISIBILITY
HIGHEST:    92 ON 18,10 GRTST 24HR  0.58 ON 12-12      TO 1/4 MILE OR LESS
LOWEST:     49 ON 21                               3 = THUNDER
                        SNOW, ICE PELLETS, HAIL    4 = ICE PELLETS
                        TOTAL MONTH:    M          5 = HAIL
                        GRTST 24HR    M  ON   M    6 = FREEZING RAIN OR DRIZZLE
                        GRTST DEPTH:  M  ON   M    7 = DUSTSTORM OR SANDSTORM:
                                                       VSBY 1/2 MILE OR LESS
                                                   8 = SMOKE OR HAZE
[NO. OF DAYS WITH]      [WEATHER - DAYS WITH]      9 = BLOWING SNOW
                                                   X = TORNADO
MAX 32 OR BELOW:   0    0.01 INCH OR MORE:  11
MAX 90 OR ABOVE:   5    0.10 INCH OR MORE:   6
MIN 32 OR BELOW:   0    0.50 INCH OR MORE:   1
MIN  0 OR BELOW:   0    1.00 INCH OR MORE:   0

[HDD (BASE 65) ]
TOTAL THIS MO.     2    CLEAR  (SCALE 0-3)  16
DPTR FM NORMAL    -1    PTCLDY (SCALE 4-7)  13
TOTAL FM JUL 1     5    CLOUDY (SCALE 8-10)  1
DPTR FM NORMAL    -1

[CDD (BASE 65) ]
TOTAL THIS MO.   247
DPTR FM NORMAL   -17    [PRESSURE DATA]
TOTAL FM JAN 1   939    HIGHEST SLP M ON M
DPTR FM NORMAL    76    LOWEST  SLP M ON M

[REMARKS]
