000
CXUS53 KGRB 280730
CF6AUW
PRELIMINARY LOCAL CLIMATOLOGICAL DATA (WS FORM: F-6)

                                          STATION:   WAUSAU WI
                                          MONTH:     JUNE
                                          YEAR:      2017
                                          LATITUDE:   44 55 N
                                          LONGITUDE:  89 37 W

  TEMPERATURE IN F:       :PCPN:    SNOW:  WIND      :SUNSHINE: SKY     :PK WND
================================================================================
1   2   3   4   5  6A  6B    7    8   9   10  11  12  13   14  15   16   17  18
                                     12Z  AVG MX 2MIN
DY MAX MIN AVG DEP HDD CDD  WTR  SNW DPTH SPD SPD DIR MIN PSBL S-S WX    SPD DR
================================================================================

 1  76  40  58  -2   7   0 0.00  0.0    0  3.9 14 280   M    M   1        22 290
 2  81  46  64   3   1   0 0.00  0.0    0  2.8 12 310   M    M   0        16 210
 3  87  58  73  12   0   8 0.31  0.0    0  7.1 30 310   M    M   3 13     46 320
 4  83  59  71   9   0   6    T  0.0    0  8.6 21 280   M    M   1 1      31  10
 5  78  53  66   4   0   1 0.00  0.0    0  7.7 18  90   M    M   2        23  30
 6  78  49  64   2   1   0 0.00  0.0    0  4.8  9  60   M    M   0        20  40
 7  79  49  64   2   1   0 0.00  0.0    0  4.0 10 230   M    M   0        15 200
 8  80  51  66   3   0   1 0.02  0.0    0  8.4 21 210   M    M   4        28 190
 9  79  56  68   5   0   3 0.00  0.0    0  4.8 13 120   M    M   3 1      16 130
10  88  61  75  12   0  10 0.00  0.0    0 14.9 29 210   M    M   1        39 220
11  79  65  72   8   0   7 1.43  0.0    0  7.8 25 310   M    M   6 138    33 310
12  85  63  74  10   0   9 0.27  0.0    0  5.1 24 290   M    M   4 13     33 290
13  77  62  70   6   0   5 0.10  0.0    0  9.4 21 110   M    M   5 13     27 120
14  82  61  72   7   0   7 0.35  0.0    0  7.9 17 290   M    M   4 13     23 230
15  83  62  73   8   0   8 0.00  0.0    0  8.4 26 270   M    M   4 1      35 290
16  80  58  69   4   0   4 0.25  0.0    0  5.6 18 280   M    M   5 13     25 280
17  81  61  71   5   0   6 0.12  0.0    0  7.4 20 280   M    M   5 1      27 290
18  71  57  64  -2   1   0 0.89  0.0    0 12.1 24 280   M    M   8 1      32 300
19  71  53  62  -4   3   0 0.25  0.0    0  7.5 22 290   M    M   7 13     26 310
20  72  51  62  -4   3   0 0.02  0.0    0  4.7 14 310   M    M   4        20 300
21  76  48  62  -5   3   0 0.00  0.0    0  5.6 16 180   M    M   2        21 170
22  70  62  66  -1   0   1 0.79  0.0    0  6.1 17 270   M    M   8 13     22 250
23  73  56  65  -2   0   0    T  0.0    0  9.4 23 290   M    M   5 1      30 290
24  67  53  60  -7   5   0    T  0.0    0 12.7 23 270   M    M   7        29 270
25  63  49  56 -12   9   0 0.07  0.0    0 10.4 26 280   M    M   6 13     34 270
26  65  46  56 -12   9   0    T  0.0    0  9.7 21 300   M    M   5        29 320
27  73  47  60  -8   5   0 0.00  0.0    0  7.9 12 290   M    M   3         M  M
================================================================================
SM 2077 1476        48  76  4.87     0.0 204.7          M      103
================================================================================
AV 76.9 54.7                               7.6 FASTST   M    M   4    MAX(MPH)
                                 MISC ---->  # 30 310               # 46  320
================================================================================
NOTES:
# LAST OF SEVERAL OCCURRENCES

COLUMN 17 PEAK WIND IN M.P.H.

PRELIMINARY LOCAL CLIMATOLOGICAL DATA (WS FORM: F-6) , PAGE 2

                                          STATION:  WAUSAU WI
                                          MONTH:    JUNE
                                          YEAR:     2017
                                          LATITUDE:   44 55 N
                                          LONGITUDE:  89 37 W

[TEMPERATURE DATA]      [PRECIPITATION DATA]       SYMBOLS USED IN COLUMN 16

AVERAGE MONTHLY: 65.8   TOTAL FOR MONTH:   4.87    1 = FOG OR MIST
DPTR FM NORMAL:   1.3   DPTR FM NORMAL:    0.95    2 = FOG REDUCING VISIBILITY
HIGHEST:    88 ON 10    GRTST 24HR  1.43 ON 11-11      TO 1/4 MILE OR LESS
LOWEST:     40 ON  1                               3 = THUNDER
                        SNOW, ICE PELLETS, HAIL    4 = ICE PELLETS
                        TOTAL MONTH:   0.0 INCH    5 = HAIL
                        GRTST 24HR     0.0         6 = FREEZING RAIN OR DRIZZLE
                        GRTST DEPTH:   0           7 = DUSTSTORM OR SANDSTORM:
                                                       VSBY 1/2 MILE OR LESS
                                                   8 = SMOKE OR HAZE
[NO. OF DAYS WITH]      [WEATHER - DAYS WITH]      9 = BLOWING SNOW
                                                   X = TORNADO
MAX 32 OR BELOW:   0    0.01 INCH OR MORE:  13
MAX 90 OR ABOVE:   0    0.10 INCH OR MORE:  10
MIN 32 OR BELOW:   0    0.50 INCH OR MORE:   3
MIN  0 OR BELOW:   0    1.00 INCH OR MORE:   1

[HDD (BASE 65) ]
TOTAL THIS MO.    48    CLEAR  (SCALE 0-3)  11
DPTR FM NORMAL   -36    PTCLDY (SCALE 4-7)  16
TOTAL FM JUL 1  7261    CLOUDY (SCALE 8-10)  0
DPTR FM NORMAL  -983

[CDD (BASE 65) ]
TOTAL THIS MO.    76
DPTR FM NORMAL     6    [PRESSURE DATA]
TOTAL FM JAN 1    77    HIGHEST SLP M ON M
DPTR FM NORMAL   -12    LOWEST  SLP 29.44 ON 18

[REMARKS]
