000
CXUS51 KBOX 281200
CF6BDL
PRELIMINARY LOCAL CLIMATOLOGICAL DATA (WS FORM: F-6)

                                          STATION:   HARTFORD CT
                                          MONTH:     MAY
                                          YEAR:      2016
                                          LATITUDE:   41 55 N
                                          LONGITUDE:  72 41 W

  TEMPERATURE IN F:       :PCPN:    SNOW:  WIND      :SUNSHINE: SKY     :PK WND
================================================================================
1   2   3   4   5  6A  6B    7    8   9   10  11  12  13   14  15   16   17  18
                                     12Z  AVG MX 2MIN
DY MAX MIN AVG DEP HDD CDD  WTR  SNW DPTH SPD SPD DIR MIN PSBL S-S WX    SPD DR
================================================================================

 1  51  41  46  -9  19   0 0.10  0.0    0  5.7 16 180   M    M  10 1      20 180
 2  53  41  47  -8  18   0 0.66  0.0    0  4.5 18 260   M    M  10 13     20 260
 3  54  48  51  -5  14   0 0.39  0.0    0  4.8 12  20   M    M  10 1      14  20
 4  52  45  49  -7  16   0 0.03  0.0    0  8.7 20  50   M    M  10 1      28  50
 5  53  44  49  -7  16   0    T  0.0    0 13.5 23  40   M    M  10        27  40
 6  63  49  56  -1   9   0 0.28  0.0    0  8.6 20  30   M    M  10 1      23  30
 7  55  47  51  -6  14   0 0.01  0.0    0  6.8 15  20   M    M  10 1      17  20
 8  64  45  55  -2  10   0 0.09  0.0    0 12.7 32 300   M    M   6 1      45 290
 9  69  44  57  -1   8   0 0.00  0.0    0 10.7 24 290   M    M   3        35 230
10  72  38  55  -3  10   0 0.00  0.0    0  5.0 16 290   M    M   4        21 320
11  80  39  60   2   5   0 0.00  0.0    0  3.7 14 180   M    M   1        18 180
12  82  46  64   6   1   0 0.00  0.0    0  6.5 17 160   M    M   3        21 170
13  71  50  61   2   4   0 0.12  0.0    0  6.6 20 190   M    M  10 12     24 180
14  77  52  65   6   0   0 0.09  0.0    0  7.6 25 180   M    M   6 1      34 180
15  59  42  51  -8  14   0 0.00  0.0    0 15.1 26 310   M    M   6        34 290
16  64  40  52  -7  13   0 0.00  0.0    0 14.7 33 310   M    M   5        43 310
17  72  38  55  -5  10   0 0.00  0.0    0  6.8 21 290   M    M   8        26 270
18  72  47  60   0   5   0 0.00  0.0    0  7.1 18 200   M    M   6        24 180
19  72  48  60   0   5   0    T  0.0    0  4.7 16  10   M    M   8        20 330
20  76  42  59  -2   6   0 0.00  0.0    0  4.3  9 190   M    M   4 1       M  M
21  72  46  59  -2   6   0 0.00  0.0    0  5.1 20 170   M    M   7        26 160
22  75  53  64   3   1   0    T  0.0    0  5.8 13  20   M    M   8        16  20
23  83  47  65   4   0   0    T  0.0    0  6.2 14 210   M    M   5 1      18  10
24  67  54  61  -1   4   0 0.06  0.0    0  6.6 17 360   M    M   8 1      22  10
25  90  52  71   9   0   6 0.00  0.0    0  6.3 21 280   M    M   4 128    27 270
26  90  59  75  13   0  10    T  0.0    0  5.0 13 200   M    M   6        17 190
27  89  63  76  13   0  11 0.00  0.0    0  9.2 20 190   M    M   8        28 190
================================================================================
SM 1877 1260       208  27  1.83     0.0 202.3          M      186
================================================================================
AV 69.5 46.7                               7.5 FASTST   M    M   7    MAX(MPH)
                                 MISC ---->  # 33 310               # 45  290
================================================================================
NOTES:
# LAST OF SEVERAL OCCURRENCES

COLUMN 17 PEAK WIND IN M.P.H.

PRELIMINARY LOCAL CLIMATOLOGICAL DATA (WS FORM: F-6) , PAGE 2

                                          STATION:  HARTFORD CT
                                          MONTH:    MAY
                                          YEAR:     2016
                                          LATITUDE:   41 55 N
                                          LONGITUDE:  72 41 W

[TEMPERATURE DATA]      [PRECIPITATION DATA]       SYMBOLS USED IN COLUMN 16

AVERAGE MONTHLY: 58.1   TOTAL FOR MONTH:   1.83    1 = FOG OR MIST
DPTR FM NORMAL:  -0.8   DPTR FM NORMAL:   -1.88    2 = FOG REDUCING VISIBILITY
HIGHEST:    90 ON 26,25 GRTST 24HR  1.01 ON  2- 3      TO 1/4 MILE OR LESS
LOWEST:     38 ON 17,10                            3 = THUNDER
                        SNOW, ICE PELLETS, HAIL    4 = ICE PELLETS
                        TOTAL MONTH:   0.0 INCH    5 = HAIL
                        GRTST 24HR     0.0         6 = FREEZING RAIN OR DRIZZLE
                        GRTST DEPTH:   0           7 = DUSTSTORM OR SANDSTORM:
                                                       VSBY 1/2 MILE OR LESS
                                                   8 = SMOKE OR HAZE
[NO. OF DAYS WITH]      [WEATHER - DAYS WITH]      9 = BLOWING SNOW
                                                   X = TORNADO
MAX 32 OR BELOW:   0    0.01 INCH OR MORE:  10
MAX 90 OR ABOVE:   2    0.10 INCH OR MORE:   5
MIN 32 OR BELOW:   0    0.50 INCH OR MORE:   1
MIN  0 OR BELOW:   0    1.00 INCH OR MORE:   0

[HDD (BASE 65) ]
TOTAL THIS MO.   208    CLEAR  (SCALE 0-3)   2
DPTR FM NORMAL    19    PTCLDY (SCALE 4-7)  16
TOTAL FM JUL 1  5044    CLOUDY (SCALE 8-10)  9
DPTR FM NORMAL  -898

[CDD (BASE 65) ]
TOTAL THIS MO.    27
DPTR FM NORMAL     3    [PRESSURE DATA]
TOTAL FM JAN 1    29    HIGHEST SLP M ON M
DPTR FM NORMAL    -1    LOWEST  SLP 29.51 ON 15

[REMARKS]
