000
CXUS51 KOKX 280703
CF6BDR
PRELIMINARY LOCAL CLIMATOLOGICAL DATA (WS FORM: F-6)

                                          STATION:   BRIDGEPORT CT
                                          MONTH:     AUGUST
                                          YEAR:      2016
                                          LATITUDE:   41 10 N
                                          LONGITUDE:  73  8 W

  TEMPERATURE IN F:       :PCPN:    SNOW:  WIND      :SUNSHINE: SKY     :PK WND
================================================================================
1   2   3   4   5  6A  6B    7    8   9   10  11  12  13   14  15   16   17  18
                                     12Z  AVG MX 2MIN
DY MAX MIN AVG DEP HDD CDD  WTR  SNW DPTH SPD SPD DIR MIN PSBL S-S WX    SPD DR
================================================================================

 1  79  70  75   0   0  10    T  0.0    0 10.8 17  60   M    M   6        22  70
 2  76  67  72  -3   0   7 0.17  0.0    0  8.4 16 100   M    M   7 13     20 100
 3  79  64  72  -3   0   7 0.00  0.0    0  6.9 13 110   M    M   0        14 110
 4  83  63  73  -2   0   8 0.00  0.0    0  5.7 13 200   M    M   0        15 200
 5  84  66  75   1   0  10 0.00  0.0    0  9.6 18 220   M    M   1        22 210
 6  88  74  81   7   0  16 0.02  0.0    0 10.2 17 220   M    M   3 3      24 220
 7  90  71  81   7   0  16 0.00  0.0    0  7.6 16 220   M    M   0        20 300
 8  84  69  77   3   0  12 0.00  0.0    0  6.1 14 210   M    M   0        18 210
 9  86  66  76   2   0  11 0.00  0.0    0  5.8 14 190   M    M   1        19 200
10  84  75  80   6   0  15 1.91  0.0    0  7.4 16 210   M    M   8 13     20 200
11  94  77  86  12   0  21 0.01  0.0    0  7.7 16 300   M    M   2 3      20 300
12  94  76  85  11   0  20 0.12  0.0    0  8.1 20 230   M    M   2 3      26 230
13  95  76  86  12   0  21 0.45  0.0    0  7.5 26 260   M    M   0 3      41 260
14  94  76  85  11   0  20 0.09  0.0    0  7.8 18 230   M    M   2 13     23 210
15  90  76  83   9   0  18 0.00  0.0    0  5.3 15 220   M    M   1        17 220
16  90  74  82   8   0  17    T  0.0    0 10.6 21 200   M    M   3 3      24 200
17  86  75  81   7   0  16    T  0.0    0  9.9 22 230   M    M   1 3      32 220
18  85  72  79   6   0  14    T  0.0    0  6.6 13 220   M    M   4        15 210
19  86  73  80   7   0  15 0.00  0.0    0  5.4 13  40   M    M   2        17  40
20  82  71  77   4   0  12 0.00  0.0    0  8.1 17 120   M    M   2 18     22 150
21  86  75  81   8   0  16 0.39  0.0    0 10.0 16 130   M    M   3 18     21 130
22  81  62  72  -1   0   7 0.00  0.0    0 10.4 20 330   M    M   2        27 330
23  81  59  70  -3   0   5 0.00  0.0    0  7.2 14 210   M    M   0        18 200
24  86  64  75   3   0  10 0.00  0.0    0  7.1 14 230   M    M   0        19 190
25  85  68  77   5   0  12 0.00  0.0    0 10.3 17 200   M    M   2        22 190
26  93  77  85  13   0  20 0.00  0.0    0  9.5 16 350   M    M   2        23 320
27  86  72  79   7   0  14 0.00  0.0    0  6.9 13 160   M    M   0        17 150
================================================================================
SM 2327 1908         0 370  3.16     0.0 216.9          M       54
================================================================================
AV 86.2 70.7                               8.0 FASTST   M    M   2    MAX(MPH)
                                 MISC ---->  # 26 260               # 41  260
================================================================================
NOTES:
# LAST OF SEVERAL OCCURRENCES

COLUMN 17 PEAK WIND IN M.P.H.

PRELIMINARY LOCAL CLIMATOLOGICAL DATA (WS FORM: F-6) , PAGE 2

                                          STATION:  BRIDGEPORT CT
                                          MONTH:    AUGUST
                                          YEAR:     2016
                                          LATITUDE:   41 10 N
                                          LONGITUDE:  73  8 W

[TEMPERATURE DATA]      [PRECIPITATION DATA]       SYMBOLS USED IN COLUMN 16

AVERAGE MONTHLY: 78.4   TOTAL FOR MONTH:   3.16    1 = FOG OR MIST
DPTR FM NORMAL:   4.8   DPTR FM NORMAL:   -0.37    2 = FOG REDUCING VISIBILITY
HIGHEST:    95 ON 13    GRTST 24HR  1.91 ON 10-10      TO 1/4 MILE OR LESS
LOWEST:     59 ON 23                               3 = THUNDER
                        SNOW, ICE PELLETS, HAIL    4 = ICE PELLETS
                        TOTAL MONTH:   0.0 INCH    5 = HAIL
                        GRTST 24HR     0.0         6 = FREEZING RAIN OR DRIZZLE
                        GRTST DEPTH:   0           7 = DUSTSTORM OR SANDSTORM:
                                                       VSBY 1/2 MILE OR LESS
                                                   8 = SMOKE OR HAZE
[NO. OF DAYS WITH]      [WEATHER - DAYS WITH]      9 = BLOWING SNOW
                                                   X = TORNADO
MAX 32 OR BELOW:   0    0.01 INCH OR MORE:   8
MAX 90 OR ABOVE:   8    0.10 INCH OR MORE:   5
MIN 32 OR BELOW:   0    0.50 INCH OR MORE:   1
MIN  0 OR BELOW:   0    1.00 INCH OR MORE:   1

[HDD (BASE 65) ]
TOTAL THIS MO.     0    CLEAR  (SCALE 0-3)  23
DPTR FM NORMAL     0    PTCLDY (SCALE 4-7)   4
TOTAL FM JUL 1     0    CLOUDY (SCALE 8-10)  0
DPTR FM NORMAL    -1

[CDD (BASE 65) ]
TOTAL THIS MO.   370
DPTR FM NORMAL   135    [PRESSURE DATA]
TOTAL FM JAN 1   997    HIGHEST SLP M ON M
DPTR FM NORMAL   306    LOWEST  SLP 29.67 ON  6

[REMARKS]
