000
CXUS53 KIWX 200800
CF6BEH
PRELIMINARY LOCAL CLIMATOLOGICAL DATA (WS FORM: F-6)

                                          STATION:   BENTON HARBOR
                                          MONTH:     DECEMBER
                                          YEAR:      2014
                                          LATITUDE:   42  7 N
                                          LONGITUDE:  86 26 W

  TEMPERATURE IN F:       :PCPN:    SNOW:  WIND      :SUNSHINE: SKY     :PK WND
================================================================================
1   2   3   4   5  6A  6B    7    8   9   10  11  12  13   14  15   16   17  18
                                     12Z  AVG MX 2MIN
DY MAX MIN AVG DEP HDD CDD  WTR  SNW DPTH SPD SPD DIR MIN PSBL S-S WX    SPD DR
================================================================================

 1  34  13  24 -11  41   0    T    M    M  7.2 15 330   M    M   7 8      26 300
 2  34  13  24 -11  41   0    T    M    0  8.0 17 120   M    M   5 1      22 110
 3  36  30  33  -1  32   0    T    M    0 15.1 24 270   M    M   3 18     31 270
 4  33  22  28  -6  37   0 0.00  0.0    0  6.2 10 110   M    M   5         M  M
 5  38  31  35   1  30   0 0.00  0.0    0  4.2 10 140   M    M   9 18     15 130
 6  39  26  33   0  32   0 0.00  0.0    0  5.5 13  20   M    M   6 18     21  20
 7  36  20  28  -5  37   0 0.00  0.0    0  8.9 18 130   M    M   0        25 120
 8  37  31  34   1  31   0 0.22    M    0  7.5 17 140   M    M   6 18     24 150
 9  39  33  36   4  29   0 0.02    M    0  6.5 14  10   M    M  10 18     23  20
10  33  22  28  -4  37   0 0.00  0.0    0  4.4 10 320   M    M   7        14 340
11  33  21  27  -5  38   0    T    M    0  8.5 16 260   M    M   6 18     19 280
12  37  30  34   3  31   0    T    M    0 10.7 17 260   M    M   9 1      22 250
13  47  35  41  10  24   0 0.00  0.0    0 11.2 21 250   M    M  10 1      27 250
14  53  44  49  18  16   0 0.00  0.0    0  8.5 16 240   M    M  10 18     22 240
15  49  42  46  16  19   0 0.07  0.0    0 10.2 18 170   M    M   9 18     25 160
16  43  33  38   8  27   0 0.08    M    M 10.1 20 300   M    M  10 12     28 300
17  33  27  30   0  35   0 0.00  0.0    M 12.2 22 270   M    M  10        29 290
18  31  27  29  -1  36   0 0.01    M    M  8.1 16 270   M    M  10 18     20 270
19  32  26  29  -1  36   0    T    M    M  3.1  8  50   M    M  10 1      11  30
================================================================================
SM  717  526       609   0  0.40     0.0 156.1          M      142
================================================================================
AV 37.7 27.7                               8.2 FASTST   M    M   7    MAX(MPH)
                                 MISC ---->  # 24 270               # 31  270
================================================================================
NOTES:
# LAST OF SEVERAL OCCURRENCES

COLUMN 17 PEAK WIND IN M.P.H.

PRELIMINARY LOCAL CLIMATOLOGICAL DATA (WS FORM: F-6) , PAGE 2

                                          STATION:  BENTON HARBOR
                                          MONTH:    DECEMBER
                                          YEAR:     2014
                                          LATITUDE:   42  7 N
                                          LONGITUDE:  86 26 W

[TEMPERATURE DATA]      [PRECIPITATION DATA]       SYMBOLS USED IN COLUMN 16

AVERAGE MONTHLY: 32.7   TOTAL FOR MONTH:   0.40    1 = FOG OR MIST
DPTR FM NORMAL:   0.6   DPTR FM NORMAL:   -0.93    2 = FOG REDUCING VISIBILITY
HIGHEST:    53 ON 14    GRTST 24HR  0.24 ON  8- 9      TO 1/4 MILE OR LESS
LOWEST:     13 ON  2, 1                            3 = THUNDER
                        SNOW, ICE PELLETS, HAIL    4 = ICE PELLETS
                        TOTAL MONTH:   0.0 INCH    5 = HAIL
                        GRTST 24HR     0.0         6 = FREEZING RAIN OR DRIZZLE
                        GRTST DEPTH:   0           7 = DUSTSTORM OR SANDSTORM:
                                                       VSBY 1/2 MILE OR LESS
                                                   8 = SMOKE OR HAZE
[NO. OF DAYS WITH]      [WEATHER - DAYS WITH]      9 = BLOWING SNOW
                                                   X = TORNADO
MAX 32 OR BELOW:   2    0.01 INCH OR MORE:   5
MAX 90 OR ABOVE:   0    0.10 INCH OR MORE:   1
MIN 32 OR BELOW:  14    0.50 INCH OR MORE:   0
MIN  0 OR BELOW:   0    1.00 INCH OR MORE:   0

[HDD (BASE 65) ]
TOTAL THIS MO.   609    CLEAR  (SCALE 0-3)   2
DPTR FM NORMAL   -15    PTCLDY (SCALE 4-7)   7
TOTAL FM JUL 1  2205    CLOUDY (SCALE 8-10) 10
DPTR FM NORMAL   356

[CDD (BASE 65) ]
TOTAL THIS MO.     0
DPTR FM NORMAL     0    [PRESSURE DATA]
TOTAL FM JAN 1   442    HIGHEST SLP M ON M
DPTR FM NORMAL  -331    LOWEST  SLP 29.65 ON 16

[REMARKS]
