000
CXUS56 KHNX 301146
CF6BFL
PRELIMINARY LOCAL CLIMATOLOGICAL DATA (WS FORM: F-6)

                                          STATION:   BAKERSFIELD CA
                                          MONTH:     JULY
                                          YEAR:      2015
                                          LATITUDE:   35 25 N
                                          LONGITUDE: 119  3 W

  TEMPERATURE IN F:       :PCPN:    SNOW:  WIND      :SUNSHINE: SKY     :PK WND
================================================================================
1   2   3   4   5  6A  6B    7    8   9   10  11  12  13   14  15   16   17  18
                                     12Z  AVG MX 2MIN
DY MAX MIN AVG DEP HDD CDD  WTR  SNW DPTH SPD SPD DIR MIN PSBL S-S WX    SPD DR
================================================================================

 1 102  83  93  11   0  28    T  0.0    0  7.8 21 120   M    M   2 3      29 120
 2 103  81  92  10   0  27 0.00  0.0    0  7.5 18 340   M    M   0        23 310
 3 102  75  89   7   0  24 0.00  0.0    0  6.8 17 290   M    M   0        22 320
 4 102  76  89   7   0  24 0.00  0.0    0  7.4 17 290   M    M   0        21 280
 5 100  76  88   6   0  23 0.00  0.0    0  9.6 18 310   M    M   0        22 300
 6  95  73  84   1   0  19 0.00  0.0    0  8.9 16 300   M    M   0        21 300
 7  94  70  82  -1   0  17 0.00  0.0    0  9.4 16 330   M    M   0        21 310
 8  93  69  81  -2   0  16 0.00  0.0    0  9.7 23 300   M    M   1        26 310
 9  86  66  76  -7   0  11 0.00  0.0    0 11.3 23 310   M    M   3        26 310
10  87  64  76  -8   0  11 0.00  0.0    0  7.4 16 330   M    M   1        22 310
11  91  65  78  -6   0  13 0.00  0.0    0  6.5 17 300   M    M   0        22 300
12  93  69  81  -3   0  16 0.00  0.0    0  7.1 15 290   M    M   0        20 300
13  94  68  81  -3   0  16 0.00  0.0    0  6.7 15 320   M    M   0        19 330
14  96  69  83  -1   0  18 0.00  0.0    0  7.0 15 320   M    M   0        20 290
15  97  70  84   0   0  19 0.00  0.0    0  6.6 16 300   M    M   0        19 330
16  98  70  84   0   0  19 0.00  0.0    0  7.0 15 290   M    M   0        21 300
17 103  73  88   4   0  23 0.00  0.0    0  7.4 16 320   M    M   0        19 320
18  97  73  85   1   0  20 0.03  0.0    0  9.2 30 160   M    M   2 38     36 150
19  92  73  83  -1   0  18 0.01  0.0    0  6.9 21 150   M    M   2        23 140
20  94  76  85   0   0  20 0.00  0.0    0  5.5 24 140   M    M   1 3      31 140
21  99  77  88   3   0  23 0.00  0.0    0  7.4 23 290   M    M   0        27 290
22  96  76  86   1   0  21 0.00  0.0    0  9.4 22 310   M    M   1        25 310
23  94  70  82  -3   0  17 0.00  0.0    0  7.8 14 330   M    M   0        19 280
24  95  65  80  -5   0  15 0.00  0.0    0  6.6 15 350   M    M   0        19 290
25  97  68  83  -2   0  18 0.00  0.0    0  6.6 15 310   M    M   0        19 310
26  97  69  83  -2   0  18 0.00  0.0    0  6.9 15 310   M    M   0        22 300
27  94  69  82  -3   0  17 0.00  0.0    0  5.7 14 290   M    M   0        18 290
28  99  72  86   2   0  21 0.00  0.0    0  5.8 16 300   M    M   0        20 300
29 107  73  90   6   0  25 0.00  0.0    0  6.5 17 320   M    M   1        25 310
================================================================================
SM 2797 2078         0 557  0.04     0.0 218.4          M       14
================================================================================
AV 96.4 71.7                               7.5 FASTST   M    M   0    MAX(MPH)
                                 MISC ---->  # 30 160               # 36  150
================================================================================
NOTES:
# LAST OF SEVERAL OCCURRENCES

COLUMN 17 PEAK WIND IN M.P.H.

PRELIMINARY LOCAL CLIMATOLOGICAL DATA (WS FORM: F-6) , PAGE 2

                                          STATION:  BAKERSFIELD CA
                                          MONTH:    JULY
                                          YEAR:     2015
                                          LATITUDE:   35 25 N
                                          LONGITUDE: 119  3 W

[TEMPERATURE DATA]      [PRECIPITATION DATA]       SYMBOLS USED IN COLUMN 16

AVERAGE MONTHLY: 84.1   TOTAL FOR MONTH:   0.04    1 = FOG OR MIST
DPTR FM NORMAL:   0.3   DPTR FM NORMAL:    0.04    2 = FOG REDUCING VISIBILITY
HIGHEST:   107 ON 29    GRTST 24HR  0.04 ON 18-19      TO 1/4 MILE OR LESS
LOWEST:     64 ON 10                               3 = THUNDER
                        SNOW, ICE PELLETS, HAIL    4 = ICE PELLETS
                        TOTAL MONTH:   0.0 INCH    5 = HAIL
                        GRTST 24HR     0.0         6 = FREEZING RAIN OR DRIZZLE
                        GRTST DEPTH:   0           7 = DUSTSTORM OR SANDSTORM:
                                                       VSBY 1/2 MILE OR LESS
                                                   8 = SMOKE OR HAZE
[NO. OF DAYS WITH]      [WEATHER - DAYS WITH]      9 = BLOWING SNOW
                                                   X = TORNADO
MAX 32 OR BELOW:   0    0.01 INCH OR MORE:   2
MAX 90 OR ABOVE:  27    0.10 INCH OR MORE:   0
MIN 32 OR BELOW:   0    0.50 INCH OR MORE:   0
MIN  0 OR BELOW:   0    1.00 INCH OR MORE:   0

[HDD (BASE 65) ]
TOTAL THIS MO.     0    CLEAR  (SCALE 0-3)  29
DPTR FM NORMAL     0    PTCLDY (SCALE 4-7)   0
TOTAL FM JUL 1     0    CLOUDY (SCALE 8-10)  0
DPTR FM NORMAL     0

[CDD (BASE 65) ]
TOTAL THIS MO.   557
DPTR FM NORMAL    11    [PRESSURE DATA]
TOTAL FM JAN 1  1455    HIGHEST SLP M ON M
DPTR FM NORMAL   263    LOWEST  SLP 29.66 ON 17

[REMARKS]
