000
CXUS51 KCAR 270600
CF6BGR
PRELIMINARY LOCAL CLIMATOLOGICAL DATA (WS FORM: F-6)

                                          STATION:   BANGOR ME
                                          MONTH:     MARCH
                                          YEAR:      2017
                                          LATITUDE:   44 47 N
                                          LONGITUDE:  68 49 W

  TEMPERATURE IN F:       :PCPN:    SNOW:  WIND      :SUNSHINE: SKY     :PK WND
================================================================================
1   2   3   4   5  6A  6B    7    8   9   10  11  12  13   14  15   16   17  18
                                     12Z  AVG MX 2MIN
DY MAX MIN AVG DEP HDD CDD  WTR  SNW DPTH SPD SPD DIR MIN PSBL S-S WX    SPD DR
================================================================================

 1  46  37  42  17  23   0 0.13  0.0    T  9.5 21 180   M    M   9 12     26 180
 2  47  21  34   9  31   0 0.03  0.0    0 11.3 29 310   M    M   8 12     45 310
 3  27  11  19  -7  46   0 0.00  0.0    0 13.6 25 320   M    M   4        33 320
 4  12   2   7 -19  58   0 0.00  0.0    0 19.2 33 330   M    M   4        41 310
 5  27   5  16 -10  49   0 0.00  0.0    0 17.5 30 310   M    M   2 8      39 320
 6  37   7  22  -5  43   0 0.00  0.0    0  5.3 15 310   M    M   1        20 350
 7  36  14  25  -2  40   0 0.14    T    0  6.6 15 150   M    M   9 1      19 170
 8  45  28  37  10  28   0 0.31  0.0    0  6.2 16 280   M    M   7 12     26 290
 9  42  22  32   4  33   0 0.01    T    0 12.2 25 320   M    M   7 148    37 290
10  26  13  20  -8  45   0 0.00  0.0    0  7.6 22 330   M    M   7        27 340
11  13  -3   5 -23  60   0 0.00  0.0    0 14.7 31 320   M    M   6        40 330
12  20   1  11 -18  54   0    T    T    0 12.9 24 320   M    M   3 8      32 320
13  29   8  19 -10  46   0    T    T    0  6.6 17 330   M    M   5        22 320
14  30  17  24  -5  41   0 0.64 14.2    0 13.8 35  40   M    M   9 12469  45  60
15  36  23  30   0  35   0 0.16  0.4   14 12.7 24 190   M    M  10 16     34 150
16  28  16  22  -8  43   0    T    T   13 12.2 25 320   M    M   8 8      30 320
17  31  11  21  -9  44   0 0.00  0.0   13  9.6 18 320   M    M   6        26 300
18  38  10  24  -7  41   0 0.00  0.0   12  1.9 15 190   M    M   3        18 190
19  41   7  24  -7  41   0 0.00  0.0   12  7.1 16  40   M    M   4        20  30
20  45  23  34   2  31   0 0.00  0.0   10  9.9 21  10   M    M   2        25  10
21  46  21  34   2  31   0    T    T    8  3.9 16 350   M    M   9 4      20 360
22  35  11  23  -9  42   0    T    T    6 17.2 38 320   M    M   6 19     48 330
23  27  10  19 -14  46   0 0.00  0.0    6 15.4 26 320   M    M   0        37 340
24  33  14  24  -9  41   0 0.11  1.7    6  7.0 21 210   M    M  10 1      27 200
25  42  24  33  -1  32   0 0.00  0.0    7  8.5 17 320   M    M   6        21 320
26  39  20  30  -4  35   0 0.00  0.0    5  6.7 15  10   M    M   3        18  30
================================================================================
SM  878  373      1059   0  1.53    16.3 269.1          M      148
================================================================================
AV 33.8 14.4                              10.3 FASTST   M    M   6    MAX(MPH)
                                 MISC ---->  # 38 320               # 48  330
================================================================================
NOTES:
# LAST OF SEVERAL OCCURRENCES

COLUMN 17 PEAK WIND IN M.P.H.

PRELIMINARY LOCAL CLIMATOLOGICAL DATA (WS FORM: F-6) , PAGE 2

                                          STATION:  BANGOR ME
                                          MONTH:    MARCH
                                          YEAR:     2017
                                          LATITUDE:   44 47 N
                                          LONGITUDE:  68 49 W

[TEMPERATURE DATA]      [PRECIPITATION DATA]       SYMBOLS USED IN COLUMN 16

AVERAGE MONTHLY: 24.1   TOTAL FOR MONTH:   1.53    1 = FOG OR MIST
DPTR FM NORMAL:  -5.2   DPTR FM NORMAL:   -1.26    2 = FOG REDUCING VISIBILITY
HIGHEST:    47 ON  2    GRTST 24HR  0.64 ON 14-14      TO 1/4 MILE OR LESS
LOWEST:     -3 ON 11                               3 = THUNDER
                        SNOW, ICE PELLETS, HAIL    4 = ICE PELLETS
                        TOTAL MONTH:  16.3 INCHES  5 = HAIL
                        GRTST 24HR  14.2 ON 14-14  6 = FREEZING RAIN OR DRIZZLE
                        GRTST DEPTH:  14 ON 15     7 = DUSTSTORM OR SANDSTORM:
                                                       VSBY 1/2 MILE OR LESS
                                                   8 = SMOKE OR HAZE
[NO. OF DAYS WITH]      [WEATHER - DAYS WITH]      9 = BLOWING SNOW
                                                   X = TORNADO
MAX 32 OR BELOW:  11    0.01 INCH OR MORE:   8
MAX 90 OR ABOVE:   0    0.10 INCH OR MORE:   6
MIN 32 OR BELOW:  25    0.50 INCH OR MORE:   1
MIN  0 OR BELOW:   1    1.00 INCH OR MORE:   0

[HDD (BASE 65) ]
TOTAL THIS MO.  1059    CLEAR  (SCALE 0-3)   5
DPTR FM NORMAL   132    PTCLDY (SCALE 4-7)  14
TOTAL FM JUL 1  6187    CLOUDY (SCALE 8-10)  7
DPTR FM NORMAL  -386

[CDD (BASE 65) ]
TOTAL THIS MO.     0
DPTR FM NORMAL     0    [PRESSURE DATA]
TOTAL FM JAN 1     0    HIGHEST SLP M ON M
DPTR FM NORMAL     0    LOWEST  SLP 29.08 ON  2

[REMARKS]
