000
CXUS55 KVEF 180940
CF6BIH
PRELIMINARY LOCAL CLIMATOLOGICAL DATA (WS FORM: F-6)

                                          STATION:   BISHOP CA
                                          MONTH:     OCTOBER
                                          YEAR:      2017
                                          LATITUDE:   37 22 N
                                          LONGITUDE: 118 22 W

  TEMPERATURE IN F:       :PCPN:    SNOW:  WIND      :SUNSHINE: SKY     :PK WND
================================================================================
1   2   3   4   5  6A  6B    7    8   9   10  11  12  13   14  15   16   17  18
                                     12Z  AVG MX 2MIN
DY MAX MIN AVG DEP HDD CDD  WTR  SNW DPTH SPD SPD DIR MIN PSBL S-S WX    SPD DR
================================================================================

 1  84  44  64   2   1   0 0.00  0.0    0 10.8 37 350   M    M   0        49 360
 2  69  39  54  -8  11   0 0.00  0.0    0  8.4 18 360   M    M   0        24 360
 3  70  34  52 -10  13   0 0.00  0.0    0 10.8 29 340   M    M   0        39 360
 4  72  28  50 -11  15   0 0.00  0.0    0  4.6 10 170   M    M   0        13 170
 5  77  32  55  -6  10   0 0.00  0.0    0  5.9 13 360   M    M   0 8      16 310
 6  83  41  62   2   3   0 0.00    M    0  5.1 12 310   M    M   0        15 300
 7  85  35  60   0   5   0 0.00    M    0  6.8 15 160   M    M   0        18 150
 8  89  35  62   2   3   0 0.00  0.0    0 13.7 47 360   M    M   1 8      59 360
 9  69  31  50  -9  15   0 0.00    M    0  5.4 15 360   M    M   0        19  10
10  73  26  50  -9  15   0 0.00  0.0    0  7.8 20 150   M    M   0        25 140
11  76  29  53  -6  12   0 0.00  0.0    0  6.4 16 340   M    M   0        24 350
12  73  36  55  -3  10   0 0.00  0.0    0 10.2 22 360   M    M   0        29 360
13  76  29  53  -5  12   0 0.00  0.0    0  6.7 15 150   M    M   0        18 150
14  76  37  57  -1   8   0 0.00  0.0    0  9.9 25 360   M    M   0        32 360
15  77  32  55  -2  10   0 0.00    M    0  6.2 10 160   M    M   0        14 150
16  80  30  55  -2  10   0 0.00  0.0    0  4.4 13 160   M    M   0        15 150
17  81  32  57   1   8   0 0.00  0.0    0  4.4 10 320   M    M   0        12 160
================================================================================
SM 1310  570       161   0  0.00     0.0 127.5          M        1
================================================================================
AV 77.1 33.5                               7.5 FASTST   M    M   0    MAX(MPH)
                                 MISC ---->  # 47 360               # 59  360
================================================================================
NOTES:
# LAST OF SEVERAL OCCURRENCES

COLUMN 17 PEAK WIND IN M.P.H.

PRELIMINARY LOCAL CLIMATOLOGICAL DATA (WS FORM: F-6) , PAGE 2

                                          STATION:  BISHOP CA
                                          MONTH:    OCTOBER
                                          YEAR:     2017
                                          LATITUDE:   37 22 N
                                          LONGITUDE: 118 22 W

[TEMPERATURE DATA]      [PRECIPITATION DATA]       SYMBOLS USED IN COLUMN 16

AVERAGE MONTHLY: 55.3   TOTAL FOR MONTH:   0.00    1 = FOG OR MIST
DPTR FM NORMAL:  -4.1   DPTR FM NORMAL:   -0.15    2 = FOG REDUCING VISIBILITY
HIGHEST:    89 ON  8    GRTST 24HR    T  ON 30- 1      TO 1/4 MILE OR LESS
LOWEST:     26 ON 10                               3 = THUNDER
                        SNOW, ICE PELLETS, HAIL    4 = ICE PELLETS
                        TOTAL MONTH:   0.0 INCH    5 = HAIL
                        GRTST 24HR     0.0         6 = FREEZING RAIN OR DRIZZLE
                        GRTST DEPTH:   0           7 = DUSTSTORM OR SANDSTORM:
                                                       VSBY 1/2 MILE OR LESS
                                                   8 = SMOKE OR HAZE
[NO. OF DAYS WITH]      [WEATHER - DAYS WITH]      9 = BLOWING SNOW
                                                   X = TORNADO
MAX 32 OR BELOW:   0    0.01 INCH OR MORE:   0
MAX 90 OR ABOVE:   0    0.10 INCH OR MORE:   0
MIN 32 OR BELOW:   9    0.50 INCH OR MORE:   0
MIN  0 OR BELOW:   0    1.00 INCH OR MORE:   0

[HDD (BASE 65) ]
TOTAL THIS MO.   161    CLEAR  (SCALE 0-3)  17
DPTR FM NORMAL    57    PTCLDY (SCALE 4-7)   0
TOTAL FM JUL 1   233    CLOUDY (SCALE 8-10)  0
DPTR FM NORMAL    86

[CDD (BASE 65) ]
TOTAL THIS MO.     0
DPTR FM NORMAL    -7    [PRESSURE DATA]
TOTAL FM JAN 1  1407    HIGHEST SLP M ON M
DPTR FM NORMAL   304    LOWEST  SLP 29.56 ON  1

[REMARKS]
