000
CXUS55 KVEF 010940
CF6BIH
PRELIMINARY LOCAL CLIMATOLOGICAL DATA (WS FORM: F-6)

                                          STATION:   BISHOP CA
                                          MONTH:     JULY
                                          YEAR:      2015
                                          LATITUDE:   37 22 N
                                          LONGITUDE: 118 22 W

  TEMPERATURE IN F:       :PCPN:    SNOW:  WIND      :SUNSHINE: SKY     :PK WND
================================================================================
1   2   3   4   5  6A  6B    7    8   9   10  11  12  13   14  15   16   17  18
                                     12Z  AVG MX 2MIN
DY MAX MIN AVG DEP HDD CDD  WTR  SNW DPTH SPD SPD DIR MIN PSBL S-S WX    SPD DR
================================================================================

 1  96  68  82   6   0  17    T  0.0    0 11.6 43 150   M    M   1 8      52 140
 2  97  70  84   8   0  19    T  0.0    0  7.1 21 170   M    M   1        28 170
 3 100  65  83   7   0  18 0.23  0.0    0  8.6 20 160   M    M   2 138    26 140
 4  93  66  80   4   0  15 0.00  0.0    0  7.0 25 170   M    M   3        30 160
 5  98  59  79   3   0  14 0.01  0.0    0  8.5 35 180   M    M   1 3      52 180
 6  99  56  78   1   0  13    T  0.0    0  6.9 24 260   M    M   1 3      29 260
 7  96  59  78   1   0  13 0.00  0.0    0 10.4 28 140   M    M   0        40 130
 8  92  54  73  -4   0   8 0.01  0.0    0 10.1 25 180   M    M   2 38     32 180
 9  78  52  65 -12   0   0 0.21  0.0    0  6.7 20 130   M    M   3 3      26 130
10  84  49  67 -10   0   2    T  0.0    0  7.5 33 150   M    M   2        42 160
11  88  51  70  -7   0   5    T  0.0    0  9.0 24 160   M    M   2        28 160
12  92  52  72  -5   0   7 0.00  0.0    0  7.5 20 160   M    M   1        25 180
13  96  60  78   0   0  13 0.00  0.0    0  6.1 18 170   M    M   0        26 170
14  97  60  79   1   0  14 0.00  0.0    0  9.2 23 160   M    M   0        32 130
15  97  58  78   0   0  13 0.00  0.0    0 10.0 25 160   M    M   0        30 170
16  98  58  78   0   0  13 0.00  0.0    0  5.8 20 170   M    M   0        27 160
17  99  53  76  -2   0  11 0.00  0.0    0  8.9 21 140   M    M   0        27 160
18  96  53  75  -3   0  10 0.00  0.0    0 11.1 40 150   M    M   0        57 150
19  92  55  74  -4   0   9    T  0.0    0  6.7 18 160   M    M   3        23 150
20  87  64  76  -2   0  11    T  0.0    0 11.9 29 350   M    M   3 3      38 350
21  94  62  78   0   0  13 0.00  0.0    0  6.8 28 210   M    M   1 3      39 220
22  93  66  80   2   0  15    T  0.0    0  7.3 22 170   M    M   3 3      31 180
23  92  57  75  -3   0  10 0.00  0.0    0  7.5 26 170   M    M   2        33 160
24  93  56  75  -3   0  10 0.00  0.0    0  3.6 15 190   M    M   0        18 180
25  97  54  76  -2   0  11 0.00  0.0    0  6.7 17 180   M    M   0        23 160
26  99  51  75  -3   0  10 0.00  0.0    0  9.2 22 160   M    M   0        28 160
27  94  65  80   2   0  15 0.00  0.0    0  8.8 22 340   M    M   0        28 340
28  96  54  75  -3   0  10 0.00  0.0    0  4.9 14 190   M    M   0        19 150
29 101  56  79   1   0  14 0.00  0.0    0  8.1 20 160   M    M   0        26 160
30  97  60  79   1   0  14    T  0.0    0  7.2 30  50   M    M   1 3      41  50
31  95  65  80   3   0  15 0.01  0.0    0  5.3 22 150   M    M   3        28 160
================================================================================
SM 2926 1808         0 362  0.47     0.0 246.0          M       35
================================================================================
AV 94.4 58.3                               7.9 FASTST   M    M   1    MAX(MPH)
                                 MISC ---->  # 43 150               # 57  150
================================================================================
NOTES:
# LAST OF SEVERAL OCCURRENCES

COLUMN 17 PEAK WIND IN M.P.H.

PRELIMINARY LOCAL CLIMATOLOGICAL DATA (WS FORM: F-6) , PAGE 2

                                          STATION:  BISHOP CA
                                          MONTH:    JULY
                                          YEAR:     2015
                                          LATITUDE:   37 22 N
                                          LONGITUDE: 118 22 W

[TEMPERATURE DATA]      [PRECIPITATION DATA]       SYMBOLS USED IN COLUMN 16

AVERAGE MONTHLY: 76.4   TOTAL FOR MONTH:   0.47    1 = FOG OR MIST
DPTR FM NORMAL:  -0.9   DPTR FM NORMAL:    0.31    2 = FOG REDUCING VISIBILITY
HIGHEST:   101 ON 29    GRTST 24HR  0.23 ON  3- 3      TO 1/4 MILE OR LESS
LOWEST:     49 ON 10                               3 = THUNDER
                        SNOW, ICE PELLETS, HAIL    4 = ICE PELLETS
                        TOTAL MONTH:   0.0 INCH    5 = HAIL
                        GRTST 24HR     0.0         6 = FREEZING RAIN OR DRIZZLE
                        GRTST DEPTH:   0           7 = DUSTSTORM OR SANDSTORM:
                                                       VSBY 1/2 MILE OR LESS
                                                   8 = SMOKE OR HAZE
[NO. OF DAYS WITH]      [WEATHER - DAYS WITH]      9 = BLOWING SNOW
                                                   X = TORNADO
MAX 32 OR BELOW:   0    0.01 INCH OR MORE:   5
MAX 90 OR ABOVE:  27    0.10 INCH OR MORE:   2
MIN 32 OR BELOW:   0    0.50 INCH OR MORE:   0
MIN  0 OR BELOW:   0    1.00 INCH OR MORE:   0

[HDD (BASE 65) ]
TOTAL THIS MO.     0    CLEAR  (SCALE 0-3)  30
DPTR FM NORMAL    -1    PTCLDY (SCALE 4-7)   1
TOTAL FM JUL 1     0    CLOUDY (SCALE 8-10)  0
DPTR FM NORMAL    -1

[CDD (BASE 65) ]
TOTAL THIS MO.   362
DPTR FM NORMAL   -20    [PRESSURE DATA]
TOTAL FM JAN 1   747    HIGHEST SLP 30.25 ON 30
DPTR FM NORMAL    83    LOWEST  SLP 29.59 ON  8

[REMARKS]
#FINAL-07-15#
