000
CXUS53 KGRR 171311
CF6BIV
PRELIMINARY LOCAL CLIMATOLOGICAL DATA (WS FORM: F-6)

                                          STATION:   HOLLAND
                                          MONTH:     DECEMBER
                                          YEAR:      2017
                                          LATITUDE:   42 49 N
                                          LONGITUDE:  86 10 W

  TEMPERATURE IN F:       :PCPN:    SNOW:  WIND      :SUNSHINE: SKY     :PK WND
================================================================================
1   2   3   4   5  6A  6B    7    8   9   10  11  12  13   14  15   16   17  18
                                     12Z  AVG MX 2MIN
DY MAX MIN AVG DEP HDD CDD  WTR  SNW DPTH SPD SPD DIR MIN PSBL S-S WX    SPD DR
================================================================================

 1  50  28  39   3  26   0 0.00    M    M  4.9 17 250   M    M   0        20 250
 2  52  32  42   7  23   0 0.00    M    M  6.5 15 240   M    M   3 1      19 240
 3  54  27  41   6  24   0 0.00    M    M  4.7 12 240   M    M   0 12     14 240
 4  62  45  54  19  11   0 0.11    M    M 17.3 29 190   M    M   6 3      39 200
 5  60  30  45  11  20   0 0.01    M    M 28.6 43 250   M    M   9        54 250
 6  35  29  32  -2  33   0    T    M    M 20.3 30 270   M    M   5        39 260
 7  29  24  27  -7  38   0 0.07    M    M 11.7 18 280   M    M  10 1      26 280
 8  36  25  31  -2  34   0    T    M    M 15.1 26 250   M    M   7        34 260
 9  34  22  28  -5  37   0 0.12    M    M  8.0 17 170   M    M   9 128    22 170
10  31  26  29  -4  36   0    T    M    M  9.9 21 230   M    M  10        26 240
11  34  26  30  -2  35   0 0.03    M    M  7.8 21 340   M    M  10 16     28 340
12  32  16  24  -8  41   0 0.21    M    M  9.0 20 340   M    M  10 12     29 350
13  26  16  21 -11  44   0 0.12    M    M 11.3 20 130   M    M   9 12     25 120
14  25   2  14 -18  51   0    T    M    M  4.6 15 360   M    M   7 18     21  20
15  34  21  28  -3  37   0 0.06    M    M 12.8 22 280   M    M  10 128    30 290
16  38  23  31   0  34   0 0.06    M    M  9.2 20 260   M    M   8 1      26 270
================================================================================
SM  632  392       524   0  0.79    M    181.7          M      113
================================================================================
AV 39.5 24.5                              11.4 FASTST   M    M   7    MAX(MPH)
                                 MISC ---->  # 43 250               # 54  250
================================================================================
NOTES:
# LAST OF SEVERAL OCCURRENCES

COLUMN 17 PEAK WIND IN M.P.H.

PRELIMINARY LOCAL CLIMATOLOGICAL DATA (WS FORM: F-6) , PAGE 2

                                          STATION:  HOLLAND
                                          MONTH:    DECEMBER
                                          YEAR:     2017
                                          LATITUDE:   42 49 N
                                          LONGITUDE:  86 10 W

[TEMPERATURE DATA]      [PRECIPITATION DATA]       SYMBOLS USED IN COLUMN 16

AVERAGE MONTHLY: 32.0   TOTAL FOR MONTH:   0.79    1 = FOG OR MIST
DPTR FM NORMAL:  -1.2   DPTR FM NORMAL:   -0.61    2 = FOG REDUCING VISIBILITY
HIGHEST:    62 ON  4    GRTST 24HR  0.21 ON 12-12      TO 1/4 MILE OR LESS
LOWEST:      2 ON 14                               3 = THUNDER
                        SNOW, ICE PELLETS, HAIL    4 = ICE PELLETS
                        TOTAL MONTH:    M          5 = HAIL
                        GRTST 24HR    M  ON   M    6 = FREEZING RAIN OR DRIZZLE
                        GRTST DEPTH:  M  ON   M    7 = DUSTSTORM OR SANDSTORM:
                                                       VSBY 1/2 MILE OR LESS
                                                   8 = SMOKE OR HAZE
[NO. OF DAYS WITH]      [WEATHER - DAYS WITH]      9 = BLOWING SNOW
                                                   X = TORNADO
MAX 32 OR BELOW:   5    0.01 INCH OR MORE:   9
MAX 90 OR ABOVE:   0    0.10 INCH OR MORE:   4
MIN 32 OR BELOW:  15    0.50 INCH OR MORE:   0
MIN  0 OR BELOW:   0    1.00 INCH OR MORE:   0

[HDD (BASE 65) ]
TOTAL THIS MO.   524    CLEAR  (SCALE 0-3)   3
DPTR FM NORMAL    16    PTCLDY (SCALE 4-7)   5
TOTAL FM JUL 1  1691    CLOUDY (SCALE 8-10)  8
DPTR FM NORMAL   -40

[CDD (BASE 65) ]
TOTAL THIS MO.     0
DPTR FM NORMAL     0    [PRESSURE DATA]
TOTAL FM JAN 1   613    HIGHEST SLP M ON M
DPTR FM NORMAL   -80    LOWEST  SLP 29.34 ON 13

[REMARKS]
