000
CXUS56 KBOI 251002
CF6BKE
PRELIMINARY LOCAL CLIMATOLOGICAL DATA (WS FORM: F-6)

                                          STATION:   BAKER OR
                                          MONTH:     MAY
                                          YEAR:      2017
                                          LATITUDE:   44 50 N
                                          LONGITUDE: 117 49 W

  TEMPERATURE IN F:       :PCPN:    SNOW:  WIND      :SUNSHINE: SKY     :PK WND
================================================================================
1   2   3   4   5  6A  6B    7    8   9   10  11  12  13   14  15   16   17  18
                                     12Z  AVG MX 2MIN
DY MAX MIN AVG DEP HDD CDD  WTR  SNW DPTH SPD SPD DIR MIN PSBL S-S WX    SPD DR
================================================================================

 1  56  29  43  -4  22   0    T    M    M  5.4 20 320   M    M   5        23 330
 2  61  41  51   4  14   0    T    M    M  5.9 12 320   M    M   7        16 290
 3  73  35  54   6  11   0 0.00    M    M  2.2  8 150   M    M   2 1      11  40
 4  78  38  58  10   7   0 0.00    M    M  7.4 24 100   M    M   1 12     29 100
 5  77  44  61  13   4   0 0.04    M    M 15.4 43 350   M    M   5 3      54 330
 6  44  38  41  -7  24   0 0.01    M    M 16.4 24 330   M    M  10        30 320
 7  58  33  46  -3  19   0 0.00    M    M 16.9 29 320   M    M   1        35 320
 8  67  28  48  -1  17   0 0.00    M    M  7.6 17 310   M    M   0        24 330
 9  70  30  50   1  15   0 0.00    M    M  5.4 14 310   M    M   0 8      17 280
10  79  34  57   7   8   0 0.00    M    M  6.2 20 100   M    M   0 1      26 110
11  74  39  57   7   8   0 0.00    M    M 14.4 32 320   M    M   0        40 330
12  47  27  37 -13  28   0 0.09    M    M  8.9 23 300   M    M   6 1      29 320
13  46  20  33 -17  32   0 0.07    M    M  4.0 20 310   M    M   5 12     22 310
14  52  24  38 -13  27   0 0.00    M    M  4.5 12 310   M    M   7 12     14 310
15  61  27  44  -7  21   0 0.00    M    M  4.1 10 330   M    M   1        13 340
16  57  30  44  -7  21   0 0.07    M    M 11.6 38 330   M    M   5 13     46 320
17  48  28  38 -14  27   0 0.01    M    M 10.3 24 340   M    M   8        30 330
18  66  38  52   0  13   0 0.00    M    M  8.3 16 320   M    M   4        20 310
19  70  30  50  -2  15   0 0.00    M    M  4.4 13 320   M    M   1 12     17 310
20  67  37  52   0  13   0 0.04    M    M  8.5 21 320   M    M   5 1      25 330
21  74  36  55   3  10   0 0.00    M    M  3.7 10 300   M    M   0        13 300
22  79  36  58   5   7   0 0.00    M    M  4.3 10 300   M    M   0 1      13 310
23  85  40  63  10   2   0 0.00    M    M  4.6 17  60   M    M   0        21  50
24  62  38  50  -3  15   0 0.00    M    M 15.5 33 340   M    M   0        39 330
================================================================================
SM 1551  800       380   0  0.33    M    195.9          M       73
================================================================================
AV 64.6 33.3                               8.2 FASTST   M    M   3    MAX(MPH)
                                 MISC ---->  # 43 350               # 54  330
================================================================================
NOTES:
# LAST OF SEVERAL OCCURRENCES

COLUMN 17 PEAK WIND IN M.P.H.

PRELIMINARY LOCAL CLIMATOLOGICAL DATA (WS FORM: F-6) , PAGE 2

                                          STATION:  BAKER OR
                                          MONTH:    MAY
                                          YEAR:     2017
                                          LATITUDE:   44 50 N
                                          LONGITUDE: 117 49 W

[TEMPERATURE DATA]      [PRECIPITATION DATA]       SYMBOLS USED IN COLUMN 16

AVERAGE MONTHLY: 49.0   TOTAL FOR MONTH:   0.33    1 = FOG OR MIST
DPTR FM NORMAL:  -1.2   DPTR FM NORMAL:   -0.78    2 = FOG REDUCING VISIBILITY
HIGHEST:    85 ON 23    GRTST 24HR  0.09 ON 12-12      TO 1/4 MILE OR LESS
LOWEST:     20 ON 13                               3 = THUNDER
                        SNOW, ICE PELLETS, HAIL    4 = ICE PELLETS
                        TOTAL MONTH:    M          5 = HAIL
                        GRTST 24HR    M  ON   M    6 = FREEZING RAIN OR DRIZZLE
                        GRTST DEPTH:  M  ON   M    7 = DUSTSTORM OR SANDSTORM:
                                                       VSBY 1/2 MILE OR LESS
                                                   8 = SMOKE OR HAZE
[NO. OF DAYS WITH]      [WEATHER - DAYS WITH]      9 = BLOWING SNOW
                                                   X = TORNADO
MAX 32 OR BELOW:   0    0.01 INCH OR MORE:   7
MAX 90 OR ABOVE:   0    0.10 INCH OR MORE:   0
MIN 32 OR BELOW:  10    0.50 INCH OR MORE:   0
MIN  0 OR BELOW:   0    1.00 INCH OR MORE:   0

[HDD (BASE 65) ]
TOTAL THIS MO.   380    CLEAR  (SCALE 0-3)  13
DPTR FM NORMAL    24    PTCLDY (SCALE 4-7)   9
TOTAL FM JUL 1  7628    CLOUDY (SCALE 8-10)  2
DPTR FM NORMAL   259

[CDD (BASE 65) ]
TOTAL THIS MO.     0
DPTR FM NORMAL     0    [PRESSURE DATA]
TOTAL FM JAN 1     0    HIGHEST SLP M ON M
DPTR FM NORMAL     0    LOWEST  SLP 29.55 ON 24

[REMARKS]
