000
CXUS56 KBOI 301002
CF6BKE
PRELIMINARY LOCAL CLIMATOLOGICAL DATA (WS FORM: F-6)

                                          STATION:   BAKER OR
                                          MONTH:     MARCH
                                          YEAR:      2017
                                          LATITUDE:   44 50 N
                                          LONGITUDE: 117 49 W

  TEMPERATURE IN F:       :PCPN:    SNOW:  WIND      :SUNSHINE: SKY     :PK WND
================================================================================
1   2   3   4   5  6A  6B    7    8   9   10  11  12  13   14  15   16   17  18
                                     12Z  AVG MX 2MIN
DY MAX MIN AVG DEP HDD CDD  WTR  SNW DPTH SPD SPD DIR MIN PSBL S-S WX    SPD DR
================================================================================

 1  46  19  33  -1  32   0 0.00    M    M  2.9 12  30   M    M   2        14  50
 2  45  23  34   0  31   0 0.00    M    M  7.6 23 100   M    M   0        28 100
 3  50  23  37   3  28   0    T    M    M 10.3 23 130   M    M   4        28 130
 4  52  32  42   8  23   0 0.01    M    M 14.3 38 160   M    M   6 1      44 160
 5  40  24  32  -3  33   0 0.01    M    M  7.3 28 320   M    M   6 1      32 330
 6  38  21  30  -5  35   0 0.01    M    M  8.9 26 180   M    M   6 128    31 180
 7  42  25  34  -1  31   0 0.04    M    M 11.0 26 180   M    M  10        32 180
 8  53  37  45   9  20   0    T    M    M 10.9 26 170   M    M   9        34 160
 9  52  31  42   6  23   0 0.02    M    M  6.6 18 130   M    M   8 12     26 170
10  61  28  45   9  20   0 0.00    M    M  5.4 26 170   M    M   1        34 190
11  51  23  37   0  28   0 0.01    M    M  6.9 23 110   M    M   3        28 100
12  57  26  42   5  23   0 0.00    M    M  2.4 10 290   M    M   1        12 290
13  62  24  43   6  22   0 0.00    M    M  3.5 15  70   M    M   5        19  70
14  66  35  51  14  14   0    T    M    M  6.5 21  60   M    M   4        26  50
15  60  39  50  12  15   0 0.02    M    M  9.1 21 200   M    M   9        29 100
16  54  27  41   3  24   0 0.05    M    M  5.4 21 330   M    M   3        27 330
17  59  22  41   3  24   0    T    M    M  6.0 21 150   M    M   6 1      26 150
18  64  42  53  15  12   0 0.09    M    M 11.2 33 180   M    M   8        41 180
19  51  34  43   4  22   0 0.00    M    M  6.3 18 310   M    M   8        24 320
20  58  40  49  10  16   0    T    M    M  6.3 17 110   M    M   8        22  70
21  58  40  49  10  16   0 0.29    M    M  8.6 23 150   M    M   7 13     32 180
22  58  33  46   7  19   0 0.01    M    M 10.5 30 320   M    M   4        37 330
23  53  29  41   1  24   0 0.00    M    M  6.2 18 120   M    M   2        21 130
24  46  31  39  -1  26   0 0.18    M    M 11.2 20 160   M    M   8        25 100
25  54  26  40   0  25   0 0.00    M    M  4.7 18 240   M    M   3 12     26 250
26  51  30  41   1  24   0 0.11    M    M  7.5 24 130   M    M   7 1      28 130
27  50  27  39  -1  26   0 0.03    M    M  6.5 29 320   M    M   4        35 320
28  50  26  38  -2  27   0 0.00    M    M  2.8 10 110   M    M   7        13 110
29  48  38  43   3  22   0 0.08    M    M 10.6 21 100   M    M   8 1      26 100
================================================================================
SM 1529  855       685   0  0.96    M    217.4          M      157
================================================================================
AV 52.7 29.5                               7.5 FASTST   M    M   5    MAX(MPH)
                                 MISC ---->  # 38 160               # 44  160
================================================================================
NOTES:
# LAST OF SEVERAL OCCURRENCES

COLUMN 17 PEAK WIND IN M.P.H.

PRELIMINARY LOCAL CLIMATOLOGICAL DATA (WS FORM: F-6) , PAGE 2

                                          STATION:  BAKER OR
                                          MONTH:    MARCH
                                          YEAR:     2017
                                          LATITUDE:   44 50 N
                                          LONGITUDE: 117 49 W

[TEMPERATURE DATA]      [PRECIPITATION DATA]       SYMBOLS USED IN COLUMN 16

AVERAGE MONTHLY: 41.1   TOTAL FOR MONTH:   0.96    1 = FOG OR MIST
DPTR FM NORMAL:   3.7   DPTR FM NORMAL:    0.19    2 = FOG REDUCING VISIBILITY
HIGHEST:    66 ON 14    GRTST 24HR  0.29 ON 21-21      TO 1/4 MILE OR LESS
LOWEST:     19 ON  1                               3 = THUNDER
                        SNOW, ICE PELLETS, HAIL    4 = ICE PELLETS
                        TOTAL MONTH:    M          5 = HAIL
                        GRTST 24HR    M  ON   M    6 = FREEZING RAIN OR DRIZZLE
                        GRTST DEPTH:  M  ON   M    7 = DUSTSTORM OR SANDSTORM:
                                                       VSBY 1/2 MILE OR LESS
                                                   8 = SMOKE OR HAZE
[NO. OF DAYS WITH]      [WEATHER - DAYS WITH]      9 = BLOWING SNOW
                                                   X = TORNADO
MAX 32 OR BELOW:   0    0.01 INCH OR MORE:  15
MAX 90 OR ABOVE:   0    0.10 INCH OR MORE:   3
MIN 32 OR BELOW:  20    0.50 INCH OR MORE:   0
MIN  0 OR BELOW:   0    1.00 INCH OR MORE:   0

[HDD (BASE 65) ]
TOTAL THIS MO.   685    CLEAR  (SCALE 0-3)   7
DPTR FM NORMAL  -116    PTCLDY (SCALE 4-7)  16
TOTAL FM JUL 1  6513    CLOUDY (SCALE 8-10)  6
DPTR FM NORMAL   192

[CDD (BASE 65) ]
TOTAL THIS MO.     0
DPTR FM NORMAL     0    [PRESSURE DATA]
TOTAL FM JAN 1     0    HIGHEST SLP M ON M
DPTR FM NORMAL     0    LOWEST  SLP 29.48 ON  5

[REMARKS]
