000
CXUS51 KRNK 220810
CF6BLF

PRELIMINARY LOCAL CLIMATOLOGICAL DATA (WS FORM: F-6)

                                          STATION:   BLUEFIELD WV
                                          MONTH:     JUNE
                                          YEAR:      2017
                                          LATITUDE:   37 17 N
                                          LONGITUDE:  81 12 W

  TEMPERATURE IN F:       :PCPN:    SNOW:  WIND      :SUNSHINE: SKY     :PK WND
================================================================================
1   2   3   4   5  6A  6B    7    8   9   10  11  12  13   14  15   16   17  18
                                     12Z  AVG MX 2MIN
DY MAX MIN AVG DEP HDD CDD  WTR  SNW DPTH SPD SPD DIR MIN PSBL S-S WX    SPD DR
================================================================================

 1  72  54  63  -3   2   0 0.00  0.0    0  6.8 18 270   M    M   1        24 310
 2  73  53  63  -4   2   0 0.00  0.0    0  5.2 14 310   M    M   1        24 360
 3  76  53  65  -2   0   0 0.00  0.0    0  3.2 10 300   M    M   0        16 360
 4  80  53  67   0   0   2 0.00  0.0    0  5.8 15 240   M    M   1        20 230
 5  67  57  62  -5   3   0 1.05  0.0    0  4.1 16  50   M    M  10 1      21  20
 6  68  51  60  -8   5   0 0.00  0.0    0  6.0 13 280   M    M   6 1      19 290
 7  64  47  56 -12   9   0 0.00  0.0    0  3.0  9  30   M    M   5        14  80
 8  66  52  59  -9   6   0 0.24  0.0    0  4.3  9 150   M    M  10 13     14 110
 9  71  50  61  -7   4   0 0.00  0.0    0  5.9 13 280   M    M   4 12     19 320
10  76  54  65  -4   0   0 0.00  0.0    0  4.8 13 280   M    M   0        20 260
11  80  60  70   1   0   5 0.00  0.0    0  4.6 12 220   M    M   2        15 260
12  80  63  72   3   0   7 0.06  0.0    0  4.4 16 280   M    M   3 3      21 270
13  74  61  68  -1   0   3 0.59  0.0    0  5.7 18 300   M    M   5 13     29 300
14  80  59  70   0   0   5 0.00  0.0    0  6.9 13 260   M    M   1        17 280
15  82  61  72   2   0   7 0.03  0.0    0  5.6 13 290   M    M   3 13     17 280
16  74  62  68  -2   0   3 1.31  0.0    0  2.8 15 230   M    M   7 123    18 230
17  75  63  69  -1   0   4    T  0.0    0  3.8  9 170   M    M   6 12     16 150
18  82  64  73   2   0   8 0.01  0.0    0  7.8 22 220   M    M   4 3      28 220
19  74  59  67  -4   0   2 0.63  0.0    0  8.0 20 250   M    M   6 13     27 260
20  73  57  65  -6   0   0    T  0.0    0  5.6 14 260   M    M   3 1      19 260
21  78  60  69  -2   0   4 0.00  0.0    0  6.9 14 250   M    M   1        20 250
================================================================================
SM 1565 1193        31  50  3.92     0.0 111.2          M       79
================================================================================
AV 74.5 56.8                               5.3 FASTST   M    M   4    MAX(MPH)
                                 MISC ---->  # 22 220               # 29  300
================================================================================
NOTES:
# LAST OF SEVERAL OCCURRENCES

COLUMN 17 PEAK WIND IN M.P.H.

PRELIMINARY LOCAL CLIMATOLOGICAL DATA (WS FORM: F-6) , PAGE 2

                                          STATION:  BLUEFIELD WV
                                          MONTH:    JUNE
                                          YEAR:     2017
                                          LATITUDE:   37 17 N
                                          LONGITUDE:  81 12 W

[TEMPERATURE DATA]      [PRECIPITATION DATA]       SYMBOLS USED IN COLUMN 16

AVERAGE MONTHLY: 65.7   TOTAL FOR MONTH:   3.92    1 = FOG OR MIST
DPTR FM NORMAL:  -3.2   DPTR FM NORMAL:    0.96    2 = FOG REDUCING VISIBILITY
HIGHEST:    82 ON 18,15 GRTST 24HR  1.31 ON 16-16      TO 1/4 MILE OR LESS
LOWEST:     47 ON  7                               3 = THUNDER
                        SNOW, ICE PELLETS, HAIL    4 = ICE PELLETS
                        TOTAL MONTH:   0.0 INCH    5 = HAIL
                        GRTST 24HR     0.0         6 = FREEZING RAIN OR DRIZZLE
                        GRTST DEPTH:   0           7 = DUSTSTORM OR SANDSTORM:
                                                       VSBY 1/2 MILE OR LESS
                                                   8 = SMOKE OR HAZE
[NO. OF DAYS WITH]      [WEATHER - DAYS WITH]      9 = BLOWING SNOW
                                                   X = TORNADO
MAX 32 OR BELOW:   0    0.01 INCH OR MORE:   8
MAX 90 OR ABOVE:   0    0.10 INCH OR MORE:   5
MIN 32 OR BELOW:   0    0.50 INCH OR MORE:   4
MIN  0 OR BELOW:   0    1.00 INCH OR MORE:   2

[HDD (BASE 65) ]
TOTAL THIS MO.    31    CLEAR  (SCALE 0-3)  11
DPTR FM NORMAL    10    PTCLDY (SCALE 4-7)   8
TOTAL FM JUL 1  4292    CLOUDY (SCALE 8-10)  2
DPTR FM NORMAL  -295

[CDD (BASE 65) ]
TOTAL THIS MO.    50
DPTR FM NORMAL   -52    [PRESSURE DATA]
TOTAL FM JAN 1   102    HIGHEST SLP M ON M
DPTR FM NORMAL   -91    LOWEST  SLP 29.73 ON  5


[REMARKS] DUE TO A POWER OUTAGE CAUSING A MISSING HIGH TEMPERATURE
ON NOVEMBER 10...THE SEASONAL HEATING DEGREE DAY TOTAL AND DEPARTURE
FROM NORMAL WILL BE CALCULATED WITHOUT DATA FROM THIS DATE.
