000
CXUS51 KRNK 010735
CF6BLF

PRELIMINARY LOCAL CLIMATOLOGICAL DATA (WS FORM: F-6)

                                          STATION:   BLUEFIELD WV
                                          MONTH:     AUGUST
                                          YEAR:      2015
                                          LATITUDE:   37 17 N
                                          LONGITUDE:  81 12 W

  TEMPERATURE IN F:       :PCPN:    SNOW:  WIND      :SUNSHINE: SKY     :PK WND
================================================================================
1   2   3   4   5  6A  6B    7    8   9   10  11  12  13   14  15   16   17  18
                                     12Z  AVG MX 2MIN
DY MAX MIN AVG DEP HDD CDD  WTR  SNW DPTH SPD SPD DIR MIN PSBL S-S WX    SPD DR
================================================================================

 1  81  62  72  -1   0   7 0.00  0.0    0  6.4 14 310   M    M   1        19 320
 2  81  61  71  -2   0   6 0.00  0.0    0  2.7  7 120   M    M   0        11 100
 3  85  67  76   3   0  11 0.00  0.0    0  6.4 15 250   M    M   2        21 220
 4  84  64  74   1   0   9 0.05  0.0    0  7.5 16 240   M    M   2 3      22 290
 5  86  65  76   3   0  11 0.05  0.0    0  6.7 28 240   M    M   2 13     37 250
 6  78  65  72  -1   0   7 0.63  0.0    0  3.1 14 140   M    M   9 13     20 140
 7  79  67  73   0   0   8 0.02  0.0    0  2.5  8  40   M    M   9 128    11 100
 8  82  66  74   1   0   9 0.00  0.0    0  1.8  8 270   M    M   7 1      10 310
 9  85  64  75   2   0  10 0.00  0.0    0  2.1  9 290   M    M   3 1      14 260
10  84  69  77   4   0  12 0.42  0.0    0  4.4 15 230   M    M   7 13     18 230
11  79  66  73   0   0   8 0.44  0.0    0  6.7 15 270   M    M   6 13     22 280
12  78  63  71  -2   0   6    T  0.0    0  5.2 13 360   M    M   5 12     19 290
13  77  59  68  -5   0   3 0.00  0.0    0  3.2 10 310   M    M   2 1      18 280
14  85  59  72  -1   0   7 0.00  0.0    0  3.7 10 260   M    M   2 3      16 180
15  83  63  73   0   0   8 0.00  0.0    0  3.0 10 300   M    M   1 3      14 320
16  85  64  75   3   0  10    T  0.0    0  2.1  9 300   M    M   2        12 310
17  84  65  75   3   0  10 0.17  0.0    0  2.5 12 250   M    M   3 1      15 240
18  80  67  74   2   0   9 0.11  0.0    0  4.0 13 240   M    M   9 1      17 240
19  84  70  77   5   0  12 0.01  0.0    0  6.0 17 220   M    M   6        21 220
20  77  66  72   0   0   7 0.36  0.0    0  6.9 16 250   M    M   8 18     21 220
21  78  61  70  -2   0   5 0.00  0.0    0  2.1  8 350   M    M   3 8      12  40
22  82  56  69  -3   0   4 0.00  0.0    0  3.7 12 140   M    M   1 12     18 160
23  81  66  74   2   0   9 0.13  0.0    0  3.0 10 290   M    M   5 123    15 280
24  81  62  72   0   0   7 0.00  0.0    0  7.1 15 290   M    M   4 12     21 300
25  74  55  65  -7   0   0 0.00  0.0    0  5.9 14 280   M    M   0        23 260
26  74  53  64  -8   1   0 0.00  0.0    0  3.5 12  20   M    M   4 8      16 350
27  79  52  66  -5   0   1 0.00  0.0    0  2.9 10 310   M    M   3 1      14 110
28  82  59  71   0   0   6 0.00  0.0    0  3.9 10 170   M    M   4        16 170
29  81  65  73   2   0   8 0.00  0.0    0  3.8 10 170   M    M   2        15 270
30  78  65  72   1   0   7 0.00  0.0    0  2.1  8 160   M    M   4        11 140
31  84  64  74   3   0   9    T  0.0    0  2.7 12  10   M    M   6        19 360
================================================================================
SM 2511 1950         1 226  2.39     0.0 127.6          M      122
================================================================================
AV 81.0 62.9                               4.1 FASTST   M    M   4    MAX(MPH)
                                 MISC ---->  # 28 240               # 37  250
================================================================================
NOTES:
# LAST OF SEVERAL OCCURRENCES

COLUMN 17 PEAK WIND IN M.P.H.

PRELIMINARY LOCAL CLIMATOLOGICAL DATA (WS FORM: F-6) , PAGE 2

                                          STATION:  BLUEFIELD WV
                                          MONTH:    AUGUST
                                          YEAR:     2015
                                          LATITUDE:   37 17 N
                                          LONGITUDE:  81 12 W

[TEMPERATURE DATA]      [PRECIPITATION DATA]       SYMBOLS USED IN COLUMN 16

AVERAGE MONTHLY: 72.0   TOTAL FOR MONTH:   2.39    1 = FOG OR MIST
DPTR FM NORMAL:  -0.3   DPTR FM NORMAL:   -0.87    2 = FOG REDUCING VISIBILITY
HIGHEST:    86 ON  5    GRTST 24HR  0.84 ON 10-11      TO 1/4 MILE OR LESS
LOWEST:     52 ON 27                               3 = THUNDER
                        SNOW, ICE PELLETS, HAIL    4 = ICE PELLETS
                        TOTAL MONTH:   0.0 INCH    5 = HAIL
                        GRTST 24HR     0.0         6 = FREEZING RAIN OR DRIZZLE
                        GRTST DEPTH:   0           7 = DUSTSTORM OR SANDSTORM:
                                                       VSBY 1/2 MILE OR LESS
                                                   8 = SMOKE OR HAZE
[NO. OF DAYS WITH]      [WEATHER - DAYS WITH]      9 = BLOWING SNOW
                                                   X = TORNADO
MAX 32 OR BELOW:   0    0.01 INCH OR MORE:  11
MAX 90 OR ABOVE:   0    0.10 INCH OR MORE:   7
MIN 32 OR BELOW:   0    0.50 INCH OR MORE:   1
MIN  0 OR BELOW:   0    1.00 INCH OR MORE:   0

[HDD (BASE 65) ]
TOTAL THIS MO.     1    CLEAR  (SCALE 0-3)  15
DPTR FM NORMAL    -3    PTCLDY (SCALE 4-7)  13
TOTAL FM JUL 1     1    CLOUDY (SCALE 8-10)  3
DPTR FM NORMAL    -5

[CDD (BASE 65) ]
TOTAL THIS MO.   226
DPTR FM NORMAL    -3    [PRESSURE DATA]
TOTAL FM JAN 1   903    HIGHEST SLP 30.21 ON 29
DPTR FM NORMAL   169    LOWEST  SLP 29.78 ON  7

[REMARKS]

DUE TO A TIPPING BUCKET FAILURE CAUSING MISSING PRECIPITATION ON
JUNE 1...THE SEASONAL AND ANNUAL PRECIPITATION TOTALS AND DEPARTURES
FROM NORMAL WILL BE CALCULATED WITHOUT DATA FROM THIS DATE.

ALSO...DUE TO A POWER OUTAGE CAUSING A MISSING LOW TEMPERATURE ON
JUNE 7...THE SEASONAL COOLING DEGREE DAY TOTAL AND DEPARTURE FROM
NORMAL WILL BE CALCULATED WITHOUT DATA FROM THIS DATE.

#FINAL-08-15#
