000
CXUS55 KPSR 221005
CF6BLH
PRELIMINARY LOCAL CLIMATOLOGICAL DATA (WS FORM: F-6)

                                          STATION:   BLYTHE CA
                                          MONTH:     JULY
                                          YEAR:      2017
                                          LATITUDE:   33 37 N
                                          LONGITUDE: 114 43 W

  TEMPERATURE IN F:       :PCPN:    SNOW:  WIND      :SUNSHINE: SKY     :PK WND
================================================================================
1   2   3   4   5  6A  6B    7    8   9   10  11  12  13   14  15   16   17  18
                                     12Z  AVG MX 2MIN
DY MAX MIN AVG DEP HDD CDD  WTR  SNW DPTH SPD SPD DIR MIN PSBL S-S WX    SPD DR
================================================================================

 1 110  80  95   2   0  30 0.00  0.0    0 12.4 22 180   M    M   0        30 190
 2 107  74  91  -2   0  26 0.00  0.0    0  9.8 21 160   M    M   1        25 160
 3 112  84  98   5   0  33 0.00  0.0    0 11.2 17 150   M    M   2 8      24 140
 4 112  80  96   3   0  31 0.00  0.0    0  6.5 13 230   M    M   2        15 180
 5 115  88 102   9   0  37 0.00  0.0    0 11.0 22 250   M    M   2        26 250
 6 116  88 102   8   0  37 0.00  0.0    0  9.7 21 190   M    M   3        26 180
 7 120  88 104  10   0  39 0.00  0.0    0  5.8 14 140   M    M   3        17 190
 8 112  92 102   8   0  37    T  0.0    0 13.7 30  70   M    M   2 8      36  60
 9 109  89  99   5   0  34 0.00  0.0    0 11.4 29 190   M    M   2 8      34 180
10 111  87  99   5   0  34 0.00  0.0    0 11.9 21 200   M    M   2        24 180
11 110  86  98   4   0  33 0.00  0.0    0 14.7 25 210   M    M   2        30 210
12 112  86  99   5   0  34 0.00  0.0    0 12.0 20 200   M    M   3        27 170
13 111  85  98   4   0  33 0.00  0.0    0 12.6 16 240   M    M   2        24 180
14 112  86  99   5   0  34 0.00  0.0    0 11.7 18 160   M    M   3        27 170
15 111  87  99   4   0  34    T  0.0    0 13.5 23 130   M    M   2 8      31 200
16 109  88  99   4   0  34 0.00  0.0    0 13.8 21 180   M    M   2 8      26 160
17 107  86  97   2   0  32 0.00  0.0    0 12.6 21 170   M    M   2        25 150
18 108  89  99   4   0  34 0.00  0.0    0 11.5 20 210   M    M   2        23 200
19 104  82  93  -2   0  28 0.02  0.0    0  5.7 14 230   M    M   2        17 240
20 108  87  98   3   0  33 0.00  0.0    0 12.1 20 180   M    M   2 8      25 140
21 108  86  97   2   0  32 0.00  0.0    0 10.7 18 200   M    M   2 8      26 150
================================================================================
SM 2324 1798         0 699  0.02     0.0 234.3          M       43
================================================================================
AV110.7 85.6                              11.2 FASTST   M    M   2    MAX(MPH)
                                 MISC ---->  # 30  70               # 36   60
================================================================================
NOTES:
# LAST OF SEVERAL OCCURRENCES

COLUMN 17 PEAK WIND IN M.P.H.

PRELIMINARY LOCAL CLIMATOLOGICAL DATA (WS FORM: F-6) , PAGE 2

                                          STATION:  BLYTHE CA
                                          MONTH:    JULY
                                          YEAR:     2017
                                          LATITUDE:   33 37 N
                                          LONGITUDE: 114 43 W

[TEMPERATURE DATA]      [PRECIPITATION DATA]       SYMBOLS USED IN COLUMN 16

AVERAGE MONTHLY: 98.1   TOTAL FOR MONTH:   0.02    1 = FOG OR MIST
DPTR FM NORMAL:   4.0   DPTR FM NORMAL:   -0.12    2 = FOG REDUCING VISIBILITY
HIGHEST:   120 ON  7    GRTST 24HR  0.02 ON 19-19      TO 1/4 MILE OR LESS
LOWEST:     74 ON  2                               3 = THUNDER
                        SNOW, ICE PELLETS, HAIL    4 = ICE PELLETS
                        TOTAL MONTH:   0.0 INCH    5 = HAIL
                        GRTST 24HR     0.0         6 = FREEZING RAIN OR DRIZZLE
                        GRTST DEPTH:   0           7 = DUSTSTORM OR SANDSTORM:
                                                       VSBY 1/2 MILE OR LESS
                                                   8 = SMOKE OR HAZE
[NO. OF DAYS WITH]      [WEATHER - DAYS WITH]      9 = BLOWING SNOW
                                                   X = TORNADO
MAX 32 OR BELOW:   0    0.01 INCH OR MORE:   1
MAX 90 OR ABOVE:  21    0.10 INCH OR MORE:   0
MIN 32 OR BELOW:   0    0.50 INCH OR MORE:   0
MIN  0 OR BELOW:   0    1.00 INCH OR MORE:   0

[HDD (BASE 65) ]
TOTAL THIS MO.     0    CLEAR  (SCALE 0-3)  21
DPTR FM NORMAL     0    PTCLDY (SCALE 4-7)   0
TOTAL FM JUL 1     0    CLOUDY (SCALE 8-10)  0
DPTR FM NORMAL     0

[CDD (BASE 65) ]
TOTAL THIS MO.   699
DPTR FM NORMAL    87    [PRESSURE DATA]
TOTAL FM JAN 1  2472    HIGHEST SLP M ON M
DPTR FM NORMAL   389    LOWEST  SLP 28.60 ON  8

[REMARKS]
