000
CXUS54 KEWX 250910
CF6BMQ
PRELIMINARY LOCAL CLIMATOLOGICAL DATA (WS FORM: F-6)

                                          STATION:   BURNET
                                          MONTH:     SEPTEMBER
                                          YEAR:      2016
                                          LATITUDE:   30 43 N
                                          LONGITUDE:  98 14 W

  TEMPERATURE IN F:       :PCPN:    SNOW:  WIND      :SUNSHINE: SKY     :PK WND
================================================================================
1   2   3   4   5  6A  6B    7    8   9   10  11  12  13   14  15   16   17  18
                                     12Z  AVG MX 2MIN
DY MAX MIN AVG DEP HDD CDD  WTR  SNW DPTH SPD SPD DIR MIN PSBL S-S WX    SPD DR
================================================================================

 1  92  73  83   2   0  18    T    M    0  5.4 17  40   M    M   1        23  40
 2  86  72  79  -2   0  14 0.19    M    0  5.4 12  60   M    M   4 138    15  40
 3  90  72  81   0   0  16 0.00  0.0    0  4.2 12 120   M    M   3 18     17 110
 4  90  74  82   1   0  17 0.00  0.0    0  4.7 13 180   M    M   3 1      19 160
 5  90  72  81   1   0  16    T  0.0    0  8.1 23 180   M    M   4 3      33 180
 6  91  76  84   4   0  19    T  0.0    0  7.5 14 170   M    M   6        23 180
 7  91  75  83   3   0  18 0.00  0.0    0  7.8 15 170   M    M   6        23 190
 8  92  74  83   3   0  18 0.00  0.0    0  7.2 16 190   M    M   2        22 200
 9  92  73  83   4   0  18 0.00  0.0    0  7.3 16 200   M    M   1        24 200
10  88  67  78  -1   0  13 0.15  0.0    0  8.2 26  20   M    M   2 1      36  20
11  88  66  77  -2   0  12 0.00  0.0    0  3.5 10 340   M    M   1 8      15 260
12  90  67  79   1   0  14 0.00  0.0    0  3.9 12 130   M    M   1 8      16 180
13  89  73  81   3   0  16 0.00  0.0    0  4.7 15 130   M    M   3 1      23 130
14  90  73  82   4   0  17    T  0.0    0  3.1 17  60   M    M   3        24  50
15  90  71  81   3   0  16 0.00  0.0    0  2.8 12  90   M    M   1        14  80
16  92  71  82   5   0  17 0.00  0.0    0  3.4 10 340   M    M   1        16 350
17  94  71  83   6   0  18 0.00    M    0  2.5  9 110   M    M   1        13 130
18  94  73  84   7   0  19 0.00    M    0  3.1 10 220   M    M   0 8      14 220
19  96  74  85   9   0  20 0.00    M    0  4.1 12 180   M    M   0 8      16 190
20  94  72  83   7   0  18 0.00    M    0  2.8 10 180   M    M   0        14 180
21  92  73  83   7   0  18 0.00    M    0  3.6 10  90   M    M   1        14 120
22  91  67  79   3   0  14 0.00  0.0    0  4.5 14 120   M    M   3        20 170
23  90  75  83   8   0  18 0.00  0.0    0  8.0 15 180   M    M   4        22 180
24  90  75  83   8   0  18 0.00  0.0    0  7.6 17 140   M    M   5 3      24 140
================================================================================
SM 2182 1729         0 402  0.34     0.0 123.4          M       56
================================================================================
AV 90.9 72.0                               5.1 FASTST   M    M   2    MAX(MPH)
                                 MISC ---->  # 26  20               # 36   20
================================================================================
NOTES:
# LAST OF SEVERAL OCCURRENCES

COLUMN 17 PEAK WIND IN M.P.H.

PRELIMINARY LOCAL CLIMATOLOGICAL DATA (WS FORM: F-6) , PAGE 2

                                          STATION:  BURNET
                                          MONTH:    SEPTEMBER
                                          YEAR:     2016
                                          LATITUDE:   30 43 N
                                          LONGITUDE:  98 14 W

[TEMPERATURE DATA]      [PRECIPITATION DATA]       SYMBOLS USED IN COLUMN 16

AVERAGE MONTHLY: 81.5   TOTAL FOR MONTH:   0.34    1 = FOG OR MIST
DPTR FM NORMAL:   3.2   DPTR FM NORMAL:   -2.41    2 = FOG REDUCING VISIBILITY
HIGHEST:    96 ON 19    GRTST 24HR  0.19 ON  2- 2      TO 1/4 MILE OR LESS
LOWEST:     66 ON 11                               3 = THUNDER
                        SNOW, ICE PELLETS, HAIL    4 = ICE PELLETS
                        TOTAL MONTH:   0.0 INCH    5 = HAIL
                        GRTST 24HR     0.0         6 = FREEZING RAIN OR DRIZZLE
                        GRTST DEPTH:   0           7 = DUSTSTORM OR SANDSTORM:
                                                       VSBY 1/2 MILE OR LESS
                                                   8 = SMOKE OR HAZE
[NO. OF DAYS WITH]      [WEATHER - DAYS WITH]      9 = BLOWING SNOW
                                                   X = TORNADO
MAX 32 OR BELOW:   0    0.01 INCH OR MORE:   2
MAX 90 OR ABOVE:  20    0.10 INCH OR MORE:   2
MIN 32 OR BELOW:   0    0.50 INCH OR MORE:   0
MIN  0 OR BELOW:   0    1.00 INCH OR MORE:   0

[HDD (BASE 65) ]
TOTAL THIS MO.     0    CLEAR  (SCALE 0-3)  17
DPTR FM NORMAL     0    PTCLDY (SCALE 4-7)   7
TOTAL FM JUL 1     0    CLOUDY (SCALE 8-10)  0
DPTR FM NORMAL     0

[CDD (BASE 65) ]
TOTAL THIS MO.   402
DPTR FM NORMAL    83    [PRESSURE DATA]
TOTAL FM JAN 1  2528    HIGHEST SLP M ON M
DPTR FM NORMAL   173    LOWEST  SLP 29.82 ON 24

[REMARKS]
