000
CXUS54 KEWX 010910
CF6BMQ
PRELIMINARY LOCAL CLIMATOLOGICAL DATA (WS FORM: F-6)

                                          STATION:   BURNET
                                          MONTH:     JUNE
                                          YEAR:      2015
                                          LATITUDE:   30 43 N
                                          LONGITUDE:  98 14 W

  TEMPERATURE IN F:       :PCPN:    SNOW:  WIND      :SUNSHINE: SKY     :PK WND
================================================================================
1   2   3   4   5  6A  6B    7    8   9   10  11  12  13   14  15   16   17  18
                                     12Z  AVG MX 2MIN
DY MAX MIN AVG DEP HDD CDD  WTR  SNW DPTH SPD SPD DIR MIN PSBL S-S WX    SPD DR
================================================================================

 1  87  63  75  -3   0  10 0.00  0.0    0  5.3  9 120   M    M   2         M  M
 2  89  67  78   0   0  13 0.00  0.0    0  4.2 13 160   M    M   1        17 190
 3  88  67  78   0   0  13 0.00  0.0    0  5.8 14 140   M    M   0        21 190
 4  89  68  79   0   0  14 0.00    M    0  5.8 14 150   M    M   2        26 180
 5  89  67  78  -1   0  13 0.00  0.0    0  4.7 14 170   M    M   2        20 180
 6  90  68  79   0   0  14 0.00  0.0    0  4.1 12 130   M    M   1        17 170
 7  90  67  79   0   0  14 0.00  0.0    0  3.8 13 180   M    M   0        20 200
 8  92  70  81   2   0  16 0.00  0.0    0  3.1 13 230   M    M   0        15 240
 9  93  70  82   2   0  17 0.00  0.0    0  3.8  9 230   M    M   1        13 230
10  93  70  82   2   0  17 0.00  0.0    0  4.8 13 200   M    M   0        18 190
11  92  71  82   2   0  17 0.00    M    0  8.3 18 180   M    M   3        23 170
12  92  75  84   4   0  19    T    M    0  9.2 17 190   M    M   5        23 180
13  93  75  84   4   0  19 0.00  0.0    0  8.1 17 130   M    M   4        25 140
14  86  72  79  -1   0  14 0.06  0.0    0  8.0 16 130   M    M   5 138    26 150
15  87  73  80   0   0  15 0.14  0.0    0  6.5 15 100   M    M   6 1      21 110
16   M   M   M   M   M   M 0.27    M    0  9.0 15  90   M    M   8 13     22  90
17  91  72  82   1   0  17 0.00  0.0    0  9.3 14 240   M    M   5        20 270
18  92  71  82   1   0  17    T  0.0    0  7.2 16  70   M    M   2 3      24 150
19  85  71  78  -3   0  13    T  0.0    0  5.7 15 210   M    M   3        21 210
20  80  71  76  -5   0  11 0.09  0.0    0  6.3 22 170   M    M   4 1      32 190
21  86  70  78  -3   0  13 0.89  0.0    0  6.2 32 180   M    M   7 138    45 180
22  88  71  80  -1   0  15 0.03  0.0    0  7.0 17 190   M    M   6 1      24 190
23  91  72  82   1   0  17    T    M    0  5.8 14 130   M    M   4 3      20 140
24  90  73  82   0   0  17 0.00    M    0  5.5 14 180   M    M   3 1      19 150
25  92  72  82   0   0  17 0.00  0.0    0  6.1 15 180   M    M   2        18 200
26  93  74  84   2   0  19 0.00  0.0    0  6.3 15 190   M    M   3        18 190
27  91  71  81  -1   0  16 0.20  0.0    0  5.0 25 230   M    M   5 13     33 230
28  88  71  80  -2   0  15    T  0.0    0  4.1 17 340   M    M   3 3      24 130
29  92  72  82   0   0  17 0.00  0.0    0  6.0 14 190   M    M   1        21 180
30  92  73  83   1   0  18    T  0.0    0  6.9 29 180   M    M   3 13     39 180
================================================================================
SM 2601 2047         0 447  1.68     0.0 181.9          M       91
================================================================================
AV 89.7 70.6                               6.1 FASTST   M    M   3    MAX(MPH)
                                 MISC ---->  # 32 180               # 45  180
================================================================================
NOTES:
# LAST OF SEVERAL OCCURRENCES

COLUMN 17 PEAK WIND IN M.P.H.

PRELIMINARY LOCAL CLIMATOLOGICAL DATA (WS FORM: F-6) , PAGE 2

                                          STATION:  BURNET
                                          MONTH:    JUNE
                                          YEAR:     2015
                                          LATITUDE:   30 43 N
                                          LONGITUDE:  98 14 W

[TEMPERATURE DATA]      [PRECIPITATION DATA]       SYMBOLS USED IN COLUMN 16

AVERAGE MONTHLY: 80.1   TOTAL FOR MONTH:   1.68    1 = FOG OR MIST
DPTR FM NORMAL:  -0.3   DPTR FM NORMAL:   -2.57    2 = FOG REDUCING VISIBILITY
HIGHEST:    93 ON 26,13 GRTST 24HR  0.89 ON 21-21      TO 1/4 MILE OR LESS
LOWEST:     63 ON  1                               3 = THUNDER
                        SNOW, ICE PELLETS, HAIL    4 = ICE PELLETS
                        TOTAL MONTH:   0.0 INCH    5 = HAIL
                        GRTST 24HR     0.0         6 = FREEZING RAIN OR DRIZZLE
                        GRTST DEPTH:   0           7 = DUSTSTORM OR SANDSTORM:
                                                       VSBY 1/2 MILE OR LESS
                                                   8 = SMOKE OR HAZE
[NO. OF DAYS WITH]      [WEATHER - DAYS WITH]      9 = BLOWING SNOW
                                                   X = TORNADO
MAX 32 OR BELOW:   0    0.01 INCH OR MORE:   7
MAX 90 OR ABOVE:  17    0.10 INCH OR MORE:   4
MIN 32 OR BELOW:   0    0.50 INCH OR MORE:   1
MIN  0 OR BELOW:   0    1.00 INCH OR MORE:   0

[HDD (BASE 65) ]
TOTAL THIS MO.     0    CLEAR  (SCALE 0-3)  18
DPTR FM NORMAL     0    PTCLDY (SCALE 4-7)  12
TOTAL FM JUL 1  1956    CLOUDY (SCALE 8-10)  0
DPTR FM NORMAL   -64

[CDD (BASE 65) ]
TOTAL THIS MO.   447
DPTR FM NORMAL   -13    [PRESSURE DATA]
TOTAL FM JAN 1   852    HIGHEST SLP 30.17 ON 24
DPTR FM NORMAL   -44    LOWEST  SLP 29.73 ON 11

[REMARKS]
#FINAL-06-15#
