000
CXUS54 KEWX 260910
CF6BMQ
PRELIMINARY LOCAL CLIMATOLOGICAL DATA (WS FORM: F-6)

                                          STATION:   BURNET
                                          MONTH:     AUGUST
                                          YEAR:      2016
                                          LATITUDE:   30 43 N
                                          LONGITUDE:  98 14 W

  TEMPERATURE IN F:       :PCPN:    SNOW:  WIND      :SUNSHINE: SKY     :PK WND
================================================================================
1   2   3   4   5  6A  6B    7    8   9   10  11  12  13   14  15   16   17  18
                                     12Z  AVG MX 2MIN
DY MAX MIN AVG DEP HDD CDD  WTR  SNW DPTH SPD SPD DIR MIN PSBL S-S WX    SPD DR
================================================================================

 1  98  74  86   2   0  21 0.00    M    0  8.3 17 180   M    M   0        23 180
 2  99  73  86   2   0  21 0.00  0.0    0  7.3 15 140   M    M   0        21 130
 3  99  75  87   3   0  22 0.00  0.0    0  6.3 15 140   M    M   0        21 130
 4  99  76  88   4   0  23 0.00    M    0  7.1 15 130   M    M   0 8      20 210
 5  98  76  87   3   0  22 0.00  0.0    0  7.0 16 180   M    M   0        23 190
 6  99  76  88   4   0  23 0.00  0.0    0  7.4 14 180   M    M   0        20 150
 7 100  76  88   4   0  23 0.00  0.0    0  6.7 14 130   M    M   1        20 150
 8 100  77  89   5   0  24 0.00  0.0    0  7.4 15 130   M    M   0        20 140
 9  99  77  88   4   0  23 0.00  0.0    0  7.4 14 180   M    M   0        19 150
10 100  78  89   5   0  24 0.00  0.0    0  7.4 14 140   M    M   0        20 130
11  98  77  88   4   0  23 0.00  0.0    0  6.9 15 200   M    M   0        20 170
12 104  75  90   6   0  25 0.14  0.0    0  7.9 23 330   M    M   2 13     30 330
13  94  74  84   0   0  19 1.27  0.0    0  4.5 13 180   M    M   4 13     30 290
14  91  72  82  -2   0  17    T  0.0    0  6.7 16  30   M    M   7 1      22  50
15  73  69  71 -13   0   6 1.81  0.0    0  7.5 17  40   M    M  10 1      24  20
16  80  70  75  -9   0  10 2.99    M    0  5.8 13  50   M    M   8 13     17  40
17  82  72  77  -7   0  12 1.88    M    0  5.3 14 190   M    M   9 13     19 130
18  86  73  80  -4   0  15 0.98  0.0    0  4.6 23 220   M    M   7 13     36 230
19  91  74  83  -1   0  18    T  0.0    0  6.8 16 200   M    M   5        22 210
20  81  71  76  -7   0  11 0.29  0.0    0  5.0 15 180   M    M   7 13     21 190
21  78  71  75  -8   0  10 0.07  0.0    0  5.6 15  20   M    M   8 1      20  20
22  88  73  81  -2   0  16 0.06  0.0    0  5.4 15 190   M    M   6 1      21 180
23  92  74  83   0   0  18 0.00  0.0    0  9.8 21 190   M    M   4        30 180
24  92  74  83   0   0  18 0.00  0.0    0  9.2 17 190   M    M   3        25 200
25  92  71  82  -1   0  17 0.00  0.0    0  4.4 12 170   M    M   1        19 190
================================================================================
SM 2313 1848         0 461  9.49     0.0 167.7          M       82
================================================================================
AV 92.5 73.9                               6.7 FASTST   M    M   3    MAX(MPH)
                                 MISC ---->  # 23 330               # 36  230
================================================================================
NOTES:
# LAST OF SEVERAL OCCURRENCES

COLUMN 17 PEAK WIND IN M.P.H.

PRELIMINARY LOCAL CLIMATOLOGICAL DATA (WS FORM: F-6) , PAGE 2

                                          STATION:  BURNET
                                          MONTH:    AUGUST
                                          YEAR:     2016
                                          LATITUDE:   30 43 N
                                          LONGITUDE:  98 14 W

[TEMPERATURE DATA]      [PRECIPITATION DATA]       SYMBOLS USED IN COLUMN 16

AVERAGE MONTHLY: 83.2   TOTAL FOR MONTH:   9.49    1 = FOG OR MIST
DPTR FM NORMAL:  -0.5   DPTR FM NORMAL:    8.29    2 = FOG REDUCING VISIBILITY
HIGHEST:   104 ON 12    GRTST 24HR  3.91 ON 16-17      TO 1/4 MILE OR LESS
LOWEST:     69 ON 15                               3 = THUNDER
                        SNOW, ICE PELLETS, HAIL    4 = ICE PELLETS
                        TOTAL MONTH:   0.0 INCH    5 = HAIL
                        GRTST 24HR     0.0         6 = FREEZING RAIN OR DRIZZLE
                        GRTST DEPTH:   0           7 = DUSTSTORM OR SANDSTORM:
                                                       VSBY 1/2 MILE OR LESS
                                                   8 = SMOKE OR HAZE
[NO. OF DAYS WITH]      [WEATHER - DAYS WITH]      9 = BLOWING SNOW
                                                   X = TORNADO
MAX 32 OR BELOW:   0    0.01 INCH OR MORE:   9
MAX 90 OR ABOVE:  18    0.10 INCH OR MORE:   7
MIN 32 OR BELOW:   0    0.50 INCH OR MORE:   5
MIN  0 OR BELOW:   0    1.00 INCH OR MORE:   4

[HDD (BASE 65) ]
TOTAL THIS MO.     0    CLEAR  (SCALE 0-3)  14
DPTR FM NORMAL     0    PTCLDY (SCALE 4-7)   8
TOTAL FM JUL 1     0    CLOUDY (SCALE 8-10)  3
DPTR FM NORMAL     0

[CDD (BASE 65) ]
TOTAL THIS MO.   461
DPTR FM NORMAL    -8    [PRESSURE DATA]
TOTAL FM JAN 1  2030    HIGHEST SLP M ON M
DPTR FM NORMAL    98    LOWEST  SLP 29.68 ON 12

[REMARKS]
