404
CXUS54 KEWX 220910
CF6BMQ
PRELIMINARY LOCAL CLIMATOLOGICAL DATA (WS FORM: F-6)

                                          STATION:   BURNET
                                          MONTH:     MAY
                                          YEAR:      2017
                                          LATITUDE:   30 43 N
                                          LONGITUDE:  98 14 W

  TEMPERATURE IN F:       :PCPN:    SNOW:  WIND      :SUNSHINE: SKY     :PK WND
================================================================================
1   2   3   4   5  6A  6B    7    8   9   10  11  12  13   14  15   16   17  18
                                     12Z  AVG MX 2MIN
DY MAX MIN AVG DEP HDD CDD  WTR  SNW DPTH SPD SPD DIR MIN PSBL S-S WX    SPD DR
================================================================================

 1  88  46  67  -3   0   2 0.00    M    M  8.7 18 210   M    M   0        28 200
 2  89  59  74   4   0   9 0.00    M    M  9.5 20 210   M    M   0        26 180
 3  91  60  76   5   0  11    T    M    M 10.8 24 330   M    M   6 18     33 360
 4  77  57  67  -4   0   2 0.00    M    M 12.6 25 340   M    M   1        34 340
 5  83  49  66  -5   0   1 0.00    M    M  4.2 15 260   M    M   0        20 340
 6  87  52  70  -2   0   5 0.00    M    M  3.3 12 170   M    M   0        17 190
 7  86  58  72   0   0   7 0.00    M    M  6.8 15 130   M    M   0        23 180
 8  81  63  72   0   0   7 0.00    M    M  8.2 15 180   M    M   6        23 130
 9  74  67  71  -1   0   6 0.09    M    M  7.8 16 140   M    M  10 18     22 120
10  83  69  76   3   0  11    T    M    M  8.7 16 150   M    M   9 8      25 160
11  84  68  76   3   0  11 0.00    M    M  5.9 18 340   M    M   6 1      23 150
12  85  61  73   0   0   8 0.00    M    M  9.4 22 330   M    M   0        30 330
13  87  59  73   0   0   8 0.00    M    M  4.3 10  80   M    M   0        15  50
14  90  61  76   2   0  11 0.00    M    M  6.4 16 180   M    M   0        23 150
15  88  64  76   2   0  11 0.00    M    M  9.6 17 150   M    M   0        27 190
16  81  68  75   1   0  10 0.00    M    M 10.4 20 160   M    M   9        33 150
17  90  66  78   4   0  13 0.07    M    M  6.0 24 180   M    M   5 1      35 180
18  91  73  82   7   0  17 0.00    M    M 11.1 22 190   M    M   7 18     35 150
19  87  67  77   2   0  12 0.78    M    M 11.0 21 340   M    M   9 13     29 150
20  82  65  74  -1   0   9 0.78    M    M  6.2 20 110   M    M   7 13     26 120
21  72  57  65 -11   0   0 0.41  0.0    0 11.3 22  60   M    M   9 13     32  40
================================================================================
SM 1776 1289         0 171  2.13     0.0 172.2          M       84
================================================================================
AV 84.6 61.4                               8.2 FASTST   M    M   4    MAX(MPH)
                                 MISC ---->  # 25 340               # 35  180
================================================================================
NOTES:
# LAST OF SEVERAL OCCURRENCES

COLUMN 17 PEAK WIND IN M.P.H.

PRELIMINARY LOCAL CLIMATOLOGICAL DATA (WS FORM: F-6) , PAGE 2

                                          STATION:  BURNET
                                          MONTH:    MAY
                                          YEAR:     2017
                                          LATITUDE:   30 43 N
                                          LONGITUDE:  98 14 W

[TEMPERATURE DATA]      [PRECIPITATION DATA]       SYMBOLS USED IN COLUMN 16

AVERAGE MONTHLY: 73.0   TOTAL FOR MONTH:   2.13    1 = FOG OR MIST
DPTR FM NORMAL:   0.1   DPTR FM NORMAL:   -0.52    2 = FOG REDUCING VISIBILITY
HIGHEST:    91 ON 18, 3 GRTST 24HR  0.78 ON 20-20      TO 1/4 MILE OR LESS
LOWEST:     46 ON  1                               3 = THUNDER
                        SNOW, ICE PELLETS, HAIL    4 = ICE PELLETS
                        TOTAL MONTH:   0.0 INCH    5 = HAIL
                        GRTST 24HR     0.0         6 = FREEZING RAIN OR DRIZZLE
                        GRTST DEPTH:   0           7 = DUSTSTORM OR SANDSTORM:
                                                       VSBY 1/2 MILE OR LESS
                                                   8 = SMOKE OR HAZE
[NO. OF DAYS WITH]      [WEATHER - DAYS WITH]      9 = BLOWING SNOW
                                                   X = TORNADO
MAX 32 OR BELOW:   0    0.01 INCH OR MORE:   5
MAX 90 OR ABOVE:   4    0.10 INCH OR MORE:   3
MIN 32 OR BELOW:   0    0.50 INCH OR MORE:   2
MIN  0 OR BELOW:   0    1.00 INCH OR MORE:   0

[HDD (BASE 65) ]
TOTAL THIS MO.     0    CLEAR  (SCALE 0-3)  10
DPTR FM NORMAL    -2    PTCLDY (SCALE 4-7)   6
TOTAL FM JUL 1  1175    CLOUDY (SCALE 8-10)  5
DPTR FM NORMAL  -843

[CDD (BASE 65) ]
TOTAL THIS MO.   171
DPTR FM NORMAL     2    [PRESSURE DATA]
TOTAL FM JAN 1   473    HIGHEST SLP M ON M
DPTR FM NORMAL   155    LOWEST  SLP 29.62 ON 18

[REMARKS]
