000
CXUS56 KBOI 241002
CF6BNO
PRELIMINARY LOCAL CLIMATOLOGICAL DATA (WS FORM: F-6)

                                          STATION:   BURNS OR
                                          MONTH:     NOVEMBER
                                          YEAR:      2014
                                          LATITUDE:   43 34 N
                                          LONGITUDE: 118 57 W

  TEMPERATURE IN F:       :PCPN:    SNOW:  WIND      :SUNSHINE: SKY     :PK WND
================================================================================
1   2   3   4   5  6A  6B    7    8   9   10  11  12  13   14  15   16   17  18
                                     12Z  AVG MX 2MIN
DY MAX MIN AVG DEP HDD CDD  WTR  SNW DPTH SPD SPD DIR MIN PSBL S-S WX    SPD DR
================================================================================

 1  42  32  37  -2  28   0 0.08    M    M 14.1 25 290   M    M   8 1      32 280
 2  48  32  40   1  25   0 0.00    M    M  7.6 17 290   M    M   7        22 280
 3  49  33  41   3  24   0    T    M    M  4.2 10 190   M    M   9        14 200
 4  51  35  43   5  22   0 0.03    M    M  2.2  9  40   M    M   9        11  20
 5  62  32  47   9  18   0 0.00    M    M  4.2 10  40   M    M   5 12     13  50
 6  70  33  52  15  13   0    T    M    M  7.9 24 230   M    M   3        33 230
 7  58  28  43   6  22   0 0.00    M    M  4.4 10 200   M    M   0        13 260
 8  59  23  41   5  24   0 0.00    M    M  1.5  8 270   M    M   0         8 270
 9  63  28  46  10  19   0 0.00    M    M  8.9 28 240   M    M   1        36 230
10  47  22  35  -1  30   0 0.00    M    M  7.0 15 330   M    M   1        18 330
11  38   9  24 -11  41   0 0.00    M    M  6.6 17  50   M    M   0        23  50
12  30   8  19 -16  46   0 0.00    M    M 13.5 23  40   M    M   2        29  30
13  26  18  22 -12  43   0 0.36    M    M  6.9 17  40   M    M  10 168    22  40
14  39  11  25  -9  40   0 0.31    M    M  8.0 22 300   M    M   6 16     27 290
15  27  -2  13 -21  52   0 0.00    M    M  5.0 10 260   M    M   0        12 280
16  28  -2  13 -20  52   0 0.00    M    M  3.3  9 270   M    M   0        10 280
17  31   1  16 -17  49   0 0.00    M    M  5.1 13  70   M    M   0        18  60
18  31   0  16 -16  49   0 0.00    M    M  2.5  9 100   M    M   0 18     11 100
19  36   9  23  -9  42   0 0.03    M    M  2.3  9 360   M    M   4 16     11 340
20  43  22  33   2  32   0    T    M    M  2.0  8 200   M    M   8 126     9 360
21  42  23  33   2  32   0 0.14    M    M  3.7 12 180   M    M   8 12     17 170
22  44  26  35   4  30   0 0.05    M    M 11.4 26 270   M    M   4 1      34 270
23  41  22  32   2  33   0 0.00    M    M  6.4 13 270   M    M   2        16 210
================================================================================
SM 1005  443       766   0  1.00    M    138.7          M       87
================================================================================
AV 43.7 19.3                               6.0 FASTST   M    M   4    MAX(MPH)
                                 MISC ---->  # 28 240               # 36  230
================================================================================
NOTES:
# LAST OF SEVERAL OCCURRENCES

COLUMN 17 PEAK WIND IN M.P.H.

PRELIMINARY LOCAL CLIMATOLOGICAL DATA (WS FORM: F-6) , PAGE 2

                                          STATION:  BURNS OR
                                          MONTH:    NOVEMBER
                                          YEAR:     2014
                                          LATITUDE:   43 34 N
                                          LONGITUDE: 118 57 W

[TEMPERATURE DATA]      [PRECIPITATION DATA]       SYMBOLS USED IN COLUMN 16

AVERAGE MONTHLY: 31.5   TOTAL FOR MONTH:   1.00    1 = FOG OR MIST
DPTR FM NORMAL:  -3.3   DPTR FM NORMAL:    0.13    2 = FOG REDUCING VISIBILITY
HIGHEST:    70 ON  6    GRTST 24HR  0.46 ON 13-14      TO 1/4 MILE OR LESS
LOWEST:     -2 ON 16,15                            3 = THUNDER
                        SNOW, ICE PELLETS, HAIL    4 = ICE PELLETS
                        TOTAL MONTH:    M          5 = HAIL
                        GRTST 24HR    M  ON   M    6 = FREEZING RAIN OR DRIZZLE
                        GRTST DEPTH:  M  ON   M    7 = DUSTSTORM OR SANDSTORM:
                                                       VSBY 1/2 MILE OR LESS
                                                   8 = SMOKE OR HAZE
[NO. OF DAYS WITH]      [WEATHER - DAYS WITH]      9 = BLOWING SNOW
                                                   X = TORNADO
MAX 32 OR BELOW:   6    0.01 INCH OR MORE:   7
MAX 90 OR ABOVE:   0    0.10 INCH OR MORE:   3
MIN 32 OR BELOW:  20    0.50 INCH OR MORE:   0
MIN  0 OR BELOW:   3    1.00 INCH OR MORE:   0

[HDD (BASE 65) ]
TOTAL THIS MO.   766    CLEAR  (SCALE 0-3)  12
DPTR FM NORMAL    70    PTCLDY (SCALE 4-7)   6
TOTAL FM JUL 1  1526    CLOUDY (SCALE 8-10)  5
DPTR FM NORMAL  -220

[CDD (BASE 65) ]
TOTAL THIS MO.     0
DPTR FM NORMAL     0    [PRESSURE DATA]
TOTAL FM JAN 1   318    HIGHEST SLP M ON M
DPTR FM NORMAL   103    LOWEST  SLP 29.48 ON  1

[REMARKS]
