000
CXUS55 KBOI 241002
CF6BOI
PRELIMINARY LOCAL CLIMATOLOGICAL DATA (WS FORM: F-6)

                                          STATION:   BOISE ID
                                          MONTH:     MAY
                                          YEAR:      2016
                                          LATITUDE:   43 34 N
                                          LONGITUDE: 116 13 W

  TEMPERATURE IN F:       :PCPN:    SNOW:  WIND      :SUNSHINE: SKY     :PK WND
================================================================================
1   2   3   4   5  6A  6B    7    8   9   10  11  12  13   14  15   16   17  18
                                     12Z  AVG MX 2MIN
DY MAX MIN AVG DEP HDD CDD  WTR  SNW DPTH SPD SPD DIR MIN PSBL S-S WX    SPD DR
================================================================================

 1  71  40  56   1   9   0 0.00  0.0    0  4.1 13 320   M    M   1        16 320
 2  76  48  62   7   3   0 0.00  0.0    0  6.8 17 120   M    M   0        24 170
 3  81  52  67  12   0   2 0.00  0.0    0  7.3 18 160   M    M   0        24 140
 4  85  57  71  15   0   6 0.01  0.0    0  8.4 28 150   M    M   3        35 160
 5  78  55  67  11   0   2    T  0.0    0  8.1 18 320   M    M   1 8      21 350
 6  75  56  66  10   0   1 0.36  0.0    0  6.0 29 120   M    M   3 3      36 120
 7  72  54  63   7   2   0 0.10  0.0    0  7.4 24 140   M    M   5 13     31 130
 8  79  52  66   9   0   1 0.00  0.0    0  9.0 22 320   M    M   2        26 330
 9  61  46  54  -3  11   0    T  0.0    0 16.4 31 310   M    M   1        40 330
10  67  40  54  -3  11   0    T  0.0    0  9.2 25 320   M    M   1        35 320
11  71  41  56  -2   9   0 0.00  0.0    0  6.4 14 160   M    M   0        29 180
12  84  51  68  10   0   3 0.00  0.0    0 10.5 21 150   M    M   0        26 150
13  85  53  69  11   0   4 0.00  0.0    0  6.0 12 340   M    M   0        16 320
14  80  57  69  10   0   4    T  0.0    0  9.2 28 150   M    M   0 3      36 150
15  62  51  57  -2   8   0 0.18  0.0    0  7.5 21 300   M    M   8 13     24 310
16  70  47  59   0   6   0 0.00  0.0    0  8.8 20 310   M    M   2        28 300
17  77  45  61   2   4   0 0.00  0.0    0  6.0 20 310   M    M   0        23 270
18  82  52  67   7   0   2 0.00  0.0    0  5.0 16 320   M    M   0        20 310
19  69  50  60   0   5   0 0.09  0.0    0 10.9 23 300   M    M   1 1      30 300
20  55  45  50 -10  15   0 0.08  0.0    0  4.7 15 120   M    M   8 1      22 120
21  58  46  52  -8  13   0 0.05  0.0    0  5.7 23 210   M    M   8 1      29 210
22  61  46  54  -7  11   0    T  0.0    0  5.7 22 330   M    M   5        31 290
23  70  55  63   2   2   0 0.00  0.0    0  6.4 16  10   M    M   1        20  10
================================================================================
SM 1669 1139       109  25  0.87     0.0 175.5          M       50
================================================================================
AV 72.6 49.5                               7.6 FASTST   M    M   2    MAX(MPH)
                                 MISC ---->  # 31 310               # 40  330
================================================================================
NOTES:
# LAST OF SEVERAL OCCURRENCES

COLUMN 17 PEAK WIND IN M.P.H.

PRELIMINARY LOCAL CLIMATOLOGICAL DATA (WS FORM: F-6) , PAGE 2

                                          STATION:  BOISE ID
                                          MONTH:    MAY
                                          YEAR:     2016
                                          LATITUDE:   43 34 N
                                          LONGITUDE: 116 13 W

[TEMPERATURE DATA]      [PRECIPITATION DATA]       SYMBOLS USED IN COLUMN 16

AVERAGE MONTHLY: 61.0   TOTAL FOR MONTH:   0.87    1 = FOG OR MIST
DPTR FM NORMAL:   3.1   DPTR FM NORMAL:   -0.18    2 = FOG REDUCING VISIBILITY
HIGHEST:    85 ON 13, 4 GRTST 24HR  0.39 ON  5- 6      TO 1/4 MILE OR LESS
LOWEST:     40 ON 10, 1                            3 = THUNDER
                        SNOW, ICE PELLETS, HAIL    4 = ICE PELLETS
                        TOTAL MONTH:   0.0 INCH    5 = HAIL
                        GRTST 24HR     0.0         6 = FREEZING RAIN OR DRIZZLE
                        GRTST DEPTH:   0           7 = DUSTSTORM OR SANDSTORM:
                                                       VSBY 1/2 MILE OR LESS
                                                   8 = SMOKE OR HAZE
[NO. OF DAYS WITH]      [WEATHER - DAYS WITH]      9 = BLOWING SNOW
                                                   X = TORNADO
MAX 32 OR BELOW:   0    0.01 INCH OR MORE:   7
MAX 90 OR ABOVE:   0    0.10 INCH OR MORE:   3
MIN 32 OR BELOW:   0    0.50 INCH OR MORE:   0
MIN  0 OR BELOW:   0    1.00 INCH OR MORE:   0

[HDD (BASE 65) ]
TOTAL THIS MO.   109    CLEAR  (SCALE 0-3)  17
DPTR FM NORMAL   -79    PTCLDY (SCALE 4-7)   6
TOTAL FM JUL 1  4647    CLOUDY (SCALE 8-10)  0
DPTR FM NORMAL  -765

[CDD (BASE 65) ]
TOTAL THIS MO.    25
DPTR FM NORMAL     0    [PRESSURE DATA]
TOTAL FM JAN 1    30    HIGHEST SLP M ON M
DPTR FM NORMAL     2    LOWEST  SLP 29.53 ON  8

[REMARKS]
