041
CXUS55 KDVN 261100
CF6BRL
PRELIMINARY LOCAL CLIMATOLOGICAL DATA (WS FORM: F-6)

                                          STATION:   BURLINGTON IA
                                          MONTH:     JULY
                                          YEAR:      2016
                                          LATITUDE:   40 46 N
                                          LONGITUDE:  91  7 W

  TEMPERATURE IN F:       :PCPN:    SNOW:  WIND      :SUNSHINE: SKY     :PK WND
================================================================================
1   2   3   4   5  6A  6B    7    8   9   10  11  12  13   14  15   16   17  18
                                     12Z  AVG MX 2MIN
DY MAX MIN AVG DEP HDD CDD  WTR  SNW DPTH SPD SPD DIR MIN PSBL S-S WX    SPD DR
================================================================================

 1  76  60  68  -9   0   3 0.00    M    M  7.5 18  20   M    M   0 1      23  20
 2  64  60  62 -15   3   0 0.12    M    M  6.0 12 150   M    M   7        16 140
 3  64  59  62 -15   3   0 0.06    M    M  7.4 14  80   M    M  10 1      18 120
 4  78  63  71  -6   0   6 0.00    M    M  3.2  8 180   M    M  10 1      15 230
 5  87  63  75  -2   0  10 0.10    M    M  6.5 13 190   M    M   4 12     18 180
 6  78  68  73  -4   0   8 0.78    M    M  9.0 25 350   M    M   1 13     36 360
 7  82  67  75  -2   0  10 1.48    M    M  7.2 21  30   M    M   5 123    26  70
 8  85  67  76  -1   0  11 0.00    M    M  7.0 16 320   M    M   1 1      24 300
 9  83  61  72  -5   0   7 0.00    M    M  5.0 10  60   M    M   0        13  50
10  85  65  75  -2   0  10 0.41    M    M  8.1 18 360   M    M   1 138    23 350
11  90  73  82   5   0  17 0.00    M    M 12.6 20 180   M    M   0        27 170
12  82  67  75  -2   0  10 0.62    M    M  7.7 23 360   M    M   3 13     32 360
13  85  67  76  -1   0  11 0.80    M    M  7.6 21 330   M    M   6 13     29 340
14  85  64  75  -2   0  10 0.00    M    M  5.7 15 250   M    M   1 12     20 240
15  76  62  69  -8   0   4    T    M    M  7.7 13 340   M    M   3        19 340
16  80  63  72  -5   0   7 0.00    M    M  7.1 14 160   M    M   3        18 150
17  88  65  77   0   0  12 0.71    M    M  8.2 30 350   M    M   2 13     38 350
18  85  69  77   0   0  12    T    M    M  4.6 15 350   M    M   1 138    19 340
19  86  68  77   0   0  12 1.22    M    M  4.1 20 290   M    M   4 13     27 310
20  83  69  76  -1   0  11 0.12    M    M  7.9 16 190   M    M   5 13     22 190
21  92  75  84   7   0  19 0.00    M    M  9.6 24  60   M    M   0 1      32  60
22  88  69  79   2   0  14    M    M    M  6.4 28  60   M    M   4 13     38  50
23  92  74  83   6   0  18 0.00    M    M  7.0 14 180   M    M   1 1      19 180
24  92  74  83   6   0  18 0.03    M    M  7.9 15 240   M    M   1 13     20 250
25  85  67  76  -1   0  11 0.00    M    M  7.1 14  30   M    M   1 18     18 360
================================================================================
SM 2071 1659         6 251  6.45    M    178.1          M       74
================================================================================
AV 82.8 66.4                               7.1 FASTST   M    M   3    MAX(MPH)
                                 MISC ---->  # 30 350               # 38  350
================================================================================
NOTES:
# LAST OF SEVERAL OCCURRENCES

COLUMN 17 PEAK WIND IN M.P.H.

PRELIMINARY LOCAL CLIMATOLOGICAL DATA (WS FORM: F-6) , PAGE 2

                                          STATION:  BURLINGTON IA
                                          MONTH:    JULY
                                          YEAR:     2016
                                          LATITUDE:   40 46 N
                                          LONGITUDE:  91  7 W

[TEMPERATURE DATA]      [PRECIPITATION DATA]       SYMBOLS USED IN COLUMN 16

AVERAGE MONTHLY: 74.6   TOTAL FOR MONTH:   6.45    1 = FOG OR MIST
DPTR FM NORMAL:  -2.4   DPTR FM NORMAL:    2.99    2 = FOG REDUCING VISIBILITY
HIGHEST:    92 ON 24,23 GRTST 24HR  1.48 ON  7- 7      TO 1/4 MILE OR LESS
LOWEST:     59 ON  3                               3 = THUNDER
                        SNOW, ICE PELLETS, HAIL    4 = ICE PELLETS
                        TOTAL MONTH:    M          5 = HAIL
                        GRTST 24HR    M  ON   M    6 = FREEZING RAIN OR DRIZZLE
                        GRTST DEPTH:  M  ON   M    7 = DUSTSTORM OR SANDSTORM:
                                                       VSBY 1/2 MILE OR LESS
                                                   8 = SMOKE OR HAZE
[NO. OF DAYS WITH]      [WEATHER - DAYS WITH]      9 = BLOWING SNOW
                                                   X = TORNADO
MAX 32 OR BELOW:   0    0.01 INCH OR MORE:  12
MAX 90 OR ABOVE:   4    0.10 INCH OR MORE:  10
MIN 32 OR BELOW:   0    0.50 INCH OR MORE:   6
MIN  0 OR BELOW:   0    1.00 INCH OR MORE:   2

[HDD (BASE 65) ]
TOTAL THIS MO.     6    CLEAR  (SCALE 0-3)  16
DPTR FM NORMAL     6    PTCLDY (SCALE 4-7)   7
TOTAL FM JUL 1     6    CLOUDY (SCALE 8-10)  2
DPTR FM NORMAL     6

[CDD (BASE 65) ]
TOTAL THIS MO.   251
DPTR FM NORMAL   -49    [PRESSURE DATA]
TOTAL FM JAN 1   661    HIGHEST SLP M ON M
DPTR FM NORMAL    -2    LOWEST  SLP 29.71 ON M

[REMARKS]
