000
CXAK56 PABR 290903
CF6BRW

PRELIMINARY LOCAL CLIMATOLOGICAL DATA (WS FORM: F-6)

                                          STATION:   BARROW
                                          MONTH:     07
                                          YEAR:      2016
                                          LATITUDE:   71 17 N
                                          LONGITUDE: 156 46 W

  TEMPERATURE IN F:       :PCPN:    SNOW:  WIND      :SUNSHINE: SKY     :PK WND
================================================================================
1   2   3   4   5  6A  6B    7     8   9   10  11  12  13   14  15   16  17  18
                                      12Z  AVG MX 2MIN
DY MAX MIN AVG DEP HDD CDD  WTR   SNW DPTH SPD SPD DIR MIN PSBL S-S WX   SPD DR
================================================================================

 1  61  41  51  11  14   0  0.00  0.0   0  8.4 14  120   M    M   M       17 120
 2  52  36  44   4  21   0  0.00  0.0   0  7.8 14   40   M    M   M 2     16  40
 3  51  35  43   3  22   0     T  0.0   0 14.2 24   70   M    M   M 2     27  70
 4  47  38  43   2  22   0  0.00  0.0   0 11.7 20   80   M    M   M 28    23  90
 5  48  33  41   0  24   0  0.04  0.0   0  7.6 13   70   M    M   M 28    14  50
 6  56  33  45   4  20   0  0.00  0.0   0 11.8 20   80   M    M   M 2     23  80
 7  55  39  47   6  18   0     T  0.0   0  9.8 21  100   M    M   M 2     24 100
 8  60  40  50   9  15   0  0.00  0.0   0 10.9 18   80   M    M   M 1     22  90
 9  53  42  48   7  17   0     T  0.0   0 12.9 17  100   M    M   M       20  90
10  61  38  50   9  15   0  0.02  0.0   0 10.9 18  300   M    M   M 23    20 310
11  60  34  47   6  18   0     T  0.0   0  9.7 16  260   M    M   M 2     20 260
12  60  34  47   6  18   0  0.00  0.0   0 10.0 22  250   M    M   M 2     25 240
13  66  50  58  17   7   0  0.00  0.0   0 14.2 18  240   M    M   M 2     25 240
14  55  45  50   9  15   0     T  0.0   0 13.2 20  230   M    M   M 2     25 230
15  62  36  49   8  16   0  0.08    T   0 17.9 29  290   M    M   M 1     34 290
16  56  39  48   7  17   0  0.00  0.0   0 18.8 30  220   M    M   M 1     37 220
17  41  32  37  -4  28   0     T    T   0 17.4 29  270   M    M   M 2     32 260
18  38  31  35  -6  30   0     T    T   0 18.9 24  290   M    M   M 18    29 280
19  36  31  34  -7  31   0     T  0.0   0 14.6 23  290   M    M   M 28    28 300
20  40  30  35  -6  30   0  0.00  0.0   0  6.9 12   40   M    M   M 2     14 350
21  50  34  42   1  23   0  0.00  0.0   0 11.2 15   60   M    M   M 2     17  80
22  43  33  38  -3  27   0     T    T   0  9.1 15   40   M    M   M 18    19  40
23  42  33  38  -3  27   0     T    T   0 14.8 21   80   M    M   M 18    25  80
24  47  35  41   0  24   0  0.00  0.0   0 16.7 24   90   M    M   M 2     29 100
25  57  38  48   7  17   0  0.00  0.0   0 18.3 26  120   M    M   M       31 120
26  55  41  48   7  17   0  0.00  0.0   0  8.9 17  130   M    M   M       20 130
27  52  39  46   5  19   0  0.24  0.0   0  7.6 16  270   M    M   M 1     18 260
28  45  38  42   1  23   0  0.11  0.0   0  9.2 17  240   M    M   M 1     23 240
================================================================================
SM 1449 1028       575   0  0.49     T    343.4           M        M
================================================================================
AV 51.8 36.7                             12.3 FASTST  PSBL  %   M    MAX(MPH)
                                 MISC ---->     30  220                 37 220
================================================================================
NOTES:
# LAST OF SEVERAL OCCURRENCES

COLUMN 17 PEAK WIND IN M.P.H.

PRELIMINARY LOCAL CLIMATOLOGICAL DATA (WS FORM: F-6) , PAGE 2

                                          STATION:   BARROW
                                          MONTH:     07
                                          YEAR:      2016
                                          LATITUDE:  71 17 N
                                          LONGITUDE: 156 46 W

[TEMPERATURE DATA]      [PRECIPITATION DATA]       SYMBOLS USED IN COLUMN 16

AVERAGE MONTHLY:44.2   TOTAL FOR MONTH: 0.49       1 = FOG
DPTR FM NORMAL:  3.3   DPTR FM NORMAL: -0.38       2 = FOG REDUCING VISIBILITY
HIGHEST:    66 ON 13    GRTST 24HR   0.24 ON 27        TO 1/4 MILE OR LESS
LOWEST:     30 ON 20                               3 = THUNDER
                        SNOW, ICE PELLETS, HAIL    4 = ICE PELLETS
                        TOTAL MONTH:     T         5 = HAIL
                        GRTST 24HR     T ON 23     6 = GLAZE OR RIME
                        GRTST DEPTH:    0          7 = BLOWING DUST OR SAND:
                                                       VSBY 1/2 MILE OR LESS
                                                   8 = SMOKE OR HAZE
[NO. OF DAYS WITH]      [WEATHER - DAYS WITH]      9 = BLOWING SNOW
                                                   X = TORNADO
MAX 32 OR BELOW:   0    0.01 INCH OR MORE:   5
MAX 70 OR ABOVE:   0    0.10 INCH OR MORE:   2
MIN 32 OR BELOW:   4    0.50 INCH OR MORE:   0
MIN  0 OR BELOW:   0    1.00 INCH OR MORE:   0

[HDD (BASE 65) ]
TOTAL THIS MO.   575    CLEAR  (SCALE 0-3)   M
DPTR FM NORMAL  -100    PTCLDY (SCALE 4-7)   M
SEASONAL TOTAL   575    CLOUDY (SCALE 8-10)  M
DPTR FM NORMAL  -100

[CDD (BASE 65) ]
TOTAL THIS MO.     0
DPTR FM NORMAL     0    [PRESSURE DATA]
SEASONAL TOTAL     0    HIGHEST SLP     M
DPTR FM NORMAL     0    LOWEST  SLP     M

[REMARKS]
