000
CXUS55 KLIX 231000
CF6BTR
PRELIMINARY LOCAL CLIMATOLOGICAL DATA (WS FORM: F-6)

                                          STATION:   BATON ROUGE  ASOS
                                          MONTH:     APRIL
                                          YEAR:      2017
                                          LATITUDE:   30 31 N
                                          LONGITUDE:  91  9 W

  TEMPERATURE IN F:       :PCPN:    SNOW:  WIND      :SUNSHINE: SKY     :PK WND
================================================================================
1   2   3   4   5  6A  6B    7    8   9   10  11  12  13   14  15   16   17  18
                                     12Z  AVG MX 2MIN
DY MAX MIN AVG DEP HDD CDD  WTR  SNW DPTH SPD SPD DIR MIN PSBL S-S WX    SPD DR
================================================================================

 1  85  57  71   6   0   6 0.00  0.0    0  7.7 22  80   M    M   0        32 120
 2  81  59  70   5   0   5 0.08  0.0    0 11.9 28 150   M    M   8 138    34 140
 3  80  62  71   6   0   6 3.69  0.0    0  6.6 33 200   M    M   3 3      43 190
 4  87  57  72   7   0   7 0.00  0.0    M  5.0 15 130   M    M   2 18     19 150
 5  85  57  71   5   0   6 0.00  0.0    0 12.1 29 270   M    M   3 18     35 280
 6  73  50  62  -4   3   0 0.00  0.0    0  6.2 18 350   M    M   0        29 350
 7  76  49  63  -3   2   0 0.00  0.0    0  4.3 15 310   M    M   0        23 300
 8  80  47  64  -2   1   0 0.00  0.0    0  4.2 12 170   M    M   0        15 120
 9  81  53  67   1   0   2 0.00  0.0    0  8.0 18 130   M    M   0        24 140
10  81  57  69   2   0   4 0.00  0.0    0  7.0 17 120   M    M   5        26 160
11  84  62  73   6   0   8 0.13  0.0    0  7.0 16 270   M    M   3 1      20 270
12  83  61  72   5   0   7 0.00  0.0    0  3.6 10 110   M    M   6 12     13  90
13  85  58  72   5   0   7 0.00  0.0    0  4.0 12  80   M    M   1 1      20  90
14  83  59  71   3   0   6 0.00  0.0    0  8.1 18 100   M    M   4 1      24 110
15  83  61  72   4   0   7 0.02  0.0    0  6.3 21 150   M    M   5 13     25 150
16  85  64  75   7   0  10 0.04  0.0    0  5.8 15 100   M    M   6 138    19 130
17  84  66  75   7   0  10 0.22  0.0    0  4.4 21 110   M    M   7 138    25 110
18  85  64  75   6   0  10 0.00  0.0    0  6.9 16 100   M    M   3 1238   24 110
19  85  63  74   5   0   9 0.00  0.0    0  7.3 17 110   M    M   3 1      22 110
20  86  67  77   8   0  12 0.03  0.0    0  5.5 15 110   M    M   7 13     20 100
21  87  64  76   7   0  11 0.00  0.0    0  8.0 16 190   M    M   3 1      20 160
22  87  63  75   5   0  10 0.33  0.0    0  8.6 20 220   M    M   4 13     26 280
================================================================================
SM 1826 1300         6 143  4.54     0.0 148.5          M       73
================================================================================
AV 83.0 59.1                               6.8 FASTST   M    M   3    MAX(MPH)
                                 MISC ---->  # 33 200               # 43  190
================================================================================
NOTES:
# LAST OF SEVERAL OCCURRENCES

COLUMN 17 PEAK WIND IN M.P.H.

PRELIMINARY LOCAL CLIMATOLOGICAL DATA (WS FORM: F-6) , PAGE 2

                                          STATION:  BATON ROUGE  ASOS
                                          MONTH:    APRIL
                                          YEAR:     2017
                                          LATITUDE:   30 31 N
                                          LONGITUDE:  91  9 W

[TEMPERATURE DATA]      [PRECIPITATION DATA]       SYMBOLS USED IN COLUMN 16

AVERAGE MONTHLY: 71.1   TOTAL FOR MONTH:   4.54    1 = FOG OR MIST
DPTR FM NORMAL:   4.0   DPTR FM NORMAL:    1.18    2 = FOG REDUCING VISIBILITY
HIGHEST:    87 ON 22,21 GRTST 24HR  3.69 ON  3- 3      TO 1/4 MILE OR LESS
LOWEST:     47 ON  8                               3 = THUNDER
                        SNOW, ICE PELLETS, HAIL    4 = ICE PELLETS
                        TOTAL MONTH:   0.0 INCH    5 = HAIL
                        GRTST 24HR     0.0         6 = FREEZING RAIN OR DRIZZLE
                        GRTST DEPTH:   0           7 = DUSTSTORM OR SANDSTORM:
                                                       VSBY 1/2 MILE OR LESS
                                                   8 = SMOKE OR HAZE
[NO. OF DAYS WITH]      [WEATHER - DAYS WITH]      9 = BLOWING SNOW
                                                   X = TORNADO
MAX 32 OR BELOW:   0    0.01 INCH OR MORE:   8
MAX 90 OR ABOVE:   0    0.10 INCH OR MORE:   4
MIN 32 OR BELOW:   0    0.50 INCH OR MORE:   1
MIN  0 OR BELOW:   0    1.00 INCH OR MORE:   1

[HDD (BASE 65) ]
TOTAL THIS MO.     6    CLEAR  (SCALE 0-3)  12
DPTR FM NORMAL   -40    PTCLDY (SCALE 4-7)  10
TOTAL FM JUL 1   794    CLOUDY (SCALE 8-10)  0
DPTR FM NORMAL  -754

[CDD (BASE 65) ]
TOTAL THIS MO.   143
DPTR FM NORMAL    52    [PRESSURE DATA]
TOTAL FM JAN 1   424    HIGHEST SLP M ON M
DPTR FM NORMAL   244    LOWEST  SLP 29.63 ON  3

[REMARKS]
